000
CXUS52 KMFL 011524 AAA
CLMMIA

CLIMATE REPORT...UPDATED
NATIONAL WEATHER SERVICE MIAMI, FL
1050 AM EDT TUE JUL 1 2014

...................................

...THE MIAMI CLIMATE SUMMARY FOR THE MONTH OF JUNE 2014...

CLIMATE NORMAL PERIOD 1981 TO 2010
CLIMATE RECORD PERIOD 1839 TO 2014

WEATHER         OBSERVED          NORMAL  DEPART  LAST YEAR`S
                 VALUE   DATE(S)  VALUE   FROM    VALUE
                                          NORMAL
.............................................................
TEMPERATURE (F)
RECORD
 HIGH              98   06/22/2009
                        06/04/1985
                        06/24/1944
 LOW               60   06/03/1984
HIGHEST            93   06/29                         92
LOWEST             70   06/20                         74
                        06/13
AVG. MAXIMUM     88.9              89.5    -0.6     88.9
AVG. MINIMUM     74.1              76.0    -1.9     77.1
MEAN             81.5              82.7    -1.2     83.0
DAYS MAX >= 90     15                                 14
DAYS MAX <= 32      0                                  0
DAYS MIN <= 32      0                                  0
DAYS MIN <= 0       0                                  0

PRECIPITATION (INCHES)
RECORD
 MAXIMUM        25.34   1930
 MINIMUM         0.07   1931
TOTALS          19.62              9.67    9.95     6.18
DAILY AVG.       0.65              0.32    0.33
DAYS >= .01        23                                 16
DAYS >= .10        16                                  9
DAYS >= .50        10                                  5
DAYS >= 1.00        8                                  2
GREATEST
 24 HR. TOTAL    4.39   06/19 TO 06/20              1.53

DEGREE_DAYS
HEATING TOTAL       0                 0       0        0
 SINCE 7/1         61               128     -67       70
COOLING TOTAL     502               532     -30      548
 SINCE 1/1       2076              1888     188     1993
..............................................................

WIND (MPH)
AVERAGE WIND SPEED              6.2
HIGHEST WIND SPEED/DIRECTION    37/080    DATE  06/17
HIGHEST GUST SPEED/DIRECTION    47/080    DATE  06/17

SKY COVER
POSSIBLE SUNSHINE (PERCENT)   57
AVERAGE SKY COVER           0.70
NUMBER OF DAYS FAIR            2
NUMBER OF DAYS PC             18
NUMBER OF DAYS CLOUDY         10

AVERAGE RH (PERCENT)     73

WEATHER CONDITIONS. NUMBER OF DAYS WITH
THUNDERSTORM             23     MIXED PRECIP               0
HEAVY RAIN               15     RAIN                      12
LIGHT RAIN               24     FREEZING RAIN              0
LT FREEZING RAIN          0     HAIL                       0
HEAVY SNOW                0     SNOW                       0
LIGHT SNOW                0     SLEET                      0
FOG                      13     FOG W/VIS <= 1/4 MILE      1
HAZE                      5

-  INDICATES NEGATIVE NUMBERS.
R  INDICATES RECORD WAS SET OR TIED.
MM INDICATES DATA IS MISSING.
T  INDICATES TRACE AMOUNT.

...............................................................
...............DATA FOR MIAMI BEACH...JUNE 2014................

...TEMPERATURE DATA...

AVERAGE FOR THE MONTH .... 79.8 OR 1.9 DEGREES BELOW NORMAL.
AVERAGE MAXIMUM .......... 84.9 OR 1.6 DEGREES BELOW NORMAL.
AVERAGE MINIMUM .......... 74.6 OR 2.4 DEGREES BELOW NORMAL.            .

HIGHEST TEMPERATURE FOR THE MONTH: 88 DEGREES ON THE 30TH.
LOWEST  TEMPERATURE FOR THE MONTH: 68 DEGREES ON THE 12TH.


...PRECIPITATION...

TOTAL FOR THE MONTH 6.23 INCHES OR 2.04 INCHES BELOW NORMAL.
TOTAL FOR THE YEAR 22.75 INCHES OR 1.12 INCHES BELOW NORMAL.
GREATEST 24-HOUR PERIOD RAINFALL 1.47 INCHES ON THE 12TH.

NUMBER OF DAYS HAVING 0.01 INCHES OR MORE ... 13.
NUMBER OF DAYS HAVING 0.10 INCHES OR MORE ... 12.
NUMBER OF DAYS HAVING 0.50 INCHES OR MORE ...  4.
NUMBER OF DAYS HAVING 1.00 INCHES OR MORE ...  3.

...............................................................


...DATA FOR THE NATIONAL WEATHER SERVICE OFFICE (WEST MIAMI)...
                       ...JUNE 2014...

...TEMPERATURE DATA...

AVERAGE FOR THE MONTH .... 81.2 DEGREES.
AVERAGE MAXIMUM .......... 89.2 DEGREES.
AVERAGE MINIMUM .......... 73.5 DEGREES.

HIGHEST TEMPERATURE FOR THE MONTH: 91 DEGREES ON THE 26TH,30TH.
LOWEST  TEMPERATURE FOR THE MONTH: 68 DEGREES ON THE 14TH.


...PRECIPITATION...

TOTAL FOR THE MONTH.................  9.87 INCHES.
TOTAL FOR THE YEAR.................. 20.99 INCHES.
GREATEST 24-HOUR PERIOD RAINFALL 1.64 INCHES ON THE 9TH.

NUMBER OF DAYS HAVING 0.01 INCHES OR MORE ... 20.
NUMBER OF DAYS HAVING 0.10 INCHES OR MORE ... 16.
NUMBER OF DAYS HAVING 0.50 INCHES OR MORE ...  6.
NUMBER OF DAYS HAVING 1.00 INCHES OR MORE ...  5.

$$
