000
CXUS52 KMFL 011629
CLMMIA


CLIMATE REPORT
NATIONAL WEATHER SERVICE MIAMI, FL
1110 AM EST THU DEC 1 2016

...................................

...THE MIAMI CLIMATE SUMMARY FOR THE MONTH OF NOVEMBER 2016...

CLIMATE NORMAL PERIOD 1981 TO 2010
CLIMATE RECORD PERIOD 1895 TO 2016

WEATHER         OBSERVED          NORMAL  DEPART  LAST YEAR`S
                 VALUE   DATE(S)  VALUE   FROM    VALUE
                                          NORMAL
.............................................................
TEMPERATURE (F)
RECORD
 HIGH              91   11/06/2002
 LOW               36   11/21/1914
HIGHEST            85   11/02                         89
LOWEST             58   11/21                         63
AVG. MAXIMUM     81.2              81.7    -0.5     83.9
AVG. MINIMUM     68.0              68.1    -0.1     72.9
MEAN             74.6              74.9    -0.3     78.4
DAYS MAX >= 90      0                                  0
DAYS MAX <= 32      0                                  0
DAYS MIN <= 32      0                                  0
DAYS MIN <= 0       0                                  0

PRECIPITATION (INCHES)
RECORD
 MAXIMUM        17.72   1925
 MINIMUM         0.09   1970
TOTALS           0.94              3.27   -2.33     7.55
DAILY AVG.       0.03              0.11   -0.08
DAYS >= .01         7                                 18
DAYS >= .10         3                                 11
DAYS >= .50         0                                  4
DAYS >= 1.00        0                                  1
GREATEST
 24 HR. TOTAL    0.46   11/05 TO 11/06              3.48

DEGREE_DAYS
HEATING TOTAL       0                 3      -3        0
 SINCE 7/1          0                 3      -3        0
COOLING TOTAL     295               300      -5      409
 SINCE 1/1       4583              4372     211     4933
..............................................................

WIND (MPH)
AVERAGE WIND SPEED              7.3
HIGHEST WIND SPEED/DIRECTION    26/090    DATE  11/28
HIGHEST GUST SPEED/DIRECTION    30/130    DATE  11/30

SKY COVER
POSSIBLE SUNSHINE (PERCENT)   49
AVERAGE SKY COVER           0.50
NUMBER OF DAYS FAIR            3
NUMBER OF DAYS PC             25
NUMBER OF DAYS CLOUDY          2

AVERAGE RH (PERCENT)     67

WEATHER CONDITIONS. NUMBER OF DAYS WITH
THUNDERSTORM              0     MIXED PRECIP               0
HEAVY RAIN                3     RAIN                       1
LIGHT RAIN                9     FREEZING RAIN              0
LT FREEZING RAIN          0     HAIL                       0
HEAVY SNOW                0     SNOW                       0
LIGHT SNOW                0     SLEET                      0
FOG                       4     FOG W/VIS <= 1/4 MILE      0
HAZE                      2

-  INDICATES NEGATIVE NUMBERS.
R  INDICATES RECORD WAS SET OR TIED.
MM INDICATES DATA IS MISSING.
T  INDICATES TRACE AMOUNT.

.................................................................


...............DATA FOR MIAMI BEACH.....NOVEMBER 2016.............

...TEMPERATURE DATA...

AVERAGE FOR THE MONTH .... 74.6 OR 0.2 DEGREES ABOVE NORMAL.
AVERAGE MAXIMUM .......... 79.3 OR 0.0 DEGREES ABOVE NORMAL.
AVERAGE MINIMUM .......... 70.0 OR 0.5 DEGREES ABOVE NORMAL.

HIGHEST TEMPERATURE FOR THE MONTH: 83 DEGREES ON THE 4TH.
LOWEST  TEMPERATURE FOR THE MONTH: 60 DEGREES ON THE 21ST.


...PRECIPITATION...

TOTAL FOR THE MONTH 0.50 INCHES OR 2.24 INCHES BELOW NORMAL.
TOTAL FOR THE YEAR  54.88 INCHES OR 5.20 INCHES ABOVE NORMAL.
GREATEST 24-HOUR PERIOD RAINFALL 0.20 INCHES ON THE 6ST.

NUMBER OF DAYS HAVING 0.01 INCHES OR MORE ...   3.
NUMBER OF DAYS HAVING 0.10 INCHES OR MORE ...   3.
NUMBER OF DAYS HAVING 0.50 INCHES OR MORE ...   0.
NUMBER OF DAYS HAVING 1.00 INCHES OR MORE ...   0.


..................................................................


.........DATA FOR NWS MIAMI (WEST MIAMI).....NOVEMBER 2016.......

...TEMPERATURE DATA...

AVERAGE FOR THE MONTH .... 74.0 OR 0.8 DEGREES ABOVE NORMAL.
AVERAGE MAXIMUM .......... 81.3 OR 1.0 DEGREES ABOVE NORMAL.
AVERAGE MINIMUM .......... 66.8 OR 0.7 DEGREES ABOVE NORMAL.

HIGHEST TEMPERATURE FOR THE MONTH: 86 DEGREES ON THE 3RD.
LOWEST  TEMPERATURE FOR THE MONTH: 58 DEGREES ON THE 21ST AND 22ND.


...PRECIPITATION...

TOTAL FOR THE MONTH 0.76 INCHES OR  1.67 INCHES BELOW NORMAL.
TOTAL FOR THE YEAR  68.53 INCHES OR  6.32 INCHES ABOVE NORMAL.
GREATEST 24-HOUR PERIOD RAINFALL 0.32 INCHES ON THE 6TH.

NUMBER OF DAYS HAVING 0.01 INCHES OR MORE ...  6.
NUMBER OF DAYS HAVING 0.10 INCHES OR MORE ...  2.
NUMBER OF DAYS HAVING 0.50 INCHES OR MORE ...  0.
NUMBER OF DAYS HAVING 1.00 INCHES OR MORE ...  0.

$$
