000
CXUS52 KMFL 011559
CLMMIA

CLIMATE REPORT
NATIONAL WEATHER SERVICE MIAMI, FL
1050 AM EST THU JAN 1 2015

...................................

...THE MIAMI CLIMATE SUMMARY FOR THE MONTH OF DECEMBER 2014...

CLIMATE NORMAL PERIOD 1981 TO 2010
CLIMATE RECORD PERIOD 1895 TO 2014

WEATHER         OBSERVED          NORMAL  DEPART  LAST YEAR`S
                 VALUE   DATE(S)  VALUE   FROM    VALUE
                                          NORMAL
.............................................................
TEMPERATURE (F)
RECORD
 HIGH              89   12/10/2009
                        12/03/1902
                        12/13/1900
 LOW               30   12/25/1989
                        12/12/1934
HIGHEST            84   12/24                         86
LOWEST             48   12/11                         60
AVG. MAXIMUM     78.5              77.9     0.6     81.0
AVG. MINIMUM     64.0              63.0     1.0     69.1
MEAN             71.3              70.5     0.8     75.1
DAYS MAX >= 90      0                                  0
DAYS MAX <= 32      0                                  0
DAYS MIN <= 32      0                                  0
DAYS MIN <= 0       0                                  0

PRECIPITATION (INCHES)
RECORD
 MAXIMUM        12.08   1905
 MINIMUM         0.00   1906
                        1856
TOTALS           1.32              2.04   -0.72     4.67
DAILY AVG.       0.04              0.07   -0.03
DAYS >= .01         6                                 10
DAYS >= .10         4                                  5
DAYS >= .50         0                                  1
DAYS >= 1.00        0                                  1
GREATEST
 24 HR. TOTAL    0.44   12/24 TO 12/25              3.84

DEGREE_DAYS
HEATING TOTAL      18                34     -16        0
 SINCE 7/1         29                37      -8        2
COOLING TOTAL     220               203      17      318
 SINCE 1/1       4764              4575     189     4859
..............................................................

WIND (MPH)
AVERAGE WIND SPEED              6.1
HIGHEST WIND SPEED/DIRECTION    24/080    DATE  12/01
HIGHEST GUST SPEED/DIRECTION    31/080    DATE  12/01

SKY COVER
POSSIBLE SUNSHINE (PERCENT)   63
AVERAGE SKY COVER           0.50
NUMBER OF DAYS FAIR            9
NUMBER OF DAYS PC             17
NUMBER OF DAYS CLOUDY          5

AVERAGE RH (PERCENT)     71

WEATHER CONDITIONS. NUMBER OF DAYS WITH
THUNDERSTORM              0     MIXED PRECIP               0
HEAVY RAIN                2     RAIN                       1
LIGHT RAIN                9     FREEZING RAIN              0
LT FREEZING RAIN          0     HAIL                       0
HEAVY SNOW                0     SNOW                       0
LIGHT SNOW                0     SLEET                      0
FOG                       9     FOG W/VIS <= 1/4 MILE      0
HAZE                      3

-  INDICATES NEGATIVE NUMBERS.
R  INDICATES RECORD WAS SET OR TIED.
MM INDICATES DATA IS MISSING.
T  INDICATES TRACE AMOUNT.

..............................................................

..............DATA FOR MIAMI BEACH...DECEMBER 2014..............

...TEMPERATURE DATA...

AVERAGE FOR THE MONTH .... 70.8 OR 0.8 DEGREES ABOVE NORMAL.
AVERAGE MAXIMUM .......... 76.4 OR 0.7 DEGREES ABOVE NORMAL.
AVERAGE MINIMUM .......... 65.1 OR 4.6 DEGREES ABOVE NORMAL.            .

HIGHEST TEMPERATURE FOR THE MONTH: 81 DEGREES ON THE 6TH & 23RD.
LOWEST  TEMPERATURE FOR THE MONTH: 49 DEGREES ON THE 11TH.


...PRECIPITATION...

TOTAL FOR THE MONTH  1.658 INCHES OR 0.40 INCHES BELOW NORMAL.
TOTAL FOR THE YEAR  55.22 INCHES OR 3.49 INCHES ABOVE NORMAL.
GREATEST 24-HOUR PERIOD RAINFALL 1.20 INCHES ON THE 25TH.

NUMBER OF DAYS HAVING 0.01 INCHES OR MORE ...  3.
NUMBER OF DAYS HAVING 0.10 INCHES OR MORE ...  3.
NUMBER OF DAYS HAVING 0.50 INCHES OR MORE ...  1.
NUMBER OF DAYS HAVING 1.00 INCHES OR MORE ...  1.


...............................................................


...DATA FOR THE NATIONAL WEATHER SERVICE OFFICE (WEST MIAMI)...
                       ...DECEMBER 2014...

...TEMPERATURE DATA...

AVERAGE FOR THE MONTH .... 69.5 DEGREES.
AVERAGE MAXIMUM .......... 77.7 DEGREES.
AVERAGE MINIMUM .......... 61.3 DEGREES.

HIGHEST TEMPERATURE FOR THE MONTH: 84 DEGREES ON THE 25TH, 31ST.
LOWEST  TEMPERATURE FOR THE MONTH: 47 DEGREES ON THE 11TH.



...PRECIPITATION...

TOTAL FOR THE MONTH.................  1.41 INCHES.
TOTAL FOR THE YEAR.................. 69.94 INCHES.
GREATEST 24-HOUR PERIOD RAINFALL 0.45 INCHES ON THE 25TH.

NUMBER OF DAYS HAVING 0.01 INCHES OR MORE ...  8.
NUMBER OF DAYS HAVING 0.10 INCHES OR MORE ...  3.
NUMBER OF DAYS HAVING 0.50 INCHES OR MORE ...  0.
NUMBER OF DAYS HAVING 1.00 INCHES OR MORE ...  0.



...............................................................

$$
