000
CXUS52 KMFL 011412
CLMMIA

CLIMATE REPORT
NATIONAL WEATHER SERVICE MIAMI, FL
909 AM EST SUN JAN 1 2017

...................................

...THE MIAMI CLIMATE SUMMARY FOR THE MONTH OF DECEMBER 2016...

CLIMATE NORMAL PERIOD 1981 TO 2010
CLIMATE RECORD PERIOD 1895 TO 2016

WEATHER         OBSERVED          NORMAL  DEPART  LAST YEAR`S
                 VALUE   DATE(S)  VALUE   FROM    VALUE
                                          NORMAL
.............................................................
TEMPERATURE (F)
RECORD
 HIGH              89   12/10/2009
                        12/03/1902
                        12/13/1900
 LOW               30   12/25/1989
                        12/12/1934
HIGHEST            87   12/19                         85
                        12/14
                        12/06
LOWEST             56   12/31                         64
AVG. MAXIMUM     82.6              77.9     4.7     81.8
AVG. MINIMUM     70.8              63.0     7.8     72.6
MEAN             76.7              70.5     6.2     77.2
DAYS MAX >= 90      0                                  0
DAYS MAX <= 32      0                                  0
DAYS MIN <= 32      0                                  0
DAYS MIN <= 0       0                                  0

PRECIPITATION (INCHES)
RECORD
 MAXIMUM        12.08   1905
 MINIMUM         0.00   1906
                        1856
TOTALS           2.33              2.04    0.29     9.82
DAILY AVG.       0.08              0.07    0.01
DAYS >= .01         8                                 16
DAYS >= .10         5                                  7
DAYS >= .50         2                                  4
DAYS >= 1.00        0                                  3
GREATEST
 24 HR. TOTAL    0.89   12/10 TO 12/11              4.83

DEGREE_DAYS
HEATING TOTAL       0                34     -34        0
 SINCE 7/1          0                37     -37        0
COOLING TOTAL     371               203     168      388
 SINCE 1/1       4954              4575     379     5321
..............................................................

WIND (MPH)
AVERAGE WIND SPEED              8.3
HIGHEST WIND SPEED/DIRECTION    25/090    DATE  12/11
HIGHEST GUST SPEED/DIRECTION    30/140    DATE  12/05

SKY COVER
POSSIBLE SUNSHINE (PERCENT)   38
AVERAGE SKY COVER           0.60
NUMBER OF DAYS FAIR            4
NUMBER OF DAYS PC             21
NUMBER OF DAYS CLOUDY          6

AVERAGE RH (PERCENT)     74

WEATHER CONDITIONS. NUMBER OF DAYS WITH
THUNDERSTORM              0     MIXED PRECIP               0
HEAVY RAIN                3     RAIN                       6
LIGHT RAIN               11     FREEZING RAIN              0
LT FREEZING RAIN          0     HAIL                       0
HEAVY SNOW                0     SNOW                       0
LIGHT SNOW                0     SLEET                      0
FOG                      13     FOG W/VIS <= 1/4 MILE      0
HAZE                      5

-  INDICATES NEGATIVE NUMBERS.
R  INDICATES RECORD WAS SET OR TIED.
MM INDICATES DATA IS MISSING.
T  INDICATES TRACE AMOUNT.

..................................................................


...............DATA FOR MIAMI BEACH.....DECEMBER 2016.............

...TEMPERATURE DATA...

AVERAGE FOR THE MONTH .... 75.6 OR 5.6 DEGREES ABOVE NORMAL.
AVERAGE MAXIMUM .......... 79.9 OR 4.2 DEGREES ABOVE NORMAL.
AVERAGE MINIMUM .......... 71.3 OR 7.0 DEGREES ABOVE NORMAL.

HIGHEST TEMPERATURE FOR THE MONTH: 84 DEGREES ON THE 7TH AND 9TH.
LOWEST  TEMPERATURE FOR THE MONTH: 57 DEGREES ON THE 31ST.


...PRECIPITATION...

TOTAL FOR THE MONTH 3.20 INCHES OR 1.15 INCHES ABOVE NORMAL.
TOTAL FOR THE YEAR  58.08 INCHES OR 6.35 INCHES ABOVE NORMAL.
GREATEST 24-HOUR PERIOD RAINFALL 1.60 INCHES ON THE 11TH.

NUMBER OF DAYS HAVING 0.01 INCHES OR MORE ...   6.
NUMBER OF DAYS HAVING 0.10 INCHES OR MORE ...   6.
NUMBER OF DAYS HAVING 0.50 INCHES OR MORE ...   2.
NUMBER OF DAYS HAVING 1.00 INCHES OR MORE ...   1.


..................................................................


.........DATA FOR NWS MIAMI (WEST MIAMI).....DECEMBER 2016.......

...TEMPERATURE DATA...

AVERAGE FOR THE MONTH .... 76.4 OR 7.7 DEGREES ABOVE NORMAL.
AVERAGE MAXIMUM .......... 82.3 OR 5.8 DEGREES ABOVE NORMAL.
AVERAGE MINIMUM .......... 70.4 OR 9.4 DEGREES ABOVE NORMAL.

HIGHEST TEMPERATURE FOR THE MONTH: 87 DEGREES ON THE 7TH AND 20TH.
LOWEST  TEMPERATURE FOR THE MONTH: 54 DEGREES ON THE 31ST.


...PRECIPITATION...

TOTAL FOR THE MONTH 1.47 INCHES OR  0.45 INCHES BELOW NORMAL.
TOTAL FOR THE YEAR  70.00 INCHES OR  5.87 INCHES ABOVE NORMAL.
GREATEST 24-HOUR PERIOD RAINFALL 0.35 INCHES ON THE 11TH.

NUMBER OF DAYS HAVING 0.01 INCHES OR MORE ... 10.
NUMBER OF DAYS HAVING 0.10 INCHES OR MORE ...  6.
NUMBER OF DAYS HAVING 0.50 INCHES OR MORE ...  0.
NUMBER OF DAYS HAVING 1.00 INCHES OR MORE ...  0.


..................................................................


$$
