000
CXUS52 KMFL 011230
CLMMIA


CLIMATE REPORT
NATIONAL WEATHER SERVICE MIAMI, FL
827 AM EDT FRI JUL 1 2016

...................................

...THE MIAMI CLIMATE SUMMARY FOR THE MONTH OF JUNE 2016...

CLIMATE NORMAL PERIOD 1981 TO 2010
CLIMATE RECORD PERIOD 1895 TO 2016

WEATHER         OBSERVED          NORMAL  DEPART  LAST YEAR`S
                 VALUE   DATE(S)  VALUE   FROM    VALUE
                                          NORMAL
.............................................................
TEMPERATURE (F)
RECORD
 HIGH              98   06/22/2009
                        06/04/1985
                        06/24/1944
 LOW               60   06/03/1984
HIGHEST            95   06/18                         95
LOWEST             72   06/21                         72
AVG. MAXIMUM     90.1              89.5     0.6     89.6
AVG. MINIMUM     76.9              76.0     0.9     77.7
MEAN             83.5              82.7     0.8     83.6
DAYS MAX >= 90     21                                 16
DAYS MAX <= 32      0                                  0
DAYS MIN <= 32      0                                  0
DAYS MIN <= 0       0                                  0

PRECIPITATION (INCHES)
RECORD
 MAXIMUM        25.34   1930
 MINIMUM         0.07   1931
TOTALS           8.72              9.67   -0.95     3.60
DAILY AVG.       0.29              0.32   -0.03
DAYS >= .01        20                                 16
DAYS >= .10        16                                  8
DAYS >= .50         7                                  3
DAYS >= 1.00        2                                  0
GREATEST
 24 HR. TOTAL    1.91   06/09 TO 06/10              0.80

DEGREE_DAYS
HEATING TOTAL       0                 0       0        0
 SINCE 7/1         67               128     -61       76
COOLING TOTAL     561               532      29      565
 SINCE 1/1       2023              1888     135     2242
..............................................................

WIND (MPH)
AVERAGE WIND SPEED              7.0
HIGHEST WIND SPEED/DIRECTION    28/200    DATE  06/18
HIGHEST GUST SPEED/DIRECTION    37/200    DATE  06/18

SKY COVER
POSSIBLE SUNSHINE (PERCENT)   78
AVERAGE SKY COVER           0.60
NUMBER OF DAYS FAIR            1
NUMBER OF DAYS PC             23
NUMBER OF DAYS CLOUDY          6

AVERAGE RH (PERCENT)     73

WEATHER CONDITIONS. NUMBER OF DAYS WITH
THUNDERSTORM             12     MIXED PRECIP               0
HEAVY RAIN                9     RAIN                       7
LIGHT RAIN               22     FREEZING RAIN              0
LT FREEZING RAIN          0     HAIL                       0
HEAVY SNOW                0     SNOW                       0
LIGHT SNOW                0     SLEET                      0
FOG                      12     FOG W/VIS <= 1/4 MILE      0
HAZE                      1

-  INDICATES NEGATIVE NUMBERS.
R  INDICATES RECORD WAS SET OR TIED.
MM INDICATES DATA IS MISSING.
T  INDICATES TRACE AMOUNT.

..................................................................


...............DATA FOR MIAMI BEACH.....JUNE 2016................

...TEMPERATURE DATA...

AVERAGE FOR THE MONTH .... 82.0 OR 0.3 DEGREES ABOVE NORMAL.
AVERAGE MAXIMUM .......... 86.6 OR 0.1 DEGREES ABOVE NORMAL.
AVERAGE MINIMUM .......... 77.3 OR 0.3 DEGREES ABOVE NORMAL.

HIGHEST TEMPERATURE FOR THE MONTH: 92 DEGREES ON THE 17TH,19TH.
LOWEST  TEMPERATURE FOR THE MONTH: 71 DEGREES ON THE 22ND.


...PRECIPITATION...

TOTAL FOR THE MONTH 6.92 INCHES OR 1.35 INCHES BELOW NORMAL. TOTAL
FOR THE YEAR 25.97 INCHES OR 2.10 INCHES ABOVE NORMAL. GREATEST 24-
HOUR PERIOD RAINFALL 2.00 INCHES ON THE 22ND

NUMBER OF DAYS HAVING 0.01 INCHES OR MORE ...   12.
NUMBER OF DAYS HAVING 0.10 INCHES OR MORE ...   12.
NUMBER OF DAYS HAVING 0.50 INCHES OR MORE ...   5.
NUMBER OF DAYS HAVING 1.00 INCHES OR MORE ...   2.


..................................................................


.........DATA FOR NWS MIAMI (WEST MIAMI).....JUNE 2016...........

...TEMPERATURE DATA...

AVERAGE FOR THE MONTH .... 83.8 OR 2.2 DEGREES ABOVE NORMAL.
AVERAGE MAXIMUM .......... 90.9 OR 2.2 DEGREES ABOVE NORMAL.
AVERAGE MINIMUM .......... 76.8 OR 2.3 DEGREES ABOVE NORMAL.

HIGHEST TEMPERATURE FOR THE MONTH: 97 DEGREES ON THE 19TH.
LOWEST  TEMPERATURE FOR THE MONTH: 72 DEGREES ON THE 12TH, 22ND.


...PRECIPITATION...

TOTAL FOR THE MONTH  9.71 INCHES OR  0.52 INCHES BELOW NORMAL.
TOTAL FOR THE YEAR  30.89 INCHES OR  4.75 INCHES ABOVE NORMAL.
GREATEST 24-HOUR PERIOD RAINFALL 1.50 INCHES ON THE 22ND.

NUMBER OF DAYS HAVING 0.01 INCHES OR MORE ... 23.
NUMBER OF DAYS HAVING 0.10 INCHES OR MORE ... 16.
NUMBER OF DAYS HAVING 0.50 INCHES OR MORE ...  6.
NUMBER OF DAYS HAVING 1.00 INCHES OR MORE ...  4.

$$
