000
CXUS52 KMFL 011339
CLMMIA


CLIMATE REPORT
NATIONAL WEATHER SERVICE MIAMI, FL
835 AM EST FRI DEC 1 2017

...................................

...THE MIAMI CLIMATE SUMMARY FOR THE MONTH OF NOVEMBER 2017...

CLIMATE NORMAL PERIOD 1981 TO 2010
CLIMATE RECORD PERIOD 1895 TO 2017

WEATHER         OBSERVED          NORMAL  DEPART  LAST YEAR`S
                 VALUE   DATE(S)  VALUE   FROM    VALUE
                                          NORMAL
.............................................................
TEMPERATURE (F)
RECORD
 HIGH              91   11/06/2002
 LOW               36   11/21/1914
HIGHEST            87   11/12                         85
                        11/10
                        11/09
LOWEST             65   11/26                         58
                        11/25
                        11/19
AVG. MAXIMUM     83.9              81.7     2.2     81.2
AVG. MINIMUM     70.6              68.1     2.5     68.0
MEAN             77.3              74.9     2.4     74.6
DAYS MAX >= 90      0                                  0
DAYS MAX <= 32      0                                  0
DAYS MIN <= 32      0                                  0
DAYS MIN <= 0       0                                  0

PRECIPITATION (INCHES)
RECORD
 MAXIMUM        17.72   1925
 MINIMUM         0.09   1970
TOTALS           4.41              3.27    1.14     0.94
DAILY AVG.       0.15              0.11    0.04
DAYS >= .01        11                                  7
DAYS >= .10         8                                  3
DAYS >= .50         4                                  0
DAYS >= 1.00        1                                  0
GREATEST
 24 HR. TOTAL    1.30   11/12 TO 11/12              0.46

DEGREE_DAYS
HEATING TOTAL       0                 3      -3        0
 SINCE 7/1          0                 3      -3        0
COOLING TOTAL     376               300      76      295
 SINCE 1/1       5051              4372     679     4583
..............................................................

WIND (MPH)
AVERAGE WIND SPEED              6.8
HIGHEST WIND SPEED/DIRECTION    28/090    DATE  11/12
HIGHEST GUST SPEED/DIRECTION    33/100    DATE  11/12

SKY COVER
POSSIBLE SUNSHINE (PERCENT)   MM
AVERAGE SKY COVER           0.50
NUMBER OF DAYS FAIR            5
NUMBER OF DAYS PC             22
NUMBER OF DAYS CLOUDY          3

AVERAGE RH (PERCENT)     74

WEATHER CONDITIONS. NUMBER OF DAYS WITH
THUNDERSTORM              5     MIXED PRECIP               0
HEAVY RAIN                7     RAIN                       8
LIGHT RAIN               16     FREEZING RAIN              0
LT FREEZING RAIN          0     HAIL                       0
HEAVY SNOW                0     SNOW                       0
LIGHT SNOW                0     SLEET                      0
FOG                      14     FOG W/VIS <= 1/4 MILE      0
HAZE                      2

-  INDICATES NEGATIVE NUMBERS.
R  INDICATES RECORD WAS SET OR TIED.
MM INDICATES DATA IS MISSING.
T  INDICATES TRACE AMOUNT.

    ..................................................................


...............DATA FOR MIAMI BEACH.....NOVEMBER 2017.............

...TEMPERATURE DATA...

AVERAGE FOR THE MONTH .... 76.1 OR 1.7 DEGREES ABOVE NORMAL.
AVERAGE MAXIMUM .......... 81.6 OR 2.3 DEGREES ABOVE NORMAL.
AVERAGE MINIMUM .......... 70.6 OR 1.7 DEGREES ABOVE NORMAL.

HIGHEST TEMPERATURE FOR THE MONTH: 85 DEGREES ON THE 10TH  .
LOWEST TEMPERATURE FOR THE MONTH:  65 DEGREES ON THE 26TH .


...PRECIPITATION...

TOTAL FOR THE MONTH  5.55 INCHES OR 2.81  INCHES ABOVE NORMAL.
TOTAL FOR THE YEAR 64.19  INCHES OR 14.51 INCHES ABOVE NORMAL.
GREATEST 24-HOUR PERIOD RAINFALL   INCHES ON THE  .

NUMBER OF DAYS HAVING 0.01 INCHES OR MORE ...  8  .
NUMBER OF DAYS HAVING 0.10 INCHES OR MORE ...  7 .
NUMBER OF DAYS HAVING 0.50 INCHES OR MORE ...  3 .
NUMBER OF DAYS HAVING 1.00 INCHES OR MORE ...  2 .


..................................................................


.........DATA FOR NWS MIAMI (WEST MIAMI).....NOVEMBER 2017.......

...TEMPERATURE DATA...

AVERAGE FOR THE MONTH .... 75.6 OR 2.4 DEGREES ABOVE NORMAL.
AVERAGE MAXIMUM .......... 82.5 OR 2.2 DEGREES ABOVE NORMAL.
AVERAGE MINIMUM .......... 68.8 OR 2.7 DEGREES ABOVE NORMAL.

HIGHEST TEMPERATURE FOR THE MONTH: 87 DEGREES ON THE 10TH.
LOWEST  TEMPERATURE FOR THE MONTH: 61 DEGREES ON THE 1ST.


...PRECIPITATION...

TOTAL FOR THE MONTH 3.80  INCHES OR 1.37  INCHES ABOVE NORMAL.
TOTAL FOR THE YEAR  76.05 INCHES OR 13.84 INCHES ABOVE NORMAL.
GREATEST 24-HOUR PERIOD RAINFALL 1.93 INCHES ON THE 13TH.

NUMBER OF DAYS HAVING 0.01 INCHES OR MORE ... 11.
NUMBER OF DAYS HAVING 0.10 INCHES OR MORE ...  8.
NUMBER OF DAYS HAVING 0.50 INCHES OR MORE ...  2.
NUMBER OF DAYS HAVING 1.00 INCHES OR MORE ...  1.


..................................................................

$$
