000
CXUS52 KMFL 020947
CLMMIA

CLIMATE REPORT
NATIONAL WEATHER SERVICE MIAMI, FL
447 AM EST THU MAR 2 2017

...................................

...THE MIAMI CLIMATE SUMMARY FOR THE MONTH OF FEBRUARY 2017...

CLIMATE NORMAL PERIOD 1981 TO 2010
CLIMATE RECORD PERIOD 1895 TO 2017

WEATHER         OBSERVED          NORMAL  DEPART  LAST YEAR`S
                 VALUE   DATE(S)  VALUE   FROM    VALUE
                                          NORMAL
.............................................................
TEMPERATURE (F)
RECORD
 HIGH              89   02/24/2008
                        02/23/2008
                        02/25/1994
 LOW               27   02/03/1917
HIGHEST            87   02/08                         86
LOWEST             57   02/17                         50
AVG. MAXIMUM     81.3              78.1     3.2     75.3
AVG. MINIMUM     65.0              62.3     2.7     61.6
MEAN             73.1              70.2     2.9     68.5
DAYS MAX >= 90      0                                  0
DAYS MAX <= 32      0                                  0
DAYS MIN <= 32      0                                  0
DAYS MIN <= 0       0                                  0

PRECIPITATION (INCHES)
RECORD
 MAXIMUM         8.07   1983
 MINIMUM         0.00   1911
                        1909
TOTALS           1.31              2.25   -0.94     2.85
DAILY AVG.       0.05              0.08   -0.03
DAYS >= .01         2                                 11
DAYS >= .10         1                                  6
DAYS >= .50         1                                  2
DAYS >= 1.00        1                                  0
GREATEST
 24 HR. TOTAL    1.30   02/22 TO 02/22              0.67

DEGREE_DAYS
HEATING TOTAL       0                26     -26       27
 SINCE 7/1         14               116    -102       67
COOLING TOTAL     236               171      65      136
 SINCE 1/1        494               322     172      257
..............................................................

WIND (MPH)
AVERAGE WIND SPEED              7.1
HIGHEST WIND SPEED/DIRECTION    22/110    DATE  02/27
HIGHEST GUST SPEED/DIRECTION    35/250    DATE  02/15

SKY COVER
POSSIBLE SUNSHINE (PERCENT)   57
AVERAGE SKY COVER           0.40
NUMBER OF DAYS FAIR           10
NUMBER OF DAYS PC             16
NUMBER OF DAYS CLOUDY          2

AVERAGE RH (PERCENT)     71

WEATHER CONDITIONS. NUMBER OF DAYS WITH
THUNDERSTORM              0     MIXED PRECIP               0
HEAVY RAIN                1     RAIN                       1
LIGHT RAIN                2     FREEZING RAIN              0
LT FREEZING RAIN          0     HAIL                       0
HEAVY SNOW                0     SNOW                       0
LIGHT SNOW                0     SLEET                      0
FOG                       7     FOG W/VIS <= 1/4 MILE      2
HAZE                      0

-  INDICATES NEGATIVE NUMBERS.
R  INDICATES RECORD WAS SET OR TIED.
MM INDICATES DATA IS MISSING.
T  INDICATES TRACE AMOUNT.

..................................................................


...............DATA FOR MIAMI BEACH.....FEBRUARY 2017.............

...TEMPERATURE DATA...

AVERAGE FOR THE MONTH .... 72.4 OR 3.5 DEGREES ABOVE NORMAL.
AVERAGE MAXIMUM .......... 78.5 OR 3.6 DEGREES ABOVE NORMAL.
AVERAGE MINIMUM .......... 66.3 OR 3.3 DEGREES ABOVE NORMAL.

HIGHEST TEMPERATURE FOR THE MONTH: 85 DEGREES ON THE 10TH.
LOWEST  TEMPERATURE FOR THE MONTH: 55 DEGREES ON THE 1ST.


...PRECIPITATION...

TOTAL FOR THE MONTH 0.95 INCHES OR 1.38 INCHES BELOW NORMAL.
TOTAL FOR THE YEAR  3.25 INCHES OR 1.17 INCHES BELOW NORMAL.
GREATEST 24-HOUR PERIOD RAINFALL 0.95 INCHES ON THE 23RD.

NUMBER OF DAYS HAVING 0.01 INCHES OR MORE ...   1.
NUMBER OF DAYS HAVING 0.10 INCHES OR MORE ...   1.
NUMBER OF DAYS HAVING 0.50 INCHES OR MORE ...   1.
NUMBER OF DAYS HAVING 1.00 INCHES OR MORE ...   0.


..................................................................


.........DATA FOR NWS MIAMI (WEST MIAMI).....FEBRUARY 2017.......

...TEMPERATURE DATA...

AVERAGE FOR THE MONTH .... 72.8 OR 4.1 DEGREES ABOVE NORMAL.
AVERAGE MAXIMUM .......... 81.6 OR 4.8 DEGREES ABOVE NORMAL.
AVERAGE MINIMUM .......... 63.9 OR 3.3 DEGREES ABOVE NORMAL.

HIGHEST TEMPERATURE FOR THE MONTH: 88 DEGREES ON THE 9TH AND 20TH.
LOWEST TEMPERATURE FOR THE MONTH: 54 DEGREES ON THE 1ST.


...PRECIPITATION...

TOTAL FOR THE MONTH 1.34 INCHES OR 1.29 INCHES BELOW NORMAL.
TOTAL FOR THE YEAR 5.46 INCHES OR 1.53 INCHES ABOVE NORMAL.
GREATEST 24-HOUR PERIOD RAINFALL 1.01 INCHES ON THE 23RD.

NUMBER OF DAYS HAVING 0.01 INCHES OR MORE ... 3.
NUMBER OF DAYS HAVING 0.10 INCHES OR MORE ... 3.
NUMBER OF DAYS HAVING 0.50 INCHES OR MORE ... 1.
NUMBER OF DAYS HAVING 1.00 INCHES OR MORE ... 1.

$$
