000
CXUS53 KIND 011610
CLMMIE


CLIMATE REPORT
NATIONAL WEATHER SERVICE INDIANAPOLIS IN
1110 AM EST MON FEB 1 2016

...................................

...THE MUNCIE IN CLIMATE SUMMARY FOR THE MONTH OF JANUARY 2016...

CLIMATE NORMAL PERIOD 1981 TO 2010
CLIMATE RECORD PERIOD 9999 TO 9999

WEATHER         OBSERVED          NORMAL  DEPART  LAST YEAR`S
                 VALUE   DATE(S)  VALUE   FROM    VALUE  DATE(S)
                                          NORMAL
................................................................
TEMPERATURE (F)
HIGHEST            60   01/31                         54  01/03
LOWEST              1   01/18                         -8  01/08
AVG. MAXIMUM     37.0              34.0     3.0     32.3
AVG. MINIMUM     21.2              18.9     2.3     16.5
MEAN             29.1              26.5     2.6     24.4
DAYS MAX >= 90      0               0.0     0.0        0
DAYS MAX <= 32     12              13.1    -1.1       12
DAYS MIN <= 32     27              26.6     0.4       29
DAYS MIN <= 0       0               2.7    -2.7        4

PRECIPITATION (INCHES)
TOTALS           1.27              2.23   -0.96     1.93
DAILY AVG.       0.04              0.07   -0.03     0.06
DAYS >= .01         6               9.5    -3.5       11
DAYS >= .10         4               4.9    -0.9        5
DAYS >= .50         0               0.9    -0.9        1
DAYS >= 1.00        0               0.2    -0.2        0
GREATEST
 24 HR. TOTAL    0.50   01/09 TO 01/10

DEGREE_DAYS
HEATING TOTAL    1109              1195     -86     1251
 SINCE 7/1       2708              3393    -685     3563
COOLING TOTAL       0                 0       0        0
 SINCE 1/1          0                 0       0        0
.................................................................

WIND (MPH)
AVERAGE WIND SPEED              10.7
HIGHEST WIND SPEED/DIRECTION    30/300    DATE  01/10
HIGHEST GUST SPEED/DIRECTION    38/280    DATE  01/10

SKY COVER
POSSIBLE SUNSHINE (PERCENT)   MM
AVERAGE SKY COVER           0.50
NUMBER OF DAYS FAIR            9
NUMBER OF DAYS PC             11
NUMBER OF DAYS CLOUDY         11

AVERAGE RH (PERCENT)     70

WEATHER CONDITIONS. NUMBER OF DAYS WITH
THUNDERSTORM              0     MIXED PRECIP               0
HEAVY RAIN                0     RAIN                       3
LIGHT RAIN                7     FREEZING RAIN              0
LT FREEZING RAIN          1     HAIL                       0
HEAVY SNOW                1     SNOW                       3
LIGHT SNOW               11     SLEET                      0
FOG                      13     FOG W/VIS <= 1/4 MILE      2
HAZE                     11

-  INDICATES NEGATIVE NUMBERS.
R  INDICATES RECORD WAS SET OR TIED.
MM INDICATES DATA IS MISSING.
T  INDICATES TRACE AMOUNT.

$$
