000
CXUS53 KIND 021040 CCA
CLMMIE

CLIMATE REPORT...CORRECTED
NATIONAL WEATHER SERVICE INDIANAPOLIS IN
1128 AM EDT SUN OCT 1 2017

CORRECTED HIGHEST WIND GUST

...................................

...THE MUNCIE IN CLIMATE SUMMARY FOR THE MONTH OF SEPTEMBER 2017...

CLIMATE NORMAL PERIOD 1981 TO 2010
CLIMATE RECORD PERIOD 9999 TO 9999

WEATHER         OBSERVED          NORMAL  DEPART  LAST YEAR`S
                 VALUE   DATE(S)  VALUE   FROM    VALUE  DATE(S)
                                          NORMAL
................................................................
TEMPERATURE (F)
HIGHEST            93   09/23                         90  09/23
                        09/22                             09/07
                        09/21                             09/06
LOWEST             42   09/30                         53  09/28
                        09/10                             09/27
AVG. MAXIMUM     79.8              76.9     2.9     81.3
AVG. MINIMUM     56.4              54.0     2.4     60.0
MEAN             68.1              65.5     2.6     70.7
DAYS MAX >= 90      6               1.3     4.7        3
DAYS MAX <= 32      0               0.0     0.0        0
DAYS MIN <= 32      0               0.1    -0.1        0
DAYS MIN <= 0       0               0.0     0.0        0

PRECIPITATION (INCHES)
TOTALS           1.84              2.96   -1.12     4.70
DAILY AVG.       0.06              0.10   -0.04     0.16
DAYS >= .01         8               8.8    -0.8        9
DAYS >= .10         2               5.0    -3.0        6
DAYS >= .50         2               2.1    -0.1        3
DAYS >= 1.00        0               0.9    -0.9        3
GREATEST
 24 HR. TOTAL    0.99   09/04 TO 09/04

DEGREE_DAYS
HEATING TOTAL      55                91     -36       10
 SINCE 7/1         58               101     -43       13
COOLING TOTAL     155               105      50      188
 SINCE 1/1       1033               939      94     1288
.................................................................

WIND (MPH)
AVERAGE WIND SPEED              5.4
HIGHEST WIND SPEED/DIRECTION    26/250    DATE  09/04
HIGHEST GUST SPEED/DIRECTION    35/100    DATE  09/01

SKY COVER
POSSIBLE SUNSHINE (PERCENT)   MM
AVERAGE SKY COVER           0.30
NUMBER OF DAYS FAIR           22
NUMBER OF DAYS PC              6
NUMBER OF DAYS CLOUDY          2

AVERAGE RH (PERCENT)     66

WEATHER CONDITIONS. NUMBER OF DAYS WITH
THUNDERSTORM              3     MIXED PRECIP               0
HEAVY RAIN                2     RAIN                       2
LIGHT RAIN                8     FREEZING RAIN              0
LT FREEZING RAIN          0     HAIL                       0
HEAVY SNOW                0     SNOW                       0
LIGHT SNOW                0     SLEET                      0
FOG                      11     FOG W/VIS <= 1/4 MILE      1
HAZE                      4

-  INDICATES NEGATIVE NUMBERS.
R  INDICATES RECORD WAS SET OR TIED.
MM INDICATES DATA IS MISSING.
T  INDICATES TRACE AMOUNT.

$$
