858
CXUS53 KIND 011610
CLMMIE


CLIMATE REPORT
NATIONAL WEATHER SERVICE INDIANAPOLIS IN
1110 AM EST WED MAR 1 2017

...................................

...THE MUNCIE IN CLIMATE SUMMARY FOR THE MONTH OF FEBRUARY 2017...

CLIMATE NORMAL PERIOD 1981 TO 2010
CLIMATE RECORD PERIOD 9999 TO 9999

WEATHER         OBSERVED          NORMAL  DEPART  LAST YEAR`S
                 VALUE   DATE(S)  VALUE   FROM    VALUE  DATE(S)
                                          NORMAL
................................................................
TEMPERATURE (F)
HIGHEST            73   02/24                         71  02/20
LOWEST             12   02/09                          4  02/13
AVG. MAXIMUM     52.4              37.8    14.6     42.3
AVG. MINIMUM     33.8              21.5    12.3     26.2
MEAN             43.1              29.7    13.4     34.3
DAYS MAX >= 90      0               0.0     0.0        0
DAYS MAX <= 32      2               8.7    -6.7        7
DAYS MIN <= 32     14              23.4    -9.4       21
DAYS MIN <= 0       0               1.1    -1.1        0

PRECIPITATION (INCHES)
TOTALS           0.98              2.31   -1.33     1.84
DAILY AVG.       0.04              0.08   -0.04     0.06
DAYS >= .01         6               9.9    -3.9        6
DAYS >= .10         4               5.5    -1.5        2
DAYS >= .50         0               1.5    -1.5        1
DAYS >= 1.00        0               0.3    -0.3        1
GREATEST
 24 HR. TOTAL    0.30   02/24 TO 02/24

DEGREE_DAYS
HEATING TOTAL     609               990    -381      883
 SINCE 7/1       3288              4383   -1095     3591
COOLING TOTAL       0                 0       0        0
 SINCE 1/1          0                 0       0        0
.................................................................

WIND (MPH)
AVERAGE WIND SPEED              10.2
HIGHEST WIND SPEED/DIRECTION    36/210    DATE  02/28
HIGHEST GUST SPEED/DIRECTION    53/250    DATE  02/28

SKY COVER
POSSIBLE SUNSHINE (PERCENT)   MM
AVERAGE SKY COVER           0.40
NUMBER OF DAYS FAIR           14
NUMBER OF DAYS PC              8
NUMBER OF DAYS CLOUDY          6

AVERAGE RH (PERCENT)     65

WEATHER CONDITIONS. NUMBER OF DAYS WITH
THUNDERSTORM              3     MIXED PRECIP               0
HEAVY RAIN                1     RAIN                       2
LIGHT RAIN                6     FREEZING RAIN              0
LT FREEZING RAIN          0     HAIL                       0
HEAVY SNOW                0     SNOW                       2
LIGHT SNOW                3     SLEET                      0
FOG                      12     FOG W/VIS <= 1/4 MILE      2
HAZE                      6

-  INDICATES NEGATIVE NUMBERS.
R  INDICATES RECORD WAS SET OR TIED.
MM INDICATES DATA IS MISSING.
T  INDICATES TRACE AMOUNT.

$$
