000
CXUS53 KIND 011510
CLMMIE


CLIMATE REPORT
NATIONAL WEATHER SERVICE INDIANAPOLIS IN
1110 AM EDT MON JUN 1 2015

...................................

...THE MUNCIE IN CLIMATE SUMMARY FOR THE MONTH OF MAY 2015...

CLIMATE NORMAL PERIOD 1981 TO 2010
CLIMATE RECORD PERIOD 9999 TO 9999

WEATHER         OBSERVED          NORMAL  DEPART  LAST YEAR`S
                 VALUE   DATE(S)  VALUE   FROM    VALUE  DATE(S)
                                          NORMAL
................................................................
TEMPERATURE (F)
HIGHEST            88   05/07                         88  05/27
LOWEST             38   05/01                         37  05/18
                                                          05/16
AVG. MAXIMUM     76.5              72.0     4.5     74.1
AVG. MINIMUM     56.1              51.6     4.5     52.5
MEAN             66.3              61.8     4.5     63.3
DAYS MAX >= 90      0               0.3    -0.3        0
DAYS MAX <= 32      0               0.0     0.0        0
DAYS MIN <= 32      0               0.3    -0.3        0
DAYS MIN <= 0       0               0.0     0.0        0

PRECIPITATION (INCHES)
TOTALS           4.70              4.41    0.29     4.14
DAILY AVG.       0.15              0.14    0.01     0.13
DAYS >= .01        13              12.8     0.2        7
DAYS >= .10        10               8.8     1.2        6
DAYS >= .50         3               3.6    -0.6        4
DAYS >= 1.00        2               1.1     0.9        2
GREATEST
 24 HR. TOTAL    1.70   05/30 TO 05/31

DEGREE_DAYS
HEATING TOTAL      91               167     -76      152
 SINCE 7/1       6191              5759     432     6411
COOLING TOTAL     141                68      73      109
 SINCE 1/1        144                83      61      115
.................................................................

WIND (MPH)
AVERAGE WIND SPEED              8.5
HIGHEST WIND SPEED/DIRECTION    29/250    DATE  05/15
HIGHEST GUST SPEED/DIRECTION    43/180    DATE  05/09

SKY COVER
POSSIBLE SUNSHINE (PERCENT)   MM
AVERAGE SKY COVER           0.40
NUMBER OF DAYS FAIR           16
NUMBER OF DAYS PC             13
NUMBER OF DAYS CLOUDY          2

AVERAGE RH (PERCENT)     66

WEATHER CONDITIONS. NUMBER OF DAYS WITH
THUNDERSTORM              9     MIXED PRECIP               0
HEAVY RAIN                7     RAIN                       6
LIGHT RAIN               18     FREEZING RAIN              0
LT FREEZING RAIN          0     HAIL                       0
HEAVY SNOW                0     SNOW                       0
LIGHT SNOW                0     SLEET                      0
FOG                      13     FOG W/VIS <= 1/4 MILE      0
HAZE                      7

-  INDICATES NEGATIVE NUMBERS.
R  INDICATES RECORD WAS SET OR TIED.
MM INDICATES DATA IS MISSING.
T  INDICATES TRACE AMOUNT.

$$
