000
CXUS53 KIND 012118
CLMMIE


CLIMATE REPORT
NATIONAL WEATHER SERVICE INDIANAPOLIS IN
418 PM EST MON JAN 1 2018

...................................

...THE MUNCIE IN CLIMATE SUMMARY FOR THE MONTH OF DECEMBER 2017...

CLIMATE NORMAL PERIOD 1981 TO 2010
CLIMATE RECORD PERIOD 9999 TO 9999

WEATHER         OBSERVED          NORMAL  DEPART  LAST YEAR`S
                 VALUE   DATE(S)  VALUE   FROM    VALUE  DATE(S)
                                          NORMAL
................................................................
TEMPERATURE (F)
HIGHEST            62   12/04                         65  12/26
LOWEST             -4   12/27                          1  12/19
AVG. MAXIMUM     37.5              37.9    -0.4     37.0
AVG. MINIMUM     22.0              23.5    -1.5     24.3
MEAN             29.7              30.7    -1.0     30.6
DAYS MAX >= 90      0               0.0     0.0        0
DAYS MAX <= 32     10               9.5     0.5        9
DAYS MIN <= 32     25              24.2     0.8       26
DAYS MIN <= 0       5               1.2     3.8        0

PRECIPITATION (INCHES)
TOTALS           0.97              2.88   -1.91     1.19
DAILY AVG.       0.03              0.09   -0.06     0.04
DAYS >= .01         9              12.8    -3.8       13
DAYS >= .10         4               7.1    -3.1        4
DAYS >= .50         1               1.9    -0.9        0
DAYS >= 1.00        0               0.3    -0.3        0
GREATEST
 24 HR. TOTAL    0.51   12/23 TO 12/23

DEGREE_DAYS
HEATING TOTAL    1086              1063      23     1058
 SINCE 7/1       1998              2198    -200     1760
COOLING TOTAL       0                 0       0        0
 SINCE 1/1       1090               956     134     1355
.................................................................

WIND (MPH)
AVERAGE WIND SPEED              9.3
HIGHEST WIND SPEED/DIRECTION    37/290    DATE  12/13
HIGHEST GUST SPEED/DIRECTION    46/290    DATE  12/13

SKY COVER
POSSIBLE SUNSHINE (PERCENT)   MM
AVERAGE SKY COVER           0.50
NUMBER OF DAYS FAIR            8
NUMBER OF DAYS PC             13
NUMBER OF DAYS CLOUDY         10

AVERAGE RH (PERCENT)     65

WEATHER CONDITIONS. NUMBER OF DAYS WITH
THUNDERSTORM              0     MIXED PRECIP               0
HEAVY RAIN                0     RAIN                       1
LIGHT RAIN                7     FREEZING RAIN              0
LT FREEZING RAIN          1     HAIL                       0
HEAVY SNOW                1     SNOW                       4
LIGHT SNOW               10     SLEET                      0
FOG                      11     FOG W/VIS <= 1/4 MILE      1
HAZE                     14

-  INDICATES NEGATIVE NUMBERS.
R  INDICATES RECORD WAS SET OR TIED.
MM INDICATES DATA IS MISSING.
T  INDICATES TRACE AMOUNT.

$$
