000
CXUS53 KMKX 011427 CCA
CLMMKE

CLIMATE REPORT
NATIONAL WEATHER SERVICE IN MILWAUKEE
708 AM CST FRI DEC 1 2017

...................................

...THE MILWAUKEE WI CLIMATE SUMMARY FOR THE MONTH OF NOVEMBER 2017...

CLIMATE NORMAL PERIOD 1981 TO 2010
CLIMATE RECORD PERIOD 1871 TO 2017

WEATHER         OBSERVED          NORMAL  DEPART  LAST YEAR`S
                 VALUE   DATE(S)  VALUE   FROM    VALUE  DATE(S)
                                          NORMAL
................................................................
TEMPERATURE (F)
RECORD
 HIGH              77   11/01/2016
                        11/01/1950
                        11/02/1938
 LOW              -14   11/29/1875
HIGHEST            65   11/24        64       1       77  11/01
LOWEST             16   11/10        13       3       24  11/21
AVG. MAXIMUM     46.4              46.0     0.4     55.2
AVG. MINIMUM     32.0              32.0     0.0     39.3
MEAN             39.2              39.0     0.2     47.2
DAYS MAX >= 90      0               0.0     0.0        0
DAYS MAX <= 32      1               2.6    -1.6        0
DAYS MIN <= 32     15              14.4     0.6        6
DAYS MIN <= 0       0               0.0     0.0        0

PRECIPITATION (INCHES)
RECORD
 MAXIMUM         8.56   1934
 MINIMUM         0.11   1904
TOTALS           1.37              2.71   -1.34     1.81
DAILY AVG.       0.05              0.09   -0.04     0.06
DAYS >= .01         9              11.3    -2.3        4
DAYS >= .10         6               5.8     0.2        3
DAYS >= .50         0               1.5    -1.5        2
DAYS >= 1.00        0               0.5    -0.5        1
GREATEST
 24 HR. TOTAL    0.32   11/15 TO 11/15              1.08

SNOWFALL (INCHES)
RECORDS
 TOTAL           18.4  1895
TOTALS            0.2               2.4    -2.2        T
SINCE 7/1         0.2               2.7    -2.5        T
SNOWDEPTH AVG.      0                MM      MM        0
DAYS >= 1.0         0               0.6    -0.6        0
GREATEST
 SNOW DEPTH         0   MM                             0  MM
 24 HR TOTAL      0.2   11/10 TO 11/10                 T

DEGREE_DAYS
HEATING TOTAL     770               780     -10      528
 SINCE 7/1       1105              1365    -260      830
COOLING TOTAL       0                 0       0        3
 SINCE 1/1        772               641     131      991
.................................................................

WIND (MPH)
AVERAGE WIND SPEED              10.0
HIGHEST WIND SPEED/DIRECTION    32/210    DATE  11/24
HIGHEST GUST SPEED/DIRECTION    40/210    DATE  11/24

SKY COVER
POSSIBLE SUNSHINE (PERCENT)   MM
AVERAGE SKY COVER           0.60
NUMBER OF DAYS FAIR            4
NUMBER OF DAYS PC             16
NUMBER OF DAYS CLOUDY         10

AVERAGE RH (PERCENT)     66

WEATHER CONDITIONS. NUMBER OF DAYS WITH
  0
  4
  0
  0
  2
  1
  3
HAZE                      4

-  INDICATES NEGATIVE NUMBERS.
R  INDICATES RECORD WAS SET OR TIED.
MM INDICATES DATA IS MISSING.
T  INDICATES TRACE AMOUNT.

$$
