000
CXUS53 KMKX 082009 CCA
CLMMKE

CLIMATE REPORT
NATIONAL WEATHER SERVICE IN MILWAUKEE
307 PM CDT SAT JUL 8 2017

...................................

...THE MILWAUKEE WI CLIMATE SUMMARY FOR THE MONTH OF JUNE
2017...CORRECTED

CLIMATE NORMAL PERIOD 1981 TO 2010
CLIMATE RECORD PERIOD 1871 TO 2017

WEATHER         OBSERVED          NORMAL  DEPART  LAST YEAR`S
                 VALUE   DATE(S)  VALUE   FROM    VALUE  DATE(S)
                                          NORMAL
................................................................
TEMPERATURE (F)
RECORD
 HIGH             101   06/21/1988
                        06/14/1987
                        06/27/1933
 LOW               33   06/04/1945
HIGHEST            94   06/12        91       3       91  06/20
                                                          06/11
                                                          06/10
LOWEST             48   06/01        44       4       49  06/08
AVG. MAXIMUM     80.2              75.3     4.9     77.9
AVG. MINIMUM     60.4              57.1     3.3     59.8
MEAN             70.3              66.2     4.1     68.8
DAYS MAX >= 90      4               1.5     2.5        3
DAYS MAX <= 32      0               0.0     0.0        0
DAYS MIN <= 32      0               0.0     0.0        0
DAYS MIN <= 0       0               0.0     0.0        0

PRECIPITATION (INCHES)
RECORD
 MAXIMUM        12.27   2008
 MINIMUM         0.61   1921
TOTALS           5.21              3.90    1.31     3.49
DAILY AVG.       0.17              0.13    0.04     0.12
DAYS >= .01        13              10.4     2.6       11
DAYS >= .10         8               6.5     1.5        5
DAYS >= .50         3               2.7     0.3        3
DAYS >= 1.00        2               1.0     1.0        1
GREATEST
 24 HR. TOTAL    1.67   06/28 TO 06/28              1.10

DEGREE_DAYS
HEATING TOTAL      14                84     -70       29
 SINCE 7/1       5634              6894   -1260     5909
COOLING TOTAL     182               120      62      151
 SINCE 1/1        203               150      53      196
.................................................................

WIND (MPH)
AVERAGE WIND SPEED              9.9
HIGHEST WIND SPEED/DIRECTION    31/220    DATE  06/10
HIGHEST GUST SPEED/DIRECTION    41/220    DATE  06/10

SKY COVER
POSSIBLE SUNSHINE (PERCENT)   MM
AVERAGE SKY COVER           0.50
NUMBER OF DAYS FAIR            8
NUMBER OF DAYS PC             19
NUMBER OF DAYS CLOUDY          3

AVERAGE RH (PERCENT)     64

WEATHER CONDITIONS. NUMBER OF DAYS WITH
THUNDERSTORM             13     MIXED PRECIP               0
HEAVY RAIN                4     RAIN                       5
LIGHT RAIN               17     FREEZING RAIN              0
LT FREEZING RAIN          0     HAIL                       0
HEAVY SNOW                0     SNOW                       0
LIGHT SNOW                0     SLEET                      0
FOG                      10     FOG W/VIS <= 1/4 MILE      1
HAZE                      1

-  INDICATES NEGATIVE NUMBERS.
R  INDICATES RECORD WAS SET OR TIED.
MM INDICATES DATA IS MISSING.
T  INDICATES TRACE AMOUNT.

&&

THIS WAS THE 7TH WARMEST JUNE ON RECORD.

$$
