000
CXUS53 KMKX 010758
CLMMKE


CLIMATE REPORT
NATIONAL WEATHER SERVICE IN MILWAUKEE
256 AM CDT SUN MAY 1 2016

...................................

...THE MILWAUKEE WI CLIMATE SUMMARY FOR THE MONTH OF APRIL 2016...

CLIMATE NORMAL PERIOD 1981 TO 2010
CLIMATE RECORD PERIOD 1871 TO 2016

WEATHER         OBSERVED          NORMAL  DEPART  LAST YEAR`S
                 VALUE   DATE(S)  VALUE   FROM    VALUE  DATE(S)
                                          NORMAL
................................................................
TEMPERATURE (F)
RECORD
 HIGH              91   04/22/1980
 LOW               12   04/07/1982
                        04/03/1886
                        04/16/1875
HIGHEST            78   04/25        77       1       76  04/17
                        04/18
LOWEST             21   04/09        24      -3       23  04/04
AVG. MAXIMUM     51.6              53.8    -2.2     53.9
AVG. MINIMUM     35.9              37.3    -1.4     37.6
MEAN             43.8              45.6    -1.8     45.8
DAYS MAX >= 90      0               0.0     0.0        0
DAYS MAX <= 32      0               0.3    -0.3        0
DAYS MIN <= 32      7               6.3     0.7        5
DAYS MIN <= 0       0               0.0     0.0        0

PRECIPITATION (INCHES)
RECORD
 MAXIMUM         7.38   2013
 MINIMUM         0.46   1915
TOTALS           1.80              3.56   -1.76     5.22
DAILY AVG.       0.06              0.12   -0.06     0.17
DAYS >= .01        14              12.1     1.9       10
DAYS >= .10         5               6.6    -1.6        7
DAYS >= .50         1               2.6    -1.6        2
DAYS >= 1.00        0               0.9    -0.9        1
GREATEST
 24 HR. TOTAL    0.63   04/05 TO 04/06              3.28

SNOWFALL (INCHES)
RECORDS
 TOTAL           15.8   1973
TOTALS            3.4               2.0     1.4        T
SINCE 7/1        39.1              46.8    -7.7     43.0
SNOWDEPTH AVG.      0                MM      MM        0
DAYS >= 1.0         2               0.4     1.6        0
GREATEST
 SNOW DEPTH         T   04/09                          0  MM
 24 HR TOTAL      1.8   MM                             T

DEGREE_DAYS
HEATING TOTAL     633               588      45      568
 SINCE 7/1       5616              6497    -881     6831
COOLING TOTAL       0                 5      -5        0
 SINCE 1/1          0                 5      -5        0
.................................................................

WIND (MPH)
AVERAGE WIND SPEED              10.2
HIGHEST WIND SPEED/DIRECTION    31/020    DATE  04/03
HIGHEST GUST SPEED/DIRECTION    45/320    DATE  04/02

SKY COVER
POSSIBLE SUNSHINE (PERCENT)   MM
AVERAGE SKY COVER           0.60
NUMBER OF DAYS FAIR            6
NUMBER OF DAYS PC             12
NUMBER OF DAYS CLOUDY         12

AVERAGE RH (PERCENT)     70

WEATHER CONDITIONS. NUMBER OF DAYS WITH
THUNDERSTORM              0     MIXED PRECIP               0
HEAVY RAIN                1     RAIN                       4
LIGHT RAIN               14     FREEZING RAIN              0
LT FREEZING RAIN          0     HAIL                       0
HEAVY SNOW                2     SNOW                       4
LIGHT SNOW                5     SLEET                      1
FOG                      15     FOG W/VIS <= 1/4 MILE      2
HAZE                      4

-  INDICATES NEGATIVE NUMBERS.
R  INDICATES RECORD WAS SET OR TIED.
MM INDICATES DATA IS MISSING.
T  INDICATES TRACE AMOUNT.

$$
