000
CXUS53 KMKX 011942 RRB
CLMMKE

CLIMATE REPORT
NATIONAL WEATHER SERVICE IN MILWAUKEE
710 AM CST SUN JAN 1 2017

...................................

...THE MILWAUKEE WI CLIMATE SUMMARY FOR THE MONTH OF DECEMBER 2016...

CLIMATE NORMAL PERIOD 1981 TO 2010
CLIMATE RECORD PERIOD 1871 TO 2016

WEATHER         OBSERVED          NORMAL  DEPART  LAST YEAR`S
                 VALUE   DATE(S)  VALUE   FROM    VALUE  DATE(S)
                                          NORMAL
................................................................
TEMPERATURE (F)
RECORD
 HIGH              68   12/05/2001
 LOW              -22   12/19/1884
HIGHEST            49   12/26        51      -2       60  12/13
LOWEST             -7   12/19        -2      -5       15  12/19
AVG. MAXIMUM     31.5              32.8    -1.3     42.7
AVG. MINIMUM     20.1              20.1     0.0     32.7
MEAN             25.8              26.5    -0.7     37.7
DAYS MAX >= 90      0               0.0     0.0        0
DAYS MAX <= 32     14              13.1     0.9        4
DAYS MIN <= 32     26              26.4    -0.4       14
DAYS MIN <= 0       3               1.5     1.5        0

PRECIPITATION (INCHES)
RECORD
 MAXIMUM         5.42   1987
 MINIMUM         0.08   1913
TOTALS           1.93              2.04   -0.11     3.82
DAILY AVG.       0.06              0.07   -0.01     0.12
DAYS >= .01        10              10.9    -0.9       12
DAYS >= .10         7               5.1     1.9        8
DAYS >= .50         0               1.1    -1.1        3
DAYS >= 1.00        0               0.3    -0.3        0
GREATEST
 24 HR. TOTAL    0.51   12/10 TO 12/11              1.24

SNOWFALL (INCHES)
RECORDS
 TOTAL           49.5   5
                        0
                        -26215
TOTALS           18.8              10.6     8.2      9.6
SINCE 7/1        18.8              13.3     5.5     16.5
SNOWDEPTH AVG.      4                 3       1        1
DAYS >= 1.0         6               3.0     3.0        1
GREATEST
 SNOW DEPTH        13   12/18                          9  12/28
 24 HR TOTAL      7.8   12/10 TO 12/11               9.0

DEGREE_DAYS
HEATING TOTAL    1207              1195      12      839
 SINCE 7/1       2037              2560    -523     1878
COOLING TOTAL       0                 0       0        0
 SINCE 1/1        991               641     350      622
.................................................................

WIND (MPH)
AVERAGE WIND SPEED              10.6
HIGHEST WIND SPEED/DIRECTION    41/230    DATE  12/26
HIGHEST GUST SPEED/DIRECTION    54/220    DATE  12/26

SKY COVER
POSSIBLE SUNSHINE (PERCENT)   MM
AVERAGE SKY COVER           0.70
NUMBER OF DAYS FAIR            3
NUMBER OF DAYS PC             14
NUMBER OF DAYS CLOUDY         14

AVERAGE RH (PERCENT)     67

WEATHER CONDITIONS. NUMBER OF DAYS WITH
THUNDERSTORM              0     MIXED PRECIP               0
HEAVY RAIN                0     RAIN                       1
LIGHT RAIN                5     FREEZING RAIN              0
LT FREEZING RAIN          0     HAIL                       1
HEAVY SNOW                0     SNOW                       6
LIGHT SNOW               11     SLEET                      0
FOG                      14     FOG W/VIS <= 1/4 MILE      4
HAZE                     14

-  INDICATES NEGATIVE NUMBERS.
R  INDICATES RECORD WAS SET OR TIED.
MM INDICATES DATA IS MISSING.
T  INDICATES TRACE AMOUNT.

$$
