000
CXUS53 KMKX 011242
CLMMKE


CLIMATE REPORT
NATIONAL WEATHER SERVICE IN MILWAUKEE
739 AM CDT FRI JUL 1 2016

...................................

...THE MILWAUKEE WI CLIMATE SUMMARY FOR THE MONTH OF JUNE 2016...

CLIMATE NORMAL PERIOD 1981 TO 2010
CLIMATE RECORD PERIOD 1871 TO 2016

WEATHER         OBSERVED          NORMAL  DEPART  LAST YEAR`S
                 VALUE   DATE(S)  VALUE   FROM    VALUE  DATE(S)
                                          NORMAL
................................................................
TEMPERATURE (F)
RECORD
 HIGH             101   06/21/1988
                        06/14/1987
                        06/27/1933
 LOW               33   06/04/1945
HIGHEST            91   06/20        91       0       87  06/10
                        06/11                             06/09
                        06/10
LOWEST             49   06/08        44       5       41  06/02
                                                          06/01
AVG. MAXIMUM     77.9              75.3     2.6     73.2
AVG. MINIMUM     59.8              57.1     2.7     54.4
MEAN             68.8              66.2     2.6     63.8
DAYS MAX >= 90      3               1.5     1.5        0
DAYS MAX <= 32      0               0.0     0.0        0
DAYS MIN <= 32      0               0.0     0.0        0
DAYS MIN <= 0       0               0.0     0.0        0

PRECIPITATION (INCHES)
RECORD
 MAXIMUM        12.27   2008
 MINIMUM         0.61   1921
TOTALS           3.49              3.90   -0.41     2.49
DAILY AVG.       0.12              0.13   -0.01     0.08
DAYS >= .01        11              10.4     0.6       10
DAYS >= .10         5               6.5    -1.5        8
DAYS >= .50         3               2.7     0.3        2
DAYS >= 1.00        1               1.0     0.0        0
GREATEST
 24 HR. TOTAL    1.10   06/14 TO 06/15              1.16

DEGREE_DAYS
HEATING TOTAL      29                84     -55      102
 SINCE 7/1       5909              6894    -985     7197
COOLING TOTAL     151               120      31       73
 SINCE 1/1        196               150      46       99
.................................................................

WIND (MPH)
AVERAGE WIND SPEED              8.8
HIGHEST WIND SPEED/DIRECTION    32/320    DATE  06/05
HIGHEST GUST SPEED/DIRECTION    43/320    DATE  06/05

SKY COVER
POSSIBLE SUNSHINE (PERCENT)   MM
AVERAGE SKY COVER           0.50
NUMBER OF DAYS FAIR            7
NUMBER OF DAYS PC             22
NUMBER OF DAYS CLOUDY          1

AVERAGE RH (PERCENT)     64

WEATHER CONDITIONS. NUMBER OF DAYS WITH
THUNDERSTORM              8     MIXED PRECIP               0
HEAVY RAIN                4     RAIN                       4
LIGHT RAIN               13     FREEZING RAIN              0
LT FREEZING RAIN          0     HAIL                       0
HEAVY SNOW                0     SNOW                       0
LIGHT SNOW                0     SLEET                      0
FOG                       9     FOG W/VIS <= 1/4 MILE      0
HAZE                      9

-  INDICATES NEGATIVE NUMBERS.
R  INDICATES RECORD WAS SET OR TIED.
MM INDICATES DATA IS MISSING.
T  INDICATES TRACE AMOUNT.

$$
