000
CXUS53 KGRR 011852 CCA
CLMMKG

CLIMATE REPORT
NATIONAL WEATHER SERVICE GRAND RAPIDS, MI
212 PM EDT FRI MAY 1 2015

...................................

...THE MUSKEGON MI CLIMATE SUMMARY FOR THE MONTH OF APRIL 2015...

CLIMATE NORMAL PERIOD 1981 TO 2010
CLIMATE RECORD PERIOD 1896 TO 2015

WEATHER         OBSERVED          NORMAL  DEPART  LAST YEAR`S
                 VALUE   DATE(S)  VALUE   FROM    VALUE  DATE(S)
                                          NORMAL
................................................................
TEMPERATURE (F)
RECORD
 HIGH              86   04/29/1970
 LOW                1   04/07/1982
HIGHEST            76   04/18        76       0       70  04/20
LOWEST             21   04/04        20       1       22  04/16
AVG. MAXIMUM     57.8              55.9     1.9     55.5
AVG. MINIMUM     36.0              37.3    -1.3     35.5
MEAN             46.9              46.6     0.3     45.5
DAYS MAX >= 90      0               0.0     0.0        0
DAYS MAX <= 32      0               0.3    -0.3        0
DAYS MIN <= 32      5               8.6    -3.6       11
DAYS MIN <= 0       0               0.0     0.0        0

PRECIPITATION (INCHES)
RECORD
 MAXIMUM         8.05   1909
 MINIMUM         0.10   1936
TOTALS           4.72              2.91    1.81     2.78
DAILY AVG.       0.16              0.10    0.06     0.09
DAYS >= .01        11              12.1    -1.1        9
DAYS >= .10         6               6.7    -0.7        6
DAYS >= .50         2               1.7     0.3        3
DAYS >= 1.00        2               0.4     1.6        0
GREATEST
 24 HR. TOTAL    2.24   04/09 TO 04/09

SNOWFALL (INCHES)
RECORDS
 TOTAL           20.4   1982
 24 HR TOTAL     12.2   04/05/1982 TO 04/05/1982
 SNOW DEPTH        13   04/06/1982
TOTALS              T               2.3    -2.3      1.6
SINCE 7/1        92.1              93.7    -1.6    132.7
SNOWDEPTH AVG.      0                MM      MM        0
DAYS >= TRACE       2               1.7     0.3        4
DAYS >= 1.0         0               0.5    -0.5        1
GREATEST
 SNOW DEPTH         0   MM                             1  04/15
 24 HR TOTAL        T   04/23 TO 04/23                MM

DEGREE_DAYS
HEATING TOTAL     535               556     -21      577
 SINCE 7/1       6667              6218     449     6905
COOLING TOTAL       0                 4      -4        0
 SINCE 1/1          0                 4      -4        0

FREEZE DATES
RECORD
 EARLIEST     09/22/1976
 LATEST       06/22/1992
EARLIEST                        10/14
LATEST                          05/04
.....................................................

WIND (MPH)
AVERAGE WIND SPEED              9.7
RESULTANT WIND SPEED/DIRECTION   0/130
HIGHEST WIND SPEED/DIRECTION    30/120    DATE  04/19
HIGHEST GUST SPEED/DIRECTION    40/190    DATE  04/13

SKY COVER
POSSIBLE SUNSHINE (PERCENT)   MM
AVERAGE SKY COVER           0.60
NUMBER OF DAYS FAIR            5
NUMBER OF DAYS PC             16
NUMBER OF DAYS CLOUDY          9

AVERAGE RH (PERCENT)     63

WEATHER CONDITIONS. NUMBER OF DAYS WITH
THUNDERSTORM              2     MIXED PRECIP               0
HEAVY RAIN                4     RAIN                       4
LIGHT RAIN               15     FREEZING RAIN              0
LT FREEZING RAIN          0     HAIL                       0
HEAVY SNOW                0     SNOW                       0
LIGHT SNOW                2     SLEET                      0
FOG                      11     FOG W/VIS <= 1/4 MILE      2
HAZE                      2

-  INDICATES NEGATIVE NUMBERS.
R  INDICATES RECORD WAS SET OR TIED.
MM INDICATES DATA IS MISSING.
T  INDICATES TRACE AMOUNT.

&&

APRIL 2015 FEATURED TEMPERATURES WHICH AVERAGED OUT TO NEAR NORMAL.
PRECIPITATION WAS ABOVE NORMAL IN PORTIONS OF CENTRAL AND WESTERN
LOWER MICHIGAN... AND NEAR TO BELOW NORMAL IN SOUTHERN LOWER
MICHIGAN. SNOWFALL WAS BELOW NORMAL... TOTALING ABOUT 2 INCHES IN
PARTS OF CENTRAL MICHIGAN... AND LIGHT ACCUMULATIONS OR A TRACE NEAR
AND SOUTH OF MUSKEGON... GRAND RAPIDS... AND LANSING.

THE FIRST 20 DAYS OF APRIL WERE GENERALLY NEAR TO SOMEWHAT ABOVE
NORMAL... WITH A MIXTURE OF WARM AND COOL DAYS. A BAND OF
ACCUMULATING SNOW OCCURRED IN CENTRAL MICHIGAN THE MORNING OF APRIL
5. THE FIRST SEVERE THUNDERSTORM EVENT OF THE YEAR THEN FOLLOWED ON
APRIL 9... WHEN A STRONG LOW PRESSURE SYSTEM IN THE MIDWEST SPAWNED
TORNADOES IN ILLINOIS AND A LINE OF THUNDERSTORMS WITH SPORADIC WIND
GUSTS IN WEST MICHIGAN. ESTIMATED 70 TO 80 MPH GUSTS DESTROYED A
METAL STORAGE BUILDING IN DOWNTOWN MUSKEGON AND A STORAGE BARN NORTH
OF SPARTA. A NUMBER OF TREES FELL IN MUSKEGON... NEWAYGO... AND
MONTCALM COUNTIES FROM ISOLATED STRONG WIND GUSTS. DAILY RAINFALL
RECORDS WERE SET AT GRAND RAPIDS AND MUSKEGON AS 2 TO 4 INCHES OF
RAIN FELL IN THE AREA BETWEEN GRAND RAPIDS AND PENTWATER... CAUSING
MINOR RIVER AND LOWLAND FLOODING. MANY LOCATIONS THEN EXPERIENCED
THEIR FIRST 70 DEGREE DAY OF THE YEAR IN MID-APRIL.

A SHOT OF COLD AIR ENVELOPED THE GREAT LAKES FOR A FEW DAYS AFTER
APRIL 20. LANSING TIED A RECORD COLD HIGH TEMPERATURE OF 39 DEGREES
ON APRIL 22... AND GRAND RAPIDS SET A RECORD COLD LOW TEMPERATURE OF
25 DEGREES ON APRIL 24. SHOWERS CONTAINING RAIN... SNOW... OR
GRAUPEL PROVIDED SOME LOCATIONS WITH MINOR ACCUMULATIONS OF FROZEN
PRECIPITATION DURING THIS PERIOD. THE WEATHER SETTLED DOWN AND
TEMPERATURES MODERATED CLOSER TO NORMAL FOR THE FINAL SEVERAL DAYS
OF THE MONTH.

$$

CAS
