000
CXUS53 KGRR 130146 CCA
CLMMKG

CLIMATE REPORT...CORRECTED AVG MIN...MEAN AND CDD
NATIONAL WEATHER SERVICE GRAND RAPIDS, MI
940 PM EDT SAT JUL 13 2014

...................................

...THE MUSKEGON MI CLIMATE SUMMARY FOR THE MONTH OF JUNE 2014...

CLIMATE NORMAL PERIOD 1981 TO 2010
CLIMATE RECORD PERIOD 1895 TO 2014

WEATHER         OBSERVED          NORMAL  DEPART  LAST YEAR`S
                 VALUE   DATE(S)  VALUE   FROM    VALUE  DATE(S)
                                          NORMAL
................................................................
TEMPERATURE (F)
RECORD
 HIGH              98   06/20/1995
 LOW               31   06/11/1972
HIGHEST            88   06/01        89      -1       85  06/22
LOWEST             44   06/14        41       3       38  06/03
                        06/05
AVG. MAXIMUM     77.8              76.0     1.8     75.8
AVG. MINIMUM     58.6              56.6     2.0     57.0
MEAN             68.2              66.3     1.9     66.4
DAYS MAX >= 90      0               0.5    -0.5        0
DAYS MAX <= 32      0               0.0     0.0        0
DAYS MIN <= 32      0               0.0     0.0        0
DAYS MIN <= 0       0               0.0     0.0        0

PRECIPITATION (INCHES)
RECORD
 MAXIMUM         8.18   1921
 MINIMUM         0.19   1959
TOTALS           7.02              2.55    4.47     4.33
DAILY AVG.       0.23              0.09    0.14     0.14
DAYS >= .01        13               9.0     4.0       13
DAYS >= .10         8               5.0     3.0        6
DAYS >= .50         3               1.8     1.2        3
DAYS >= 1.00        2               0.5     1.5        1
GREATEST
 24 HR. TOTAL    3.93   06/18 TO 06/18           06/12 TO 06/13

SNOWFALL (INCHES)
RECORDS
 TOTAL            0.0   MM
 24 HR TOTAL      0.0   MM
 SNOW DEPTH         0   MM
TOTALS            0.0               0.0     0.0      0.0
SINCE 7/1       132.7              93.7    39.0     98.6
SNOWDEPTH AVG.      0                MM      MM        0
DAYS >= TRACE       0               0.0     0.0        0
DAYS >= 1.0         0               0.0     0.0        0
GREATEST
 SNOW DEPTH         0   MM                             0  MM
 24 HR TOTAL      0.0   06/30 TO 06/30           06/30 TO 06/30

DEGREE_DAYS
HEATING TOTAL      31                66     -35       52
 SINCE 7/1       7195              6560     635     6324
COOLING TOTAL     135               105      30      100
 SINCE 1/1        152               134      18      160

FREEZE DATES
RECORD
 EARLIEST     09/22/1976
 LATEST       06/22/1992
EARLIEST      03/01             10/14
LATEST        05/16             05/04
.................................................

WIND (MPH)
AVERAGE WIND SPEED              8.2
RESULTANT WIND SPEED/DIRECTION   3/186
HIGHEST WIND SPEED/DIRECTION    33/190    DATE  06/02
HIGHEST GUST SPEED/DIRECTION    47/180    DATE  06/02

SKY COVER
POSSIBLE SUNSHINE (PERCENT)   MM
AVERAGE SKY COVER           0.60
NUMBER OF DAYS FAIR            4
NUMBER OF DAYS PC             16
NUMBER OF DAYS CLOUDY         10

AVERAGE RH (PERCENT)     67

WEATHER CONDITIONS. NUMBER OF DAYS WITH
THUNDERSTORM              6     MIXED PRECIP               0
HEAVY RAIN                6     RAIN                       8
LIGHT RAIN               14     FREEZING RAIN              0
LT FREEZING RAIN          0     HAIL                       0
HEAVY SNOW                0     SNOW                       0
LIGHT SNOW                0     SLEET                      0
FOG                      14     FOG W/VIS <= 1/4 MILE      4
HAZE                      6

-  INDICATES NEGATIVE NUMBERS.
R  INDICATES RECORD WAS SET OR TIED.
MM INDICATES DATA IS MISSING.
T  INDICATES TRACE AMOUNT.

&&

JUNE 2014 WAS THE 3RD WETTEST JUNE ON RECORD FOR MUSKEGON.

&&

JUNE 2014 WAS AN ACTIVE WEATHER MONTH WITH ABOVE NORMAL TEMPERATURES
AND PRECIPITATION.

TEMPERATURES FOR THE MONTH ENDED UP ONE TO TWO DEGREES ABOVE NORMAL.
THERE WERE 3 COOL DOWNS DURING JUNE AS SPRING SLOWLY GAVE WAY TO
SUMMER. THE FIRST AND SECOND CAUSED TEMPERATURES TO FALL MORE THAN
DID THE THIRD. IN GENERAL... THE WARM TEMPERATURES THROUGH THE
REMAINDER OF THE MONTH MORE THAN BALANCED OUT THE LAST HURRAHS OF
SPRING.

MORE THAN HALF OF THE DAYS OF JUNE 2014 HAD MEASURABLE PRECIPITATION
AS MANY WEATHER SYSTEMS MOVED ACROSS THE CONTINENT AND OVER THE
GREAT LAKES REGION. TOTALS FOR JUNE VARIED FROM AROUND 3 INCHES
ACROSS CENTRAL LOWER MICHIGAN TO OVER 7 INCHES IN THE FAR SOUTHWEST.
THE VALUES WERE 200 PERCENT OF NORMAL IN THE FAR SOUTHWEST TO NEAR
NORMAL ELSEWHERE.

THE ACTIVE WEATHER ALSO BROUGHT STRONG TO SEVERE HAIL... WIND AND
RAIN STORMS TO THE REGION ON 9 DAYS OUT OF THE MONTH. DAMAGING WINDS
AND FLOODING WERE THE MAIN HAZARDS WITH HAIL WITH DIAMETERS OVER AN
INCH LIMITED MAINLY THE 18TH AND 25TH.

$$

63
