000
CXUS53 KGRR 011857 CCA
CLMMKG

CLIMATE REPORT
NATIONAL WEATHER SERVICE GRAND RAPIDS, MI
107 PM EDT THU JUN 1 2017

...................................

...THE MUSKEGON MI CLIMATE SUMMARY FOR THE MONTH OF MAY 2017...

CLIMATE NORMAL PERIOD 1981 TO 2010
CLIMATE RECORD PERIOD 1896 TO 2017

WEATHER         OBSERVED          NORMAL  DEPART  LAST YEAR`S
                 VALUE   DATE(S)  VALUE   FROM    VALUE  DATE(S)
                                          NORMAL
................................................................
TEMPERATURE (F)
RECORD
 HIGH              93   05/29/1962
 LOW               22   05/10/1947
HIGHEST            83   05/17        83       0       88  05/31
LOWEST             31   05/09        31       0       33  05/19
                                                          05/15
AVG. MAXIMUM     66.1              66.9    -0.8     69.0
AVG. MINIMUM     46.4              46.9    -0.5     46.8
MEAN             56.3              56.9    -0.6     57.9
DAYS MAX >= 90      0               0.0     0.0        0
DAYS MAX <= 32      0               0.0     0.0        0
DAYS MIN <= 32      3               0.7     2.3        0
DAYS MIN <= 0       0               0.0     0.0        0

PRECIPITATION (INCHES)
RECORD
 MAXIMUM         9.59   2004
 MINIMUM         0.23   1936
TOTALS           1.50              3.25   -1.75     2.38
DAILY AVG.       0.05              0.10   -0.05     0.08
DAYS >= .01        13              10.7     2.3        8
DAYS >= .10         6               6.2    -0.2        7
DAYS >= .50         0               2.3    -2.3        2
DAYS >= 1.00        0               0.7    -0.7        0
GREATEST
 24 HR. TOTAL    0.35   05/21 TO 05/21

SNOWFALL (INCHES)
RECORDS
 TOTAL            5.0   1923
 24 HR TOTAL      5.0   05/09/1923 TO 05/09/1923
 SNOW DEPTH         2   05/10/1902
TOTALS            0.0               0.0     0.0      0.0
SINCE 7/1        49.0              93.7   -44.7     61.8
SNOWDEPTH AVG.      0                MM      MM        0
DAYS >= TRACE       0               0.0     0.0        0
DAYS >= 1.0         0               0.0     0.0        0
GREATEST
 SNOW DEPTH         0   MM                             0  MM
 24 HR TOTAL      0.0   05/31 TO 05/31

DEGREE_DAYS
HEATING TOTAL     279               276       3      255
 SINCE 7/1       5471              6494   -1023     5619
COOLING TOTAL      17                25      -8       44
 SINCE 1/1         22                29      -7       44

FREEZE DATES
RECORD
 EARLIEST     09/22/1976
 LATEST       06/22/1992
EARLIEST                        10/14
LATEST                          05/04
.................................................................

WIND (MPH)
AVERAGE WIND SPEED              9.9
RESULTANT WIND SPEED/DIRECTION   2/253
HIGHEST WIND SPEED/DIRECTION    30/200    DATE  05/18
HIGHEST GUST SPEED/DIRECTION    44/220    DATE  05/18

SKY COVER
POSSIBLE SUNSHINE (PERCENT)   MM
AVERAGE SKY COVER           0.60
NUMBER OF DAYS FAIR            7
NUMBER OF DAYS PC             14
NUMBER OF DAYS CLOUDY         10

AVERAGE RH (PERCENT)     64

WEATHER CONDITIONS. NUMBER OF DAYS WITH
THUNDERSTORM              4     MIXED PRECIP               0
HEAVY RAIN                2     RAIN                       4
LIGHT RAIN               22     FREEZING RAIN              0
LT FREEZING RAIN          0     HAIL                       0
HEAVY SNOW                0     SNOW                       0
LIGHT SNOW                0     SLEET                      0
FOG                       8     FOG W/VIS <= 1/4 MILE      0
HAZE                      2

-  INDICATES NEGATIVE NUMBERS.
R  INDICATES RECORD WAS SET OR TIED.
MM INDICATES DATA IS MISSING.
T  INDICATES TRACE AMOUNT.

&&

MAY 2017 ENDED UP WITH NEAR TO SLIGHTLY BELOW NORMAL TEMPERATURES ON
AVERAGE, DEPENDING ON LOCATION. FURTHER AWAY FROM LAKE MICHIGAN, THE
LANSING AREA ENDED UP EXACTLY NORMAL. CLOSER TO LAKE MICHIGAN AND
GRAND RAPIDS, SLIGHTLY BELOW NORMAL READINGS OCCURRED. WELL BELOW
NORMAL PRECIPITATION OCCURRED FOR MUSKEGON AND GRAND RAPIDS WITH
BELOW NORMAL PRECIPITATION FOR LANSING. NO SIGNIFICANT SEVERE
WEATHER OCCURRED DURING MAY, BUT MANY DAYS WERE WINDY.

THE FIRST THIRD OF THE MONTH STARTED OUT ON A COOL NOTE WITH MANY
BELOW NORMAL TEMPERATURES. FREEZING TEMPERATURES OCCURRED IN THE LOW
30S TO UPPER 20S OCCURRED ON MAY 8TH AND 9TH, RESULTING IN SOME
DAMAGE TO VULNERABLE CROPS. THE MIDDLE PORTION OF MAY WAS THE
WARMEST, PARTICULARLY ON THE 16TH AND 17TH WHEN HIGHS REACHED THE
MID TO UPPER 80S. MUSKEGON, GRAND RAPIDS, AND LANSING EXPERIENCED
THEIR WARMEST DAILY LOW TEMPERATURE ON RECORD FOR THE 17TH, WHEN
OVERNIGHT TEMPERATURES REMAINED IN THE UPPER 60S TO 70 DEGREES. A
COOL DOWN OCCURRED STARTING ON THE 19TH, THEN TEMPERATURES HELD NEAR
NORMAL FOR THE REMAINDER OF THE MONTH.

RAIN WAS LACKING FOR THE MONTH ESPECIALLY ALONG THE LAKESHORE REGION
NORTH OF HOLLAND AND WEST CENTRAL LOWER MICHIGAN IN GENERAL.
HOWEVER, CERTAIN AREAS RECEIVED HEAVIER RAINFALL FROM KALAMAZOO TO
JACKSON WITH DOUBLE OR TRIPLE THE AMOUNT OF RAIN THAT THE OTHER
REGIONS RECEIVED. THIS WAS A RESULT OF A MORE ACTIVE THUNDERSTORM
TRACK ACROSS THAT REGION.

WINDY CONDITIONS WERE FAIRLY COMMON DURING THE MONTH DUE TO THE
UPPER LEVEL WEATHER PATTERN AND SURFACE FRONT CONFIGURATIONS. MOST
LOCATIONS HAD WIND GUSTS OF 30 MPH OR GREATER FOR 10 OR MORE DAYS.
THE WINDIEST DAY FOR MANY PLACES WAS THE 18TH, WHEN WINDS GUSTED TO
44 MPH AT MUSKEGON, 47 MPH AT GRAND RAPIDS, AND 52 MPH AT LANSING.

$$

CAS/HOVING
