203
CXUS53 KGRR 011217
CLMMKG

CLIMATE REPORT
NATIONAL WEATHER SERVICE GRAND RAPIDS, MI
817 AM EDT SUN MAY 1 2016

...................................

...THE MUSKEGON MI CLIMATE SUMMARY FOR THE MONTH OF APRIL 2016...

CLIMATE NORMAL PERIOD 1981 TO 2010
CLIMATE RECORD PERIOD 1896 TO 2016

WEATHER         OBSERVED          NORMAL  DEPART  LAST YEAR`S
                 VALUE   DATE(S)  VALUE   FROM    VALUE  DATE(S)
                                          NORMAL
................................................................
TEMPERATURE (F)
RECORD
 HIGH              86   04/29/1970
 LOW                1   04/07/1982
HIGHEST            78   04/17        76       2       76  04/18
LOWEST             17   04/05        20      -3       21  04/04
AVG. MAXIMUM     55.3              55.9    -0.6     57.8
AVG. MINIMUM     36.2              37.3    -1.1     36.0
MEAN             45.8              46.6    -0.8     46.9
DAYS MAX >= 90      0               0.0     0.0        0
DAYS MAX <= 32      0               0.3    -0.3        0
DAYS MIN <= 32      9               8.6     0.4        5
DAYS MIN <= 0       0               0.0     0.0        0

PRECIPITATION (INCHES)
RECORD
 MAXIMUM         8.05   1909
 MINIMUM         0.10   1936
TOTALS           2.40              2.91   -0.51     4.72
DAILY AVG.       0.08              0.10   -0.02     0.16
DAYS >= .01        12              12.1    -0.1       11
DAYS >= .10         7               6.7     0.3        6
DAYS >= .50         1               1.7    -0.7        2
DAYS >= 1.00        0               0.4    -0.4        2
GREATEST
 24 HR. TOTAL    1.24   03/31 TO 04/01

SNOWFALL (INCHES)
RECORDS
 TOTAL           20.4   1982
 24 HR TOTAL     12.2   04/05/1982 TO 04/05/1982
 SNOW DEPTH        13   04/06/1982
TOTALS            2.4               2.3     0.1        T
SINCE 7/1        61.8              93.7   -31.9     92.1
SNOWDEPTH AVG.      0                MM      MM        0
DAYS >= TRACE       7               1.7     5.3        2
DAYS >= 1.0         1               0.5     0.5        0
GREATEST
 SNOW DEPTH         T   04/03                          0  MM
                        04/09
 24 HR TOTAL      2.0   04/02 TO 04/02

DEGREE_DAYS
HEATING TOTAL     569               556      13      535
 SINCE 7/1       5364              6218    -854     6667
COOLING TOTAL       0                 4      -4        0
 SINCE 1/1          0                 4      -4        0

FREEZE DATES
RECORD
 EARLIEST     09/22/1976
 LATEST       06/22/1992
EARLIEST                        10/14
LATEST                          05/04
.................................................................

WIND (MPH)
AVERAGE WIND SPEED              9.4
RESULTANT WIND SPEED/DIRECTION   2/065
HIGHEST WIND SPEED/DIRECTION    30/330    DATE  04/02
HIGHEST GUST SPEED/DIRECTION    39/170    DATE  04/03

SKY COVER
POSSIBLE SUNSHINE (PERCENT)   MM
AVERAGE SKY COVER           0.70
NUMBER OF DAYS FAIR            5
NUMBER OF DAYS PC             17
NUMBER OF DAYS CLOUDY          8

AVERAGE RH (PERCENT)     60

WEATHER CONDITIONS. NUMBER OF DAYS WITH
THUNDERSTORM              1     MIXED PRECIP               0
HEAVY RAIN                1     RAIN                       6
LIGHT RAIN               15     FREEZING RAIN              0
LT FREEZING RAIN          1     HAIL                       0
HEAVY SNOW                1     SNOW                       2
LIGHT SNOW                7     SLEET                      0
FOG                      10     FOG W/VIS <= 1/4 MILE      4
HAZE                      4

-  INDICATES NEGATIVE NUMBERS.
R  INDICATES RECORD WAS SET OR TIED.
MM INDICATES DATA IS MISSING.
T  INDICATES TRACE AMOUNT.

&&

APRIL 2016 FEATURED BELOW NORMAL TEMPERATURES ACROSS SOUTHWEST LOWER
MICHIGAN FOR THE FIRST TIME SINCE AUGUST 2015. PRECIPITATION WAS
VARIABLE... BUT AVERAGED NEAR NORMAL ACROSS THE AREA. SNOWFALL WAS
ABOVE NORMAL.

THE FIRST HALF OF APRIL WAS LARGELY COOLER THAN NORMAL ACROSS
SOUTHWEST LOWER MICHIGAN... WITH HIGHS JUST IN THE 30S AND 40S FOR
SEVERAL DAYS. THE WEATHER PATTERN THEN FLIPPED AND PRODUCED WELL
ABOVE NORMAL TEMPERATURES FOR A WEEK BETWEEN APRIL 15-21. AFTER A
FEW 70 DEGREE DAYS... MOST LOCATIONS HIT 80 DEGREES ON APRIL 18.
HOWEVER... APRIL 2016 ENDED RATHER GLOOMILY WITH COOL AND DAMP
CONDITIONS.

WITH MUCH COOLER THAN NORMAL TEMPERATURES IN PLACE DURING THE FIRST
HALF OF APRIL... SOUTHWEST LOWER MICHIGAN RECEIVED BOUTS OF SNOW
MIXED WITH RAIN...SLEET... AND FREEZING RAIN AT TIMES. CENTRAL AND
NORTHERN LOWER MICHIGAN SAW THE HEAVIEST SNOW... BUT MOST LOCATIONS
RECEIVED ACCUMULATING SNOW ON APRIL 2 AND AGAIN APRIL 8-10. GRAND
RAPIDS AND LANSING RECEIVED 4-6 INCHES OF SNOW ON APRIL 8.

THE LAST WEEK OF APRIL FEATURED 1 OR 2 SUNNY DAYS... BUT OTHERWISE A
FAIR AMOUNT OF CLOUD COVER. SEVERE WEATHER STRUCK SOUTHWEST LOWER
MICHIGAN ON APRIL 25. THE STORMS BROUGHT FREQUENT LIGHTNING... LARGE
HAIL... MODERATE TO HEAVY RAIN... AND GUSTY WINDS. THE MONTH ENDED
WITH COOLER TEMPERATURES AND SOME STEADY RAIN ON APRIL 28 AND APRIL
30.

$$

EBW
