000
CXUS54 KMEG 031522
CLMMKL


CLIMATE REPORT
NATIONAL WEATHER SERVICE MEMPHIS TN
921 AM CST WED FEB 3 2016

...................................

...THE JACKSON CLIMATE SUMMARY FOR THE MONTH OF JANUARY 2016...

CLIMATE NORMAL PERIOD 1981 TO 2010
CLIMATE RECORD PERIOD 1948 TO 2016

WEATHER         OBSERVED          NORMAL  DEPART  LAST YEAR`S
                 VALUE   DATE(S)  VALUE   FROM    VALUE  DATE(S)
                                          NORMAL
................................................................
TEMPERATURE (F)
RECORD
 HIGH              78   01/24/1972
                        01/01/1952
 LOW              -13   01/24/1963
HIGHEST            72   01/31        47      25       65  01/19
LOWEST             12   01/18        27     -15        4  01/08
AVG. MAXIMUM     47.7              48.1    -0.4     48.0
AVG. MINIMUM     27.1              28.3    -1.2     27.5
MEAN             37.4              38.2    -0.8     37.7
DAYS MAX >= 90      0               0.0     0.0        0
DAYS MAX <= 32      2               2.7    -0.7        2
DAYS MIN <= 32     24              20.1     3.9       22
DAYS MIN <= 0       0               0.2    -0.2        0

PRECIPITATION (INCHES)
RECORD
 MAXIMUM        10.28   1990
 MINIMUM         0.74   2015
TOTALS           2.04              4.07   -2.03     0.74
DAILY AVG.       0.07              0.13   -0.06     0.02
DAYS >= .01         9               9.3    -0.3        8
DAYS >= .10         6               5.9     0.1        3
DAYS >= .50         1               2.8    -1.8        0
DAYS >= 1.00        0               1.0    -1.0        0
GREATEST
 24 HR. TOTAL    0.98   01/09 TO 01/09

SNOWFALL (INCHES)
RECORDS
 TOTAL           12.7   1966
TOTALS            1.5               2.3    -0.8        T
SINCE 7/1         1.5               2.6    -1.1      0.1
SNOWDEPTH AVG.      0                MM      MM        0
DAYS >= 1.0         1               0.6     0.4        0
GREATEST
 SNOW DEPTH         1   01/23                          0  MM
 24 HR TOTAL      1.4   MM

DEGREE_DAYS
HEATING TOTAL     847               831      16      837
 SINCE 7/1       1765              2249    -484     2284
COOLING TOTAL       0                 0       0        0
 SINCE 1/1          0                 0       0        0
.................................................................

WIND (MPH)
AVERAGE WIND SPEED              8.1
HIGHEST WIND SPEED/DIRECTION    30/200    DATE  01/31
HIGHEST GUST SPEED/DIRECTION    46/180    DATE  01/31

SKY COVER
POSSIBLE SUNSHINE (PERCENT)   MM
AVERAGE SKY COVER           0.40
NUMBER OF DAYS FAIR           17
NUMBER OF DAYS PC              7
NUMBER OF DAYS CLOUDY          7

AVERAGE RH (PERCENT)     68

WEATHER CONDITIONS. NUMBER OF DAYS WITH
THUNDERSTORM              0     MIXED PRECIP               0
HEAVY RAIN                1     RAIN                       6
LIGHT RAIN               10     FREEZING RAIN              1
LT FREEZING RAIN          2     HAIL                       0
HEAVY SNOW                1     SNOW                       1
LIGHT SNOW                4     SLEET                      0
FOG                       9     FOG W/VIS <= 1/4 MILE      1
HAZE                      1

-  INDICATES NEGATIVE NUMBERS.
R  INDICATES RECORD WAS SET OR TIED.
MM INDICATES DATA IS MISSING.
T  INDICATES TRACE AMOUNT.

$$
