000
CXUS52 KMLB 011430
CLMMLB


CLIMATE REPORT
NATIONAL WEATHER SERVICE MELBOURNE FL
1018 AM EDT SUN MAY 1 2016

...................................

...THE MELBOURNE CLIMATE SUMMARY FOR THE MONTH OF APRIL 2016...

CLIMATE NORMAL PERIOD 1981 TO 2010
CLIMATE RECORD PERIOD 1939 TO 2016

WEATHER         OBSERVED          NORMAL  DEPART  LAST YEAR`S
                 VALUE   DATE(S)  VALUE   FROM    VALUE  DATE(S)
                                          NORMAL
................................................................
TEMPERATURE (F)
MONTHLY RECORD
 WARMEST         77.1   2015
 COOLEST         65.7   1987
DAILY RECORD
 HIGH              97   04/15/1999
                        04/25/1967
 LOW               35   04/08/1971
APRIL 2016
HIGHEST            91   04/01                         93
LOWEST             49   04/10                         60
AVG. MAXIMUM     81.2              80.8     0.4     85.5
AVG. MINIMUM     63.7              60.0     3.7     68.7
MEAN             72.5              70.4     2.1     77.1
DAYS MAX >= 90      1               0.6     0.4        4
DAYS MAX <= 32      0               0.0     0.0        0
DAYS MIN <= 32      0               0.0     0.0        0
DAYS MIN <= 0       0               0.0     0.0        0

PRECIPITATION (INCHES)
MONTHLY RECORD
 MAXIMUM         8.15   1951
 MINIMUM         0.01   1987
DAILY RECORD
 MAXIMUM         4.29   04/04/1973
APRIL 2016
TOTALS           1.34              2.13   -0.79     3.74
DAYS >= .01         7               5.8     1.2       10
DAYS >= .10         3               3.5    -0.5        9
DAYS >= .50         1               1.8    -0.8        3
DAYS >= 1.00        0               0.5    -0.5        1
GREATEST
 24 HR. TOTAL    1.02   04/15 TO 04/16

SNOWFALL (INCHES)
TOTALS            0.0               0.0     0.0      0.0
SINCE 7/1         0.0               0.0     0.0      0.0
DAYS >= TRACE       0                                  0

DEGREE_DAYS
HEATING TOTAL       3                16     -13        0
 SINCE 7/1        341               576    -235      424
COOLING TOTAL     234               178      56      372
 SINCE 1/1        560               375     185      709
.................................................................

WIND (MPH)
AVERAGE WIND SPEED              9.9
HIGHEST WIND SPEED/DIRECTION    26/060    DATE  04/16
HIGHEST GUST SPEED/DIRECTION    33/060    DATE  04/16

SKY COVER
POSSIBLE SUNSHINE (PERCENT)   MM
AVERAGE SKY COVER           0.30
NUMBER OF DAYS FAIR           23
NUMBER OF DAYS PC              7
NUMBER OF DAYS CLOUDY          0

AVERAGE RH (PERCENT)     69

WEATHER CONDITIONS. NUMBER OF DAYS WITH
THUNDERSTORM              4     MIXED PRECIP               0
HEAVY RAIN                1     RAIN                       2
LIGHT RAIN               12     LT FREEZING RAIN           0
HAIL                      0     LIGHT SNOW                 0
SLEET                     0     FOG                        9
FOG W/VIS <= 1/4 MILE     1     HAZE                       4

-  INDICATES NEGATIVE NUMBERS.
R  INDICATES RECORD WAS SET OR TIED.
MM INDICATES DATA IS MISSING.
T  INDICATES TRACE AMOUNT.

$$

ULRICH
