000
CXUS52 KMLB 011700
CLMMLB


CLIMATE REPORT
NATIONAL WEATHER SERVICE MELBOURNE FL
1154 AM EDT MON AUG 1 2016

...................................

...THE MELBOURNE CLIMATE SUMMARY FOR THE MONTH OF JULY 2016...

CLIMATE NORMAL PERIOD 1981 TO 2010
CLIMATE RECORD PERIOD 1939 TO 2016

WEATHER         OBSERVED          NORMAL  DEPART  LAST YEAR`S
                 VALUE   DATE(S)  VALUE   FROM    VALUE  DATE(S)
                                          NORMAL
................................................................
TEMPERATURE (F)
MONTHLY RECORD
 HOTTEST         84.5   2016
 COLDEST         79.0   1974
DAILY RECORD
 HIGH             102   07/14/1980
 LOW               60   07/02/1977
JULY 2016
HIGHEST            96   07/29
LOWEST             73   07/25
                        07/24
                        07/23
AVG. MAXIMUM     92.2              90.7     1.5     90.3
AVG. MINIMUM     76.8              72.6     4.2     72.7
MEAN             84.5              81.7     2.8     81.5
DAYS MAX >= 90     31              18.3    12.7       19
DAYS MAX <= 32      0               0.0     0.0        0
DAYS MIN <= 32      0               0.0     0.0        0
DAYS MIN <= 0       0               0.0     0.0        0

PRECIPITATION (INCHES)
MONTHLY RECORD
 MAXIMUM        13.40   1944
 MINIMUM         0.81   1955
DAILY RECORD
 MAXIMUM         3.85   07/05/1956
JULY 2016
TOTALS           1.09              5.96   -4.87    10.66
DAYS >= .01         3              12.1    -9.1       20
DAYS >= .10         2               8.7    -6.7       15
DAYS >= .50         1               4.4    -3.4        7
DAYS >= 1.00        0               1.8    -1.8        4
GREATEST
 24 HR. TOTAL    0.87   07/01 TO 07/01

SNOWFALL (INCHES)
TOTALS            0.0               0.0     0.0      0.0
SINCE 7/1         0.0               0.0     0.0      0.0
DAYS >= TRACE       0                                  0

DEGREE_DAYS
HEATING TOTAL       0                 0       0        0
 SINCE 7/1          0                 0       0        0
COOLING TOTAL     611               516      95      521
 SINCE 1/1       2054              1704     350     2123
.................................................................

WIND (MPH)
AVERAGE WIND SPEED              7.5
HIGHEST WIND SPEED/DIRECTION    23/230    DATE  07/29
HIGHEST GUST SPEED/DIRECTION    30/240    DATE  07/29

SKY COVER
POSSIBLE SUNSHINE (PERCENT)   MM
AVERAGE SKY COVER           0.20
NUMBER OF DAYS FAIR           31
NUMBER OF DAYS PC              0
NUMBER OF DAYS CLOUDY          0

AVERAGE RH (PERCENT)     74

WEATHER CONDITIONS. NUMBER OF DAYS WITH
THUNDERSTORM             14     MIXED PRECIP               0
HEAVY RAIN                1     RAIN                       1
LIGHT RAIN                9     LT FREEZING RAIN           0
HAIL                      0     LIGHT SNOW                 0
SLEET                     0     FOG                       11
FOG W/VIS <= 1/4 MILE     0     HAZE                       6

-  INDICATES NEGATIVE NUMBERS.
R  INDICATES RECORD WAS SET OR TIED.
MM INDICATES DATA IS MISSING.
T  INDICATES TRACE AMOUNT.

$$
