000
CXUS53 KDVN 011434
CLMMLI


CLIMATE REPORT
NATIONAL WEATHER SERVICE QUAD CITIES IA IL
925 AM CDT FRI JUL 1 2016

...................................

...THE MOLINE CLIMATE SUMMARY FOR THE MONTH OF JUNE 2016...

CLIMATE NORMAL PERIOD 1981 TO 2010
CLIMATE RECORD PERIOD 1872 TO 2016

WEATHER         OBSERVED          NORMAL  DEPART
                 VALUE   DATE(S)  VALUE   FROM
                                          NORMAL
................................................
TEMPERATURE (F)
RECORD
 HIGH             104   06/25/1988
                        06/29/1936
                        06/02/1934
 LOW               39   06/01/1993
                        06/11/1972
                        06/04/1945
HIGHEST            96   06/15        86      10
LOWEST             48   06/08        56      -8
AVG. MAXIMUM     86.7              82.3     4.4
AVG. MINIMUM     62.9              60.7     2.2
MEAN             74.8              71.5     3.3
DAYS MAX >= 90     10               4.0     6.0
DAYS MAX <= 32      0               0.0     0.0
DAYS MIN <= 32      0               0.0     0.0
DAYS MIN <= 0       0               0.0     0.0

PRECIPITATION (INCHES)
RECORD
 MAXIMUM        13.21   1993
 MINIMUM         0.49   1886
TOTALS           3.80              4.49   -0.69
DAILY AVG.       0.13              0.15   -0.02
DAYS >= .01         8              10.5    -2.5
DAYS >= .10         4
DAYS >= .50         2
DAYS >= 1.00        1               1.3    -0.3
GREATEST
 24 HR. TOTAL    2.03   06/22 TO 06/22


SNOWFALL (INCHES)
RECORDS
 TOTAL            0.0
TOTALS            0.0               0.0     0.0
SINCE 7/1        24.1              31.6    -7.5
SNOWDEPTH AVG.      0
DAYS >= TRACE       0               0.0     0.0
DAYS >= 1.0         0               0.0     0.0
GREATEST
 SNOW DEPTH         0
 24 HR TOTAL      0.0

DEGREE_DAYS
HEATING TOTAL       1                19     -18
 SINCE 7/1       5164              6203   -1039
COOLING TOTAL     302               214      88
 SINCE 1/1        404               290     114
.................................................

WIND (MPH)
AVERAGE WIND SPEED              7.2
HIGHEST WIND SPEED/DIRECTION    30/300    DATE  06/06
HIGHEST GUST SPEED/DIRECTION    42/300    DATE  06/06

SKY COVER
POSSIBLE SUNSHINE (PERCENT)   MM
AVERAGE SKY COVER           0.20
NUMBER OF DAYS FAIR           23
NUMBER OF DAYS PC              7
NUMBER OF DAYS CLOUDY          0

AVERAGE RH (PERCENT)     62

WEATHER CONDITIONS. NUMBER OF DAYS WITH
THUNDERSTORM              0     HAIL                       0
SLEET                     0     FOG                        8
FOG W/VIS <= 1/4 MILE     1     HAZE                       4

-  INDICATES NEGATIVE NUMBERS.
R  INDICATES RECORD WAS SET OR TIED.
MM INDICATES DATA IS MISSING.
T  INDICATES TRACE AMOUNT.

$$
