000
CXUS51 KCAR 041454
CLMMLT


CLIMATE REPORT
NATIONAL WEATHER SERVICE CARIBOU, ME
953 AM EST WED JAN 4 2017

...................................

...THE MILLINOCKET ME CLIMATE SUMMARY FOR THE MONTH OF DECEMBER 2016...

CLIMATE NORMAL PERIOD 1981 TO 2010
CLIMATE RECORD PERIOD 1903 TO 2017

WEATHER         OBSERVED          NORMAL  DEPART  LAST YEAR`S
                 VALUE   DATE(S)  VALUE   FROM    VALUE  DATE(S)
                                          NORMAL
................................................................
TEMPERATURE (F)
RECORD
 HIGH              62   12/11/1907
 LOW              -35   12/31/1917
HIGHEST            41   12/27        MM      MM       53  12/25
                        12/02
LOWEST            -17   12/20        MM      MM        8  12/29
AVG. MAXIMUM     28.2              30.3    -2.1     38.5
AVG. MINIMUM     10.8              14.4    -3.6     27.1
MEAN             19.5              22.4    -2.9     32.8
DAYS MAX >= 90      0               0.0     0.0        0
DAYS MAX <= 32     20              17.2     2.8        4
DAYS MIN <= 32     31              29.9     1.1       22
DAYS MIN <= 0       6               3.1     2.9        0

PRECIPITATION (INCHES)
RECORD
 MAXIMUM         5.94   2003
 MINIMUM         1.91   2001
TOTALS           3.31                     -0.22
DAILY AVG.       0.11              0.11    0.00     0.14
DAYS >= .01        15                MM      MM       16
DAYS >= .10         9                MM      MM       10
DAYS >= .50         2                MM      MM        4
DAYS >= 1.00        0                MM      MM        0

SNOWFALL (INCHES)
RECORDS
 TOTAL             MM   MM
TOTALS             MM                MM      MM       MM
SINCE 7/1          MM                MM      MM       MM
SNOWDEPTH AVG.     MM                MM      MM       MM
DAYS >= 1.0         0                MM      MM        0
GREATEST
 SNOW DEPTH        MM                                 MM  MM
 24 HR TOTAL       MM                                 MM

DEGREE_DAYS
HEATING TOTAL    1402              1322      80      959
 SINCE 7/1       2952              3165    -213     2500
COOLING TOTAL       0                 0       0        0
 SINCE 1/1        350               268      82      400
.................................................................

WIND (MPH)
AVERAGE WIND SPEED              5.8
HIGHEST WIND SPEED/DIRECTION    35/310    DATE  12/25
HIGHEST GUST SPEED/DIRECTION    49/310    DATE  12/25

SKY COVER
POSSIBLE SUNSHINE (PERCENT)   MM
AVERAGE SKY COVER           0.60
NUMBER OF DAYS FAIR            8
NUMBER OF DAYS PC             11
NUMBER OF DAYS CLOUDY         12

AVERAGE RH (PERCENT)     75

WEATHER CONDITIONS. NUMBER OF DAYS WITH
THUNDERSTORM              0     MIXED PRECIP               0
HEAVY RAIN                0     RAIN                       0
LIGHT RAIN                3     FREEZING RAIN              3
LT FREEZING RAIN          2     HAIL                       0
HEAVY SNOW                5     SNOW                       7
LIGHT SNOW               21     SLEET                      0
FOG                      24     FOG W/VIS <= 1/4 MILE      8
HAZE                     12

-  INDICATES NEGATIVE NUMBERS.
R  INDICATES RECORD WAS SET OR TIED.
MM INDICATES DATA IS MISSING.
T  INDICATES TRACE AMOUNT.

$$
