000
CXUS56 KPQR 011742
CLMMMV


CLIMATE REPORT
NATIONAL WEATHER SERVICE PORTLAND OREGON
1042 AM PDT WED JUL 1 2015

...................................

...THE MCMINNVILLE OR CLIMATE SUMMARY FOR THE MONTH OF JUNE 2015...

CLIMATE NORMAL PERIOD 1981 TO 2010
CLIMATE RECORD PERIOD 1894 TO 2015

WEATHER         OBSERVED          NORMAL  DEPART  LAST YEAR`S
                 VALUE   DATE(S)  VALUE   FROM    VALUE  DATE(S)
                                          NORMAL
................................................................
TEMPERATURE (F)
HIGHEST            99                                 86  06/30
LOWEST             43                                 42  06/06
                                                          06/05
AVG. MAXIMUM     83.2              72.8    10.4     74.4
AVG. MINIMUM     51.9              47.0     4.9     49.6
MEAN             67.5              59.9     7.6     62.0
DAYS MAX >= 90      9               0.9     8.1        0
DAYS MAX <= 32      0               0.0     0.0        0
DAYS MIN <= 32      0               0.0     0.0        0
DAYS MIN <= 0       0               0.0     0.0        0

PRECIPITATION (INCHES)
RECORD
 MAXIMUM         3.76   1913
 MINIMUM            T   1965
                        1951
                        1918
TOTALS           0.67              1.53   -0.86     1.26
DAYS >= .01         3                MM      MM        8
DAYS >= .10         1                MM      MM        5
DAYS >= .50         1                MM      MM        0
DAYS >= 1.00        0                MM      MM        0
GREATEST
 24 HR. TOTAL    0.50   06/01 TO 06/01

DEGREE_DAYS
HEATING TOTAL      36               169    -133       92
 SINCE 7/1       3565              4871   -1306     4600
COOLING TOTAL     122                16     106       10
 SINCE 1/1        130                22     108       30
.................................................................

WIND (MPH)
AVERAGE WIND SPEED              5.6
RESULTANT WIND SPEED/DIRECTION   2/305
HIGHEST WIND SPEED/DIRECTION    24/220    DATE  06/01
HIGHEST GUST SPEED/DIRECTION    31/220    DATE  06/01

SKY COVER
POSSIBLE SUNSHINE (PERCENT)   MM
AVERAGE SKY COVER           0.10

AVERAGE RH (PERCENT)     61

WEATHER CONDITIONS. NUMBER OF DAYS WITH
THUNDERSTORM              0     MIXED PRECIP               0
HEAVY RAIN                1     RAIN                       2
LIGHT RAIN                6     FREEZING RAIN              0
LT FREEZING RAIN          0     HAIL                       0
HEAVY SNOW                0     SNOW                       0
LIGHT SNOW                0     SLEET                      0
FOG                       3     FOG W/VIS <= 1/4 MILE      0
HAZE                      0

-  INDICATES NEGATIVE NUMBERS.
R  INDICATES RECORD WAS SET OR TIED.
MM INDICATES DATA IS MISSING.
T  INDICATES TRACE AMOUNT.

$$
