757
CXUS54 KMOB 010720
CLMMOB


CLIMATE REPORT
NATIONAL WEATHER SERVICE MOBILE AL
105 AM CST MON FEB 1 2016

...................................

...THE MOBILE CLIMATE SUMMARY FOR THE MONTH OF JANUARY 2016...

CLIMATE NORMAL PERIOD 1981 TO 2010
CLIMATE RECORD PERIOD 1842 TO 2016

WEATHER         OBSERVED          NORMAL  DEPART  LAST YEAR`S
                 VALUE   DATE(S)  VALUE   FROM    VALUE  DATE(S)
                                          NORMAL
................................................................
TEMPERATURE (F)
RECORD
 HIGH              83   01/11/1949
 LOW                3   01/21/1985
HIGHEST            74   01/31                         78  01/12
LOWEST             25   01/24                         17  01/08
AVG. MAXIMUM     59.6              60.8    -1.2     59.7
AVG. MINIMUM     38.7              40.0    -1.3     37.2
MEAN             49.2              50.4    -1.2     48.5
DAYS MAX >= 90      0               0.0     0.0        0
DAYS MAX <= 32      0               0.1    -0.1        0
DAYS MIN <= 32      8               7.7     0.3        8
DAYS MIN <= 0       0               0.0     0.0        0

PRECIPITATION (INCHES)

TOTALS           6.29              5.65    0.64     3.89
DAILY AVG.       0.20              0.18    0.02     0.13
DAYS >= .01        10               9.9     0.1        7
DAYS >= .10         7               7.0     0.0        5
DAYS >= .50         3               3.4    -0.4        4
DAYS >= 1.00        3               1.8     1.2        1
GREATEST
 24 HR. TOTAL    2.51   01/21 TO 01/22

SNOWFALL (INCHES)

TOTALS            0.0               0.0     0.0        T
SINCE 7/1         0.0                 T     0.0        T
SNOWDEPTH AVG.      0                                  0
DAYS >= 1.0         0               0.0     0.0        0
GREATEST
 SNOW DEPTH         0                                  0
 24 HR TOTAL      0.0   01/31 TO 01/31

DEGREE_DAYS
HEATING TOTAL     485               459      26      506
 SINCE 7/1        789              1121    -332     1216
COOLING TOTAL       0                 7      -7        3
 SINCE 1/1          0                 7      -7        3
.................................................................

WIND (MPH)
AVERAGE WIND SPEED              7.7
HIGHEST WIND SPEED/DIRECTION    38/180    DATE  01/21
HIGHEST GUST SPEED/DIRECTION    50/190    DATE  01/21

SKY COVER
POSSIBLE SUNSHINE (PERCENT)   MM
AVERAGE SKY COVER           0.50
NUMBER OF DAYS FAIR           13
NUMBER OF DAYS PC             11
NUMBER OF DAYS CLOUDY          7

AVERAGE RH (PERCENT)     74

WEATHER CONDITIONS. NUMBER OF DAYS WITH
THUNDERSTORM              3     MIXED PRECIP               0
HEAVY RAIN                4     RAIN                       7
LIGHT RAIN               11     FREEZING RAIN              0
LT FREEZING RAIN          0     HAIL                       0
HEAVY SNOW                0     SNOW                       0
LIGHT SNOW                0     SLEET                      0
FOG                      16     FOG W/VIS <= 1/4 MILE      3
HAZE                      7

-  INDICATES NEGATIVE NUMBERS.
R  INDICATES RECORD WAS SET OR TIED.
MM INDICATES DATA IS MISSING.
T  INDICATES TRACE AMOUNT.

$$
