665
CXUS54 KMOB 010652
CLMMOB


CLIMATE REPORT
NATIONAL WEATHER SERVICE MOBILE AL
151 AM CDT MON MAY 1 2017

...................................

...THE MOBILE CLIMATE SUMMARY FOR THE MONTH OF APRIL 2017...

CLIMATE NORMAL PERIOD 1981 TO 2010
CLIMATE RECORD PERIOD 1842 TO 2017

WEATHER         OBSERVED          NORMAL  DEPART  LAST YEAR`S
                 VALUE   DATE(S)  VALUE   FROM    VALUE  DATE(S)
                                          NORMAL
................................................................
TEMPERATURE (F)
RECORD
 HIGH              94   04/21/1987
 LOW               32   04/05/1987
                        04/05/1891
                        04/02/1881
HIGHEST            88   04/27        MM      MM       86  04/29
LOWEST             41   04/08        MM      MM       40  04/09
AVG. MAXIMUM     81.2              77.5     3.7     77.8
AVG. MINIMUM     58.0              55.4     2.6     57.1
MEAN             69.6              66.4     3.2     67.5
DAYS MAX >= 90      0               0.1    -0.1        0
DAYS MAX <= 32      0               0.0     0.0        0
DAYS MIN <= 32      0               0.0     0.0        0
DAYS MIN <= 0       0               0.0     0.0        0

PRECIPITATION (INCHES)
RECORD
 MAXIMUM           MM   MM
 MINIMUM           MM   MM
TOTALS           5.76              4.79    0.97     5.89
DAILY AVG.       0.19              0.16    0.03     0.20
DAYS >= .01         8               7.0     1.0       10
DAYS >= .10         5               5.0     0.0        7
DAYS >= .50         2               2.7    -0.7        4
DAYS >= 1.00        2               1.4     0.6        2
GREATEST
 24 HR. TOTAL    2.44   04/03 TO 04/03

DEGREE_DAYS
HEATING TOTAL      23                60     -37       21
 SINCE 7/1        913              1691    -778     1215
COOLING TOTAL     165               104      61      102
 SINCE 1/1        335               159     176      186
.................................................................

WIND (MPH)
AVERAGE WIND SPEED              8.4
HIGHEST WIND SPEED/DIRECTION    40/120    DATE  04/30
HIGHEST GUST SPEED/DIRECTION    49/130    DATE  04/30

SKY COVER
POSSIBLE SUNSHINE (PERCENT)   MM
AVERAGE SKY COVER           0.50
NUMBER OF DAYS FAIR           11
NUMBER OF DAYS PC             15
NUMBER OF DAYS CLOUDY          4

AVERAGE RH (PERCENT)     68

WEATHER CONDITIONS. NUMBER OF DAYS WITH
THUNDERSTORM              0     MIXED PRECIP               0
HEAVY RAIN                6     RAIN                       4
LIGHT RAIN                9     FREEZING RAIN              0
LT FREEZING RAIN          0     HAIL                       0
HEAVY SNOW                0     SNOW                       0
LIGHT SNOW                0     SLEET                      0
FOG                      19     FOG W/VIS <= 1/4 MILE      6
HAZE                      7

-  INDICATES NEGATIVE NUMBERS.
R  INDICATES RECORD WAS SET OR TIED.
MM INDICATES DATA IS MISSING.
T  INDICATES TRACE AMOUNT.

$$
