000
CXUS54 KMOB 010723
CLMMOB


CLIMATE REPORT
NATIONAL WEATHER SERVICE MOBILE AL
213 AM CDT WED JUL 1 2015

...................................

...THE MOBILE CLIMATE SUMMARY FOR THE MONTH OF JUNE 2015...

CLIMATE NORMAL PERIOD 1981 TO 2010
CLIMATE RECORD PERIOD 1842 TO 2015

WEATHER         OBSERVED          NORMAL  DEPART  LAST YEAR`S
                 VALUE   DATE(S)  VALUE   FROM    VALUE  DATE(S)
                                          NORMAL
................................................................
TEMPERATURE (F)
RECORD
 HIGH             103   06/04/2011
 LOW               49   06/01/1984

HIGHEST            96   06/23                         93  06/30
                        06/22
LOWEST             67   06/05                         64  06/14
AVG. MAXIMUM     89.6              89.2     0.4     87.5
AVG. MINIMUM     71.7              70.4     1.3     69.4
MEAN             80.7              79.8     0.9     78.5
DAYS MAX >= 90     15              13.0     2.0       10
DAYS MAX <= 32      0               0.0     0.0        0
DAYS MIN <= 32      0               0.0     0.0        0
DAYS MIN <= 0       0               0.0     0.0        0

PRECIPITATION (INCHES)

TOTALS           5.06              6.11   -1.05     5.15
DAILY AVG.       0.17              0.20   -0.03     0.17
DAYS >= .01        10              11.8    -1.8       14
DAYS >= .10         8               8.2    -0.2        8
DAYS >= .50         4               4.0     0.0        4
DAYS >= 1.00        1               2.0    -1.0        2
GREATEST
 24 HR. TOTAL    1.45   06/24 TO 06/24


DEGREE_DAYS
COOLING TOTAL     478               444      34      410
 SINCE 1/1       1078               889     189      748
.................................................................

WIND (MPH)
AVERAGE WIND SPEED              5.7
HIGHEST WIND SPEED/DIRECTION    37/350    DATE  06/30
HIGHEST GUST SPEED/DIRECTION    47/320    DATE  06/30

SKY COVER
POSSIBLE SUNSHINE (PERCENT)   MM
AVERAGE SKY COVER           0.50
NUMBER OF DAYS FAIR            7
NUMBER OF DAYS PC             21
NUMBER OF DAYS CLOUDY          2

AVERAGE RH (PERCENT)     77

WEATHER CONDITIONS. NUMBER OF DAYS WITH
THUNDERSTORM             14     MIXED PRECIP               0
HEAVY RAIN                7     RAIN                       7
LIGHT RAIN               15     FREEZING RAIN              0
LT FREEZING RAIN          0     HAIL                       0
HEAVY SNOW                0     SNOW                       0
LIGHT SNOW                0     SLEET                      0
FOG                      23     FOG W/VIS <= 1/4 MILE      2
HAZE                     11

-  INDICATES NEGATIVE NUMBERS.
R  INDICATES RECORD WAS SET OR TIED.
MM INDICATES DATA IS MISSING.
T  INDICATES TRACE AMOUNT.

$$
