000
CXUS54 KMOB 011911
CLMMOB


CLIMATE REPORT
NATIONAL WEATHER SERVICE MOBILE AL
135 PM CDT TUE AUG 1 2017

...................................

...THE MOBILE CLIMATE SUMMARY FOR THE MONTH OF JULY 2017...

CLIMATE NORMAL PERIOD 1981 TO 2010
CLIMATE RECORD PERIOD 1842 TO 2017

WEATHER         OBSERVED          NORMAL  DEPART  LAST YEAR`S
                 VALUE   DATE(S)  VALUE   FROM    VALUE  DATE(S)
                                          NORMAL
................................................................
TEMPERATURE (F)
RECORD
 HIGH             104   07/25/1952
 LOW               62   07/16/1967
                        07/15/1967
                        07/23/1947
                        07/03/1924
HIGHEST            96   07/20                         97  07/02
LOWEST             70   07/31                         71  07/15
AVG. MAXIMUM     90.7              91.0    -0.3     91.3
AVG. MINIMUM     73.8              72.7     1.1     74.5
MEAN             82.2              81.8     0.4     82.9
DAYS MAX >= 90     21              20.0     1.0       24
DAYS MAX <= 32      0               0.0     0.0        0
DAYS MIN <= 32      0               0.0     0.0        0
DAYS MIN <= 0       0               0.0     0.0        0

PRECIPITATION (INCHES)
RECORD
 MAXIMUM        20.50   1916
 MINIMUM         1.13   1947
TOTALS           3.32              7.25   -3.93     6.75
DAILY AVG.       0.11              0.23   -0.13     0.22
DAYS >= .01        14              14.7    -0.7       18
DAYS >= .10         9              10.0    -1.0       13
DAYS >= .50         1               4.7    -3.7        6
DAYS >= 1.00        0               2.2    -2.2        1
GREATEST
 24 HR. TOTAL    0.78   07/27

DEGREE_DAYS
COOLING TOTAL     543               522      21      563
 SINCE 1/1       1563              1411     152     1502
.................................................................

WIND (MPH)
AVERAGE WIND SPEED              4.4
HIGHEST WIND SPEED/DIRECTION    26/020    DATE  07/27
HIGHEST GUST SPEED/DIRECTION    36/030    DATE  07/27

SKY COVER
POSSIBLE SUNSHINE (PERCENT)
AVERAGE SKY COVER           0.50
NUMBER OF DAYS FAIR            7
NUMBER OF DAYS PC             24
NUMBER OF DAYS CLOUDY          0

AVERAGE RH (PERCENT)     75

WEATHER CONDITIONS. NUMBER OF DAYS WITH
THUNDERSTORM             20     MIXED PRECIP               0
HEAVY RAIN                9     RAIN                       9
LIGHT RAIN               13     FREEZING RAIN              0
LT FREEZING RAIN          0     HAIL                       0
HEAVY SNOW                0     SNOW                       0
LIGHT SNOW                0     SLEET                      0
FOG                      21     FOG W/VIS <= 1/4 MILE      0
HAZE                      6

-  INDICATES NEGATIVE NUMBERS.
R  INDICATES RECORD WAS SET OR TIED.
MM INDICATES DATA IS MISSING.
T  INDICATES TRACE AMOUNT.

$$
