000
CXUS51 KPHI 031232 CCA
CLMMPO

CLIMATE REPORT
NATIONAL WEATHER SERVICE MOUNT HOLLY NJ
723 AM EST TUE MAR 3 2015

...................................

...THE POCONO_MNTS_MUNIL_AR CLIMATE SUMMARY FOR THE MONTH OF FEBRUARY 2015...

CLIMATE NORMAL PERIOD 1981 TO 2010
CLIMATE RECORD PERIOD 1901 TO 2015

WEATHER         OBSERVED          NORMAL  DEPART  LAST YEAR`S
                 VALUE   DATE(S)  VALUE   FROM    VALUE  DATE(S)
                                          NORMAL
................................................................
TEMPERATURE (F)
RECORD
 HIGH              70   02/25/1930
 LOW              -25   02/09/1934
HIGHEST            38                MM      MM       47
LOWEST            -16                MM      MM      -10
AVG. MAXIMUM     23.5              34.1   -10.6     29.3
AVG. MINIMUM      3.5              17.9   -14.4     11.1
MEAN             13.5              26.0   -12.5     20.2
DAYS MAX >= 90      0               0.0     0.0        0
DAYS MAX <= 32     23              12.3    10.7       20
DAYS MIN <= 32     28              26.5     1.5       28
DAYS MIN <= 0      12               0.5    11.5        6

PRECIPITATION (INCHES)
RECORD
 MAXIMUM         9.57   1981
 MINIMUM         0.17   1933
TOTALS           1.63              2.41   -0.78     3.04
DAILY AVG.       0.06              0.09   -0.03     0.11
DAYS >= .01        13                MM      MM       15
DAYS >= .10         4                MM      MM        7
DAYS >= .50         1                MM      MM        2
DAYS >= 1.00        0                MM      MM        1
GREATEST
 24 HR. TOTAL    0.80   02/02 TO 02/02              1.01

SNOWFALL (INCHES)
RECORDS
 TOTAL             MM   5
 24 HR TOTAL       MM
TOTALS             MM                MM      MM       MM
SINCE 7/1          MM                MM      MM       MM
SNOWDEPTH AVG.     MM                MM      MM       MM
DAYS >= 1.0         0                MM      MM        0
GREATEST
 SNOW DEPTH        MM                                 MM  MM
 24 HR TOTAL       MM                                 MM

DEGREE_DAYS
HEATING TOTAL    1434              1092     342     1249
 SINCE 7/1       5435              5123     312     5427
COOLING TOTAL       0                 0       0        0
 SINCE 1/1          0                 0       0        0
.................................................................

WIND (MPH)
AVERAGE WIND SPEED              10.8
HIGHEST WIND SPEED/DIRECTION    38/320    DATE  02/15
HIGHEST GUST SPEED/DIRECTION    54/330    DATE  02/15

SKY COVER
POSSIBLE SUNSHINE (PERCENT)    0
AVERAGE SKY COVER           0.60
NUMBER OF DAYS FAIR            6
NUMBER OF DAYS PC             14
NUMBER OF DAYS CLOUDY          8

AVERAGE RH (PERCENT)     64

WEATHER CONDITIONS. NUMBER OF DAYS WITH
THUNDERSTORM              0     MIXED PRECIP               0
HEAVY RAIN                0     RAIN                       0
LIGHT RAIN                2     FREEZING RAIN              1
LT FREEZING RAIN          3     HEAVY SNOW                 4
SNOW                     10     LIGHT SNOW                21
SLEET                     0     FOG                       13
FOG W/VIS <= 1/4 MILE     6     HAZE                       7

-  INDICATES NEGATIVE NUMBERS.
R  INDICATES RECORD WAS SET OR TIED.
MM INDICATES DATA IS MISSING.
T  INDICATES TRACE AMOUNT.

$$
