962
CXUS51 KPHI 010833
CLMMPO


CLIMATE REPORT
NATIONAL WEATHER SERVICE MOUNT HOLLY NJ
432 AM EDT WED NOV 1 2017

...................................

...THE MOUNT POCONO PA CLIMATE SUMMARY FOR THE MONTH OF OCTOBER 2017...

CLIMATE NORMAL PERIOD 1981 TO 2010
CLIMATE RECORD PERIOD 1901 TO 2017

WEATHER         OBSERVED          NORMAL  DEPART  LAST YEAR`S
                 VALUE   DATE(S)  VALUE   FROM    VALUE
                                          NORMAL
.............................................................
TEMPERATURE (F)
RECORD
 HIGH              89   10/02/1927
 LOW               12   10/31/1917
HIGHEST            77                MM      MM       76
LOWEST             31                MM      MM       25
AVG. MAXIMUM     63.6              57.5     6.1     58.5
AVG. MINIMUM     44.3              39.0     5.3     40.2
MEAN             54.0              48.2     5.8     49.3
DAYS MAX >= 90      0               0.0     0.0        0
DAYS MAX <= 32      0               0.0     0.0        0
DAYS MIN <= 32      2               7.1    -5.1        9
DAYS MIN <= 0       0               0.0     0.0        0

PRECIPITATION (INCHES)
RECORD
 MAXIMUM        12.80   2005
 MINIMUM         0.23   1963
TOTALS           6.64              3.96    2.68     2.28
DAILY AVG.       0.21              0.13    0.08     0.07
DAYS >= .01        10                MM      MM       13
DAYS >= .10         8                MM      MM        4
DAYS >= .50         4                MM      MM        2
DAYS >= 1.00        3                MM      MM        0
GREATEST
 24 HR. TOTAL    2.04   10/29 TO 10/30              0.84

DEGREE_DAYS
HEATING TOTAL     344               520    -176      477
 SINCE 7/1        594               788    -194      659
COOLING TOTAL      12                 1      11        0
 SINCE 1/1        287               314     -27      397
..............................................................

WIND (MPH)
AVERAGE WIND SPEED              8.8
HIGHEST WIND SPEED/DIRECTION    31/280    DATE  10/30
HIGHEST GUST SPEED/DIRECTION    50/150    DATE  10/24

SKY COVER
POSSIBLE SUNSHINE (PERCENT)   MM
AVERAGE SKY COVER           0.40
NUMBER OF DAYS FAIR           15
NUMBER OF DAYS PC              8
NUMBER OF DAYS CLOUDY          8

AVERAGE RH (PERCENT)     77

WEATHER CONDITIONS. NUMBER OF DAYS WITH
THUNDERSTORM              0     MIXED PRECIP               0
HEAVY RAIN                4     RAIN                       7
LIGHT RAIN               11     FREEZING RAIN              0
LT FREEZING RAIN          0     HEAVY SNOW                 0
SNOW                      0     LIGHT SNOW                 1
SLEET                     0     FOG                       15
FOG W/VIS <= 1/4 MILE     6     HAZE                       0

-  INDICATES NEGATIVE NUMBERS.
R  INDICATES RECORD WAS SET OR TIED.
MM INDICATES DATA IS MISSING.
T  INDICATES TRACE AMOUNT.

$$
