000
CXUS51 KPHI 031511
CLMMPO


CLIMATE REPORT
NATIONAL WEATHER SERVICE MOUNT HOLLY NJ
1011 AM EST WED FEB 3 2016

...................................

...THE POCONO_MNTS_MUNIL_AR CLIMATE SUMMARY FOR THE MONTH OF JANUARY 2016...

CLIMATE NORMAL PERIOD 1981 TO 2010
CLIMATE RECORD PERIOD 1901 TO 2016

WEATHER         OBSERVED          NORMAL  DEPART  LAST YEAR`S
                 VALUE   DATE(S)  VALUE   FROM    VALUE  DATE(S)
                                          NORMAL
................................................................
TEMPERATURE (F)
RECORD
 HIGH              69   01/26/1950
 LOW              -35   01/14/1912
HIGHEST            54                MM      MM       47
LOWEST                               MM      MM       -3
AVG. MAXIMUM     32.6              30.7     1.9     27.1
AVG. MINIMUM     15.9              15.8     0.1     12.3
MEAN             24.3              23.2     1.1     19.7
DAYS MAX >= 90      0               0.0     0.0        0
DAYS MAX <= 32     17              17.6    -0.6       22
DAYS MIN <= 32     31              28.9     2.1       30
DAYS MIN <= 0       2               2.2    -0.2        3

PRECIPITATION (INCHES)
RECORD
 MAXIMUM        10.45   1979
 MINIMUM         0.61   1990
TOTALS           3.23              2.85    0.38     1.72
DAILY AVG.       0.10              0.09    0.01     0.06
DAYS >= .01         9                MM      MM       14
DAYS >= .10         3                MM      MM        5
DAYS >= .50         2                MM      MM        0
DAYS >= 1.00        1                MM      MM        0
GREATEST
 24 HR. TOTAL    2.42   01/10 TO 01/10              0.55

SNOWFALL (INCHES)
RECORDS
 TOTAL             MM   5
 24 HR TOTAL       MM
TOTALS             MM                MM      MM       MM
SINCE 7/1          MM                MM      MM       MM
SNOWDEPTH AVG.     MM                MM      MM       MM
DAYS >= 1.0         0                MM      MM        0
GREATEST
 SNOW DEPTH        MM                                 MM  MM
 24 HR TOTAL       MM                                 MM

DEGREE_DAYS
HEATING TOTAL    1253              1294     -41     1398
 SINCE 7/1       3231              4031    -800     4001
COOLING TOTAL       0                 0       0        0
 SINCE 1/1          0                 0       0        0
.................................................................

WIND (MPH)
AVERAGE WIND SPEED              10.9
HIGHEST WIND SPEED/DIRECTION    35/310    DATE  01/19
HIGHEST GUST SPEED/DIRECTION    54/320    DATE  01/19

SKY COVER
POSSIBLE SUNSHINE (PERCENT)   MM
AVERAGE SKY COVER           0.50
NUMBER OF DAYS FAIR           12
NUMBER OF DAYS PC              8
NUMBER OF DAYS CLOUDY         11

AVERAGE RH (PERCENT)     66

WEATHER CONDITIONS. NUMBER OF DAYS WITH
THUNDERSTORM              0     MIXED PRECIP               0
HEAVY RAIN                1     RAIN                       1
LIGHT RAIN                4     FREEZING RAIN              0
LT FREEZING RAIN          2     HEAVY SNOW                 3
SNOW                      4     LIGHT SNOW                17
SLEET                     0     FOG                       11
FOG W/VIS <= 1/4 MILE     4     HAZE                       6

-  INDICATES NEGATIVE NUMBERS.
R  INDICATES RECORD WAS SET OR TIED.
MM INDICATES DATA IS MISSING.
T  INDICATES TRACE AMOUNT.

$$
