000
CXUS51 KPHI 020304 CCA
CLMMPO

CLIMATE REPORT
NATIONAL WEATHER SERVICE MOUNT HOLLY NJ
555 AM EST WED MAR 1 2017

...................................

...THE MOUNT POCONO PA CLIMATE SUMMARY FOR THE MONTH OF FEBRUARY 2017...

CLIMATE NORMAL PERIOD 1981 TO 2010
CLIMATE RECORD PERIOD 1901 TO 2017

WEATHER         OBSERVED          NORMAL  DEPART  LAST YEAR`S
                 VALUE   DATE(S)  VALUE   FROM    VALUE
                                          NORMAL
.............................................................
TEMPERATURE (F)
RECORD
 HIGH              70   02/25/1930
 LOW              -25   02/09/1934
HIGHEST            67                MM      MM       56
LOWEST              8                MM      MM      -11
AVG. MAXIMUM     40.8              34.1     6.7     36.8
AVG. MINIMUM     23.8              17.9     5.9     19.9
MEAN             32.2              26.0     6.2     28.3
DAYS MAX >= 90      0               0.0     0.0        0
DAYS MAX <= 32      7              12.3    -5.3       12
DAYS MIN <= 32     23              26.5    -3.5       26
DAYS MIN <= 0       0               0.5    -0.5        3

PRECIPITATION (INCHES)
RECORD
 MAXIMUM         9.57   1981
 MINIMUM         0.17   1933
TOTALS           2.03              2.41   -0.38     4.75
DAILY AVG.       0.07              0.09   -0.02     0.16
DAYS >= .01        10                MM      MM       14
DAYS >= .10         5                MM      MM        5
DAYS >= .50         2                MM      MM        3
DAYS >= 1.00        0                MM      MM        2
GREATEST
 24 HR. TOTAL    0.69   02/25 TO 02/25              1.91

DEGREE_DAYS
HEATING TOTAL     909              1092    -183     1054
 SINCE 7/1       4603              5123    -520     4285
COOLING TOTAL       0                 0       0        0
 SINCE 1/1          0                 0       0        0
..............................................................

WIND (MPH)
AVERAGE WIND SPEED              10.9
HIGHEST WIND SPEED/DIRECTION    36/250    DATE  02/25
HIGHEST GUST SPEED/DIRECTION    51/300    DATE  02/13

SKY COVER
POSSIBLE SUNSHINE (PERCENT)    0
AVERAGE SKY COVER           0.50
NUMBER OF DAYS FAIR            8
NUMBER OF DAYS PC             14
NUMBER OF DAYS CLOUDY          6

AVERAGE RH (PERCENT)     67

WEATHER CONDITIONS. NUMBER OF DAYS WITH
THUNDERSTORM              1     MIXED PRECIP               0
HEAVY RAIN                1     RAIN                       1
LIGHT RAIN                5     FREEZING RAIN              1
LT FREEZING RAIN          2     HEAVY SNOW                 1
SNOW                      4     LIGHT SNOW                12
SLEET                     1     FOG                       14
FOG W/VIS <= 1/4 MILE     3     HAZE                       1

-  INDICATES NEGATIVE NUMBERS.
R  INDICATES RECORD WAS SET OR TIED.
MM INDICATES DATA IS MISSING.
T  INDICATES TRACE AMOUNT.

$$
