000
CXUS51 KPHI 011248
CLMMPO


CLIMATE REPORT
NATIONAL WEATHER SERVICE MOUNT HOLLY NJ
847 AM EDT FRI JUL 1 2016

...................................

...THE POCONO_MNTS_MUNIL_AR CLIMATE SUMMARY FOR THE MONTH OF JUNE 2016...

CLIMATE NORMAL PERIOD 1981 TO 2010
CLIMATE RECORD PERIOD 1901 TO 2016

WEATHER         OBSERVED          NORMAL  DEPART  LAST YEAR`S
                 VALUE   DATE(S)  VALUE   FROM    VALUE  DATE(S)
                                          NORMAL
................................................................
TEMPERATURE (F)
RECORD
 HIGH              92   06/26/1952
                        06/09/1933
                        06/24/1914
 LOW               25   06/06/1914
HIGHEST            83                MM      MM       84
LOWEST             40                MM      MM       40
AVG. MAXIMUM     73.6              73.6     0.0     72.6
AVG. MINIMUM     51.4              53.9    -2.5     55.7
MEAN             62.5              63.7    -1.2     64.2
DAYS MAX >= 90      0               0.1    -0.1        0
DAYS MAX <= 32      0               0.0     0.0        0
DAYS MIN <= 32      0               0.0     0.0        0
DAYS MIN <= 0       0               0.0     0.0        0

PRECIPITATION (INCHES)
RECORD
 MAXIMUM        12.10   2006
 MINIMUM         0.00   1926
TOTALS           1.78              4.38   -2.60     8.77
DAILY AVG.       0.06              0.15   -0.09     0.29
DAYS >= .01         9                MM      MM       17
DAYS >= .10         7                MM      MM       13
DAYS >= .50         1                MM      MM        3
DAYS >= 1.00        0                MM      MM        2
GREATEST
 24 HR. TOTAL    0.65   06/05 TO 06/05              2.89

SNOWFALL (INCHES)
RECORDS
 TOTAL             MM   5
 24 HR TOTAL       MM
TOTALS             MM                MM      MM       MM
SINCE 7/1          MM                MM      MM       MM
SNOWDEPTH AVG.     MM                MM      MM       MM
DAYS >= 1.0         0                MM      MM        0
GREATEST
 SNOW DEPTH        MM                                 MM  MM
 24 HR TOTAL       MM                                 MM

DEGREE_DAYS
HEATING TOTAL      92               100      -8       84
 SINCE 7/1       6144              7116    -972     7378
COOLING TOTAL      25                62     -37       66
 SINCE 1/1         54                81     -27      123
.................................................................

WIND (MPH)
AVERAGE WIND SPEED              7.7
HIGHEST WIND SPEED/DIRECTION    28/300    DATE  06/12
HIGHEST GUST SPEED/DIRECTION    45/320    DATE  06/12

SKY COVER
POSSIBLE SUNSHINE (PERCENT)   MM
AVERAGE SKY COVER           0.40
NUMBER OF DAYS FAIR           21
NUMBER OF DAYS PC              4
NUMBER OF DAYS CLOUDY          5

AVERAGE RH (PERCENT)     68

WEATHER CONDITIONS. NUMBER OF DAYS WITH
THUNDERSTORM              0     MIXED PRECIP               0
HEAVY RAIN                1     RAIN                       4
LIGHT RAIN               13     FREEZING RAIN              0
LT FREEZING RAIN          0     HEAVY SNOW                 0
SNOW                      0     LIGHT SNOW                 0
SLEET                     0     FOG                        7
FOG W/VIS <= 1/4 MILE     4     HAZE                       2

-  INDICATES NEGATIVE NUMBERS.
R  INDICATES RECORD WAS SET OR TIED.
MM INDICATES DATA IS MISSING.
T  INDICATES TRACE AMOUNT.

$$
