000
CXUS51 KPHI 040918
CLMMPO

CLIMATE REPORT
NATIONAL WEATHER SERVICE MOUNT HOLLY NJ
505 AM EDT TUE JUL 4 2017

...................................

...THE MOUNT POCONO PA CLIMATE SUMMARY FOR THE MONTH OF JUNE 2017...

CLIMATE NORMAL PERIOD 1981 TO 2010
CLIMATE RECORD PERIOD 1901 TO 2017

WEATHER         OBSERVED          NORMAL  DEPART  LAST YEAR`S
                 VALUE   DATE(S)  VALUE   FROM    VALUE
                                          NORMAL
.............................................................
TEMPERATURE (F)
RECORD
 HIGH              92   06/26/1952
                        06/09/1933
                        06/24/1914
 LOW               25   06/06/1914
HIGHEST            87                MM      MM       83
LOWEST             36                MM      MM       40
AVG. MAXIMUM     72.9              73.6    -0.7     73.6
AVG. MINIMUM     52.2              53.9    -1.7     51.4
MEAN             62.6              63.7    -1.1     62.5
DAYS MAX >= 90      0               0.1    -0.1        0
DAYS MAX <= 32      0               0.0     0.0        0
DAYS MIN <= 32      0               0.0     0.0        0
DAYS MIN <= 0       0               0.0     0.0        0

PRECIPITATION (INCHES)
RECORD
 MAXIMUM        12.10   2006
 MINIMUM         0.00   1926
TOTALS           3.80              4.38   -0.58     1.78
DAILY AVG.       0.13              0.15   -0.02     0.06
DAYS >= .01        14                MM      MM        9
DAYS >= .10         7                MM      MM        7
DAYS >= .50         2                MM      MM        1
DAYS >= 1.00        2                MM      MM        0
GREATEST
 24 HR. TOTAL    1.41   06/06 TO 06/06              0.65

DEGREE_DAYS
HEATING TOTAL     127               100      27       92
 SINCE 7/1       6651              7116    -465     6144
COOLING TOTAL      61                62      -1       25
 SINCE 1/1         79                81      -2       54
..............................................................

WIND (MPH)
AVERAGE WIND SPEED              7.8
HIGHEST WIND SPEED/DIRECTION    23/290    DATE  06/24
HIGHEST GUST SPEED/DIRECTION    35/250    DATE  06/02

SKY COVER
POSSIBLE SUNSHINE (PERCENT)   MM
AVERAGE SKY COVER           0.40
NUMBER OF DAYS FAIR           14
NUMBER OF DAYS PC             12
NUMBER OF DAYS CLOUDY          4

AVERAGE RH (PERCENT)     76

WEATHER CONDITIONS. NUMBER OF DAYS WITH
THUNDERSTORM              6     MIXED PRECIP               0
HEAVY RAIN                3     RAIN                       4
LIGHT RAIN               17     FREEZING RAIN              0
LT FREEZING RAIN          0     HEAVY SNOW                 0
SNOW                      0     LIGHT SNOW                 0
SLEET                     0     FOG                       14
FOG W/VIS <= 1/4 MILE     4     HAZE                       0

-  INDICATES NEGATIVE NUMBERS.
R  INDICATES RECORD WAS SET OR TIED.
MM INDICATES DATA IS MISSING.
T  INDICATES TRACE AMOUNT.

$$
