000
CXUS51 KPHI 011127
CLMMPO


CLIMATE REPORT
NATIONAL WEATHER SERVICE MOUNT HOLLY NJ
727 AM EDT FRI MAY 1 2015

...................................

...THE POCONO_MNTS_MUNIL_AR CLIMATE SUMMARY FOR THE MONTH OF APRIL 2015...

CLIMATE NORMAL PERIOD 1981 TO 2010
CLIMATE RECORD PERIOD 1901 TO 2015

WEATHER         OBSERVED          NORMAL  DEPART  LAST YEAR`S
                 VALUE   DATE(S)  VALUE   FROM    VALUE  DATE(S)
                                          NORMAL
................................................................
TEMPERATURE (F)
RECORD
 HIGH              88   04/18/1976
                        04/26/1915
                        04/25/1915
 LOW                0   04/16/1908
HIGHEST            74                MM      MM       74
LOWEST             25                MM      MM       19
AVG. MAXIMUM     55.8              55.2     0.6     55.2
AVG. MINIMUM     36.0              35.4     0.6     34.3
MEAN             45.9              45.3     0.6     44.8
DAYS MAX >= 90      0               0.0     0.0        0
DAYS MAX <= 32      0               0.5    -0.5        0
DAYS MIN <= 32     11              10.8     0.2       12
DAYS MIN <= 0       0               0.0     0.0        0

PRECIPITATION (INCHES)
RECORD
 MAXIMUM        11.65   1983
 MINIMUM         0.00   1914
TOTALS           3.14              4.02   -0.88     5.85
DAILY AVG.       0.10              0.13   -0.03     0.19
DAYS >= .01        14                MM      MM       11
DAYS >= .10         9                MM      MM        7
DAYS >= .50         1                MM      MM        2
DAYS >= 1.00        1                MM      MM        2
GREATEST
 24 HR. TOTAL    1.68   04/20 TO 04/21              2.60

SNOWFALL (INCHES)
RECORDS
 TOTAL             MM   5
 24 HR TOTAL       MM
TOTALS             MM                MM      MM       MM
SINCE 7/1          MM                MM      MM       MM
SNOWDEPTH AVG.     MM                MM      MM       MM
DAYS >= 1.0         0                MM      MM        0
GREATEST
 SNOW DEPTH        MM                                 MM  MM
 24 HR TOTAL       MM                                 MM

DEGREE_DAYS
HEATING TOTAL     565               596     -31      598
 SINCE 7/1       7126              6694     432     7201
COOLING TOTAL       0                 4      -4        0
 SINCE 1/1          0                 4      -4        0
.................................................................

WIND (MPH)
AVERAGE WIND SPEED              10.9
HIGHEST WIND SPEED/DIRECTION    39/280    DATE  04/20
HIGHEST GUST SPEED/DIRECTION    55/280    DATE  04/20

SKY COVER
POSSIBLE SUNSHINE (PERCENT)   MM
AVERAGE SKY COVER           0.50
NUMBER OF DAYS FAIR           12
NUMBER OF DAYS PC              9
NUMBER OF DAYS CLOUDY          9

AVERAGE RH (PERCENT)     60

WEATHER CONDITIONS. NUMBER OF DAYS WITH
THUNDERSTORM              0     MIXED PRECIP               0
HEAVY RAIN                4     RAIN                       5
LIGHT RAIN               17     FREEZING RAIN              0
LT FREEZING RAIN          0     HEAVY SNOW                 0
SNOW                      0     LIGHT SNOW                 3
SLEET                     0     FOG                       11
FOG W/VIS <= 1/4 MILE     7     HAZE                       2

-  INDICATES NEGATIVE NUMBERS.
R  INDICATES RECORD WAS SET OR TIED.
MM INDICATES DATA IS MISSING.
T  INDICATES TRACE AMOUNT.

$$
