000
CXUS51 KBTV 011355
CLMMPV


CLIMATE REPORT
NATIONAL WEATHER SERVICE BURLINGTON VT
948 AM EDT MON SEP 1 2014

...................................

...THE MONTPELIER VT CLIMATE SUMMARY FOR THE MONTH OF AUGUST 2014...

CLIMATE NORMAL PERIOD 1981 TO 2010
CLIMATE RECORD PERIOD 1948 TO 2014

WEATHER         OBSERVED          NORMAL  DEPART  LAST YEAR`S
                 VALUE   DATE(S)  VALUE   FROM    VALUE  DATE(S)
                                          NORMAL
................................................................
TEMPERATURE (F)
RECORD
 HIGH              97   MM
 LOW               42   08/07/2010
                        08/28/2009
                        08/27/2009
HIGHEST            84   08/11        MM      MM       83  08/22
                                                          08/21
LOWEST             45   08/19        MM      MM       44  08/06
AVG. MAXIMUM     74.4              76.7    -2.3     75.0
AVG. MINIMUM     52.7              53.8    -1.1     52.9
MEAN             63.6              65.3    -1.7     64.0
DAYS MAX >= 90      0               0.4    -0.4        0
DAYS MAX <= 32      0               0.0     0.0        0
DAYS MIN <= 32      0               0.0     0.0        0
DAYS MIN <= 0       0               0.0     0.0        0

PRECIPITATION (INCHES)
RECORD
 MAXIMUM        10.69   1989
 MINIMUM           MM   MM
TOTALS           2.79              4.01   -1.22     2.33
DAILY AVG.       0.09              0.13   -0.04     0.08
DAYS >= .01        11              11.7    -0.7       14
DAYS >= .10         5               7.2    -2.2        9
DAYS >= .50         2               2.9    -0.9        1
DAYS >= 1.00        1               0.9     0.1        0
GREATEST
 24 HR. TOTAL    1.24   08/13 TO 08/13           08/09 TO 08/09

DEGREE_DAYS
COOLING TOTAL      34                76     -42       54
 SINCE 1/1        166               244     -78      294
..................................................

WIND (MPH)
AVERAGE WIND SPEED              4.1
HIGHEST WIND SPEED/DIRECTION    26/290    DATE  08/05
HIGHEST GUST SPEED/DIRECTION    33/280    DATE  08/05

SKY COVER
POSSIBLE SUNSHINE (PERCENT)   MM
AVERAGE SKY COVER           0.50
NUMBER OF DAYS FAIR           11
NUMBER OF DAYS PC             13
NUMBER OF DAYS CLOUDY          7

AVERAGE RH (PERCENT)     76

WEATHER CONDITIONS. NUMBER OF DAYS WITH
THUNDERSTORM              0     MIXED PRECIP               0
HEAVY RAIN                3     RAIN                       4
LIGHT RAIN               13     FREEZING RAIN              0
LT FREEZING RAIN          0     HAIL                       0
HEAVY SNOW                0     SNOW                       0
LIGHT SNOW                0     SLEET                      0
FOG                      26     FOG W/VIS <= 1/4 MILE     14
HAZE                      2

-  INDICATES NEGATIVE NUMBERS.
R  INDICATES RECORD WAS SET OR TIED.
MM INDICATES DATA IS MISSING.
T  INDICATES TRACE AMOUNT.

$$
