000
CXUS51 KBTV 011350
CLMMPV


CLIMATE REPORT
NATIONAL WEATHER SERVICE BURLINGTON VT
947 AM EDT WED APR 1 2015

...................................

...THE MONTPELIER VT CLIMATE SUMMARY FOR THE MONTH OF MARCH 2015...

CLIMATE NORMAL PERIOD 1981 TO 2010
CLIMATE RECORD PERIOD 1948 TO 2015

WEATHER         OBSERVED          NORMAL  DEPART  LAST YEAR`S
                 VALUE   DATE(S)  VALUE   FROM    VALUE  DATE(S)
                                          NORMAL
................................................................
TEMPERATURE (F)
RECORD
 HIGH              82   03/31/1998
 LOW              -18   03/19/1967
HIGHEST            48   03/26        MM      MM       45  03/28
                        03/10
LOWEST            -16   03/06        MM      MM      -16  03/04
AVG. MAXIMUM     32.5              39.0    -6.5     29.9
AVG. MINIMUM     12.0              18.9    -6.9      6.1
MEAN             22.2              28.9    -6.7     18.0
DAYS MAX >= 90      0               0.0     0.0        0
DAYS MAX <= 32     14               7.6     6.4       17
DAYS MIN <= 32     30              27.6     2.4       31
DAYS MIN <= 0       5               2.0     3.0       12

PRECIPITATION (INCHES)
RECORD
 MAXIMUM         5.13   2013
 MINIMUM         0.38   1965
TOTALS           0.84              2.39   -1.55     3.05
DAILY AVG.       0.03              0.08   -0.05     0.10
DAYS >= .01        13              11.3     1.7       13
DAYS >= .10         3               6.1    -3.1        7
DAYS >= .50         0               1.3    -1.3        2
DAYS >= 1.00        0               0.3    -0.3        1
GREATEST
 24 HR. TOTAL    0.39   03/26 TO 03/26

DEGREE_DAYS
HEATING TOTAL    1321              1117     204     1449
 SINCE 7/1       7659              7025     634     7614
COOLING TOTAL       0                 0       0        0
 SINCE 1/1          0                 0       0        0
........................................................

WIND (MPH)
AVERAGE WIND SPEED              7.7
HIGHEST WIND SPEED/DIRECTION    30/310    DATE  03/23
HIGHEST GUST SPEED/DIRECTION    47/300    DATE  03/17

SKY COVER
POSSIBLE SUNSHINE (PERCENT)   MM
AVERAGE SKY COVER           0.50
NUMBER OF DAYS FAIR           12
NUMBER OF DAYS PC             11
NUMBER OF DAYS CLOUDY          8

AVERAGE RH (PERCENT)     64

WEATHER CONDITIONS. NUMBER OF DAYS WITH
THUNDERSTORM              0     MIXED PRECIP               0
HEAVY RAIN                0     RAIN                       1
LIGHT RAIN                2     FREEZING RAIN              0
LT FREEZING RAIN          1     HAIL                       0
HEAVY SNOW                0     SNOW                       5
LIGHT SNOW               16     SLEET                      0
FOG                      17     FOG W/VIS <= 1/4 MILE      4
HAZE                     14

-  INDICATES NEGATIVE NUMBERS.
R  INDICATES RECORD WAS SET OR TIED.
MM INDICATES DATA IS MISSING.
T  INDICATES TRACE AMOUNT.

$$
