000
CXUS53 KMPX 021556
CLMMPX


CLIMATE REPORT
NATIONAL WEATHER SERVICE CHANHASSEN MN
956 AM CST TUE DEC 2 2014

...................................

...THE CHANHASSEN MN CLIMATE SUMMARY FOR THE MONTH OF NOVEMBER 2014...

CLIMATE NORMAL PERIOD 1981 TO 2010
CLIMATE RECORD PERIOD 1995 TO 2014

WEATHER         OBSERVED          NORMAL  DEPART  LAST YEAR`S
                 VALUE   DATE(S)  VALUE   FROM    VALUE  DATE(S)
                                          NORMAL
................................................................
TEMPERATURE (F)
RECORD
 HIGH              MM   MM
 LOW               -5   11/27/2014
HIGHEST            57   11/02        MM      MM       55  11/15
LOWEST             -5R  11/27        MM      MM        4  11/24
AVG. MAXIMUM     31.6              40.3    -8.7     39.4
AVG. MINIMUM     16.6              25.0    -8.4     21.9
MEAN             24.1              32.7    -8.6     30.6
DAYS MAX >= 90      0                                  0
DAYS MAX <= 32     18                                  7
DAYS MIN <= 32     26                                 25
DAYS MIN <= 0       2                                  0

PRECIPITATION (INCHES)
RECORD
 MAXIMUM           MM   MM
 MINIMUM           MM   MM
TOTALS           0.73              1.97   -1.24     0.51
DAILY AVG.       0.02                               0.02
DAYS >= .01        13                                  5
DAYS >= .10         3                                  2
DAYS >= .50         0                                  0
DAYS >= 1.00        0                                  0
GREATEST
 24 HR. TOTAL    0.26   11/10 TO 11/10              0.24

SNOWFALL (INCHES)
RECORDS
 TOTAL             MM   MM
TOTALS            8.1               5.4     2.7      1.8
SINCE 7/1         8.1               5.8     2.3      1.8
SNOWDEPTH AVG.      1                                  0
DAYS >= 1.0         3                                  1
GREATEST
 SNOW DEPTH         3   11/21                          1  11/06
                        11/20
                        11/19
 24 HR TOTAL      2.0   11/26 TO 11/26

DEGREE_DAYS
HEATING TOTAL    1220               971     249     1022
 SINCE 7/1       1937              1707     230     1722
COOLING TOTAL       0                 0       0        0
 SINCE 1/1        514               605     -91      667
.................................................................

WIND (MPH)
AVERAGE WIND SPEED              MM
RESULTANT WIND SPEED/DIRECTION  MM
HIGHEST WIND SPEED/DIRECTION    MM        DATE   MM
HIGHEST GUST SPEED/DIRECTION    MM        DATE   MM

SKY COVER
POSSIBLE SUNSHINE (PERCENT)   MM
AVERAGE SKY COVER             MM
NUMBER OF DAYS FAIR            0
NUMBER OF DAYS PC              0
NUMBER OF DAYS CLOUDY          0

AVERAGE RH (PERCENT)     MM

WEATHER CONDITIONS. NUMBER OF DAYS WITH
THUNDERSTORM              0     MIXED PRECIP               0
HEAVY RAIN                0     RAIN                       0
LIGHT RAIN                0     FREEZING RAIN              0
LT FREEZING RAIN          0     HAIL                       0
HEAVY SNOW                0     SNOW                       0
LIGHT SNOW                0     SLEET                      0
FOG                       0     FOG W/VIS <= 1/4 MILE      0
HAZE                      0

-  INDICATES NEGATIVE NUMBERS.
R  INDICATES RECORD WAS SET OR TIED.
MM INDICATES DATA IS MISSING.
T  INDICATES TRACE AMOUNT.

$$
