757
CXUS54 KHUN 032029
CLMMSL


CLIMATE REPORT
NATIONAL WEATHER SERVICE HUNTSVILLE AL
227 PM CST WED FEB 3 2016

...................................

...THE MUSCLE SHOALS CLIMATE SUMMARY FOR THE MONTH OF JANUARY 2016...

CLIMATE NORMAL PERIOD 1981 TO 2010
CLIMATE RECORD PERIOD 1893 TO 2016

WEATHER         OBSERVED          NORMAL  DEPART  LAST YEAR`S
                 VALUE   DATE(S)  VALUE   FROM    VALUE
                                          NORMAL
.............................................................
TEMPERATURE (F)
RECORD
 HIGH              84   01/17/1936
 LOW              -11   01/21/1985
HIGHEST            70   01/31        MM      MM       67
LOWEST             16   01/11        MM      MM        8
AVG. MAXIMUM     49.8              50.7    -0.9     49.9
AVG. MINIMUM     30.6              31.3    -0.7     30.5
MEAN             40.2              41.0    -0.8     40.2
DAYS MAX >= 90      0               0.0     0.0        0
DAYS MAX <= 32      1               1.3    -0.3        2
DAYS MIN <= 32     20              17.1     2.9       17
DAYS MIN <= 0       0               0.1    -0.1        0

PRECIPITATION (INCHES)
RECORD
 MAXIMUM        13.09   1950
 MINIMUM         0.60   986
TOTALS           3.65              4.61   -0.96     4.17
DAILY AVG.       0.12              0.15   -0.03
DAYS >= .01         8               9.8    -1.8       10
DAYS >= .10         6               6.5    -0.5        5
DAYS >= .50         2               2.7    -0.7        2
DAYS >= 1.00        1               1.3    -0.3        2
GREATEST
 24 HR. TOTAL    2.12   01/21 TO 01/22              1.58

SNOWFALL (INCHES)
RECORDS
 TOTAL           10.6   1966
 24 HR TOTAL     10.5   01/18/1893 TO 01/18/1893
TOTALS              T               0.4    -0.4        T
SINCE 7/1           T               0.8    -0.8        T
DAYS >= TRACE       2               0.4     1.6
DAYS >= 1.0         0               0.2    -0.2
GREATEST
 24 HR TOTAL        T   01/22 TO 01/22                 T
                        01/10 TO 01/10

DEGREE_DAYS
HEATING TOTAL     761               744      17      759
 SINCE 7/1       1479              1980    -501     1975
COOLING TOTAL       0                 0       0        0
 SINCE 1/1          0                 0       0        0

FREEZE DATES
RECORD
 EARLIEST     10/03/1908
 LATEST       04/27/1919
EARLIEST                        11/07
LATEST                          03/28
..............................................................

WIND (MPH)
AVERAGE WIND SPEED              6.8
HIGHEST WIND SPEED/DIRECTION    31/150    DATE  01/09
HIGHEST GUST SPEED/DIRECTION    43/150    DATE  01/09

AVERAGE RH (PERCENT)     65


-  INDICATES NEGATIVE NUMBERS.
R  INDICATES RECORD WAS SET OR TIED.
MM INDICATES DATA IS MISSING.
T  INDICATES TRACE AMOUNT.

$$
