000
CXUS54 KHUN 011517
CLMMSL


CLIMATE REPORT
NATIONAL WEATHER SERVICE HUNTSVILLE AL
1016 AM CDT SAT AUG 1 2015

...................................

...THE MUSCLE SHOALS CLIMATE SUMMARY FOR THE MONTH OF JULY 2015...

CLIMATE NORMAL PERIOD 1981 TO 2010
CLIMATE RECORD PERIOD 1893 TO 2015

WEATHER         OBSERVED          NORMAL  DEPART  LAST YEAR`S
                 VALUE   DATE(S)  VALUE   FROM    VALUE
                                          NORMAL
.............................................................
TEMPERATURE (F)
RECORD
 HIGH             108   07/29/1930
                        07/28/1930
                        07/13/1930
 LOW               49   07/01/1937
HIGHEST            98   07/18        MM      MM       96
LOWEST             68   07/06        MM      MM       55
                        07/05
AVG. MAXIMUM     92.5              90.8     1.7     87.7
AVG. MINIMUM     71.9              70.0     1.9     65.5
MEAN             82.2              80.4     1.8     76.6
DAYS MAX >= 90     24              18.2     5.8       13
DAYS MAX <= 32      0               0.0     0.0        0
DAYS MIN <= 32      0               0.0     0.0        0
DAYS MIN <= 0       0               0.0     0.0        0

PRECIPITATION (INCHES)
RECORD
 MAXIMUM        14.60   1916
 MINIMUM         0.77   1935
TOTALS           4.73              4.30    0.43     5.02
DAILY AVG.       0.15              0.14    0.01
DAYS >= .01        11              10.2     0.8        6
DAYS >= .10         7               7.0     0.0        5
DAYS >= .50         4               2.7     1.3        2
DAYS >= 1.00        2               1.1     0.9        2
GREATEST
 24 HR. TOTAL    1.66   07/02 TO 07/03              2.60

SNOWFALL (INCHES)
RECORDS
 TOTAL            0.0   2002
                        2001
                        2000
 24 HR TOTAL      0.0   MM
TOTALS            0.0               0.0     0.0      0.0
SINCE 7/1         0.0               0.0     0.0      0.0
DAYS >= TRACE       0               0.0     0.0
DAYS >= 1.0         0               0.0     0.0
GREATEST
 24 HR TOTAL      0.0   07/31 TO 07/31               0.0

DEGREE_DAYS
HEATING TOTAL       0                 0       0        0
 SINCE 7/1          0                 0       0        0
COOLING TOTAL     542               477      65      367
 SINCE 1/1       1254              1083     171     1025

FREEZE DATES
RECORD
 EARLIEST     10/03/1908
 LATEST       04/27/1919
EARLIEST                        11/07
LATEST                          03/28
..............................................................

WIND (MPH)
AVERAGE WIND SPEED              MM
HIGHEST WIND SPEED/DIRECTION    MM        DATE   MM
HIGHEST GUST SPEED/DIRECTION    54/350    DATE  07/14

AVERAGE RH (PERCENT)     70


-  INDICATES NEGATIVE NUMBERS.
R  INDICATES RECORD WAS SET OR TIED.
MM INDICATES DATA IS MISSING.
T  INDICATES TRACE AMOUNT.

$$
