000
CXUS54 KHUN 031406
CLMMSL


CLIMATE REPORT
NATIONAL WEATHER SERVICE HUNTSVILLE AL
904 AM CDT WED JUN 3 2015

...................................

...THE MUSCLE SHOALS CLIMATE SUMMARY FOR THE MONTH OF MAY 2015...

CLIMATE NORMAL PERIOD 1981 TO 2010
CLIMATE RECORD PERIOD 1893 TO 2015

WEATHER         OBSERVED          NORMAL  DEPART  LAST YEAR`S
                 VALUE   DATE(S)  VALUE   FROM    VALUE
                                          NORMAL
.............................................................
TEMPERATURE (F)
RECORD
 HIGH              99   05/29/1941
 LOW               32   05/02/1909
HIGHEST            90   05/10        MM      MM       90
LOWEST             44   05/02        MM      MM       43
AVG. MAXIMUM     82.2              80.9     1.3     82.3
AVG. MINIMUM     58.9              58.7     0.2     58.2
MEAN             70.5              69.8     0.7     70.2
DAYS MAX >= 90      1               2.4    -1.4        2
DAYS MAX <= 32      0               0.0     0.0        0
DAYS MIN <= 32      0               0.0     0.0        0
DAYS MIN <= 0       0               0.0     0.0        0

PRECIPITATION (INCHES)
RECORD
 MAXIMUM        11.86   1983
 MINIMUM         0.16   1941
TOTALS           5.01              5.12   -0.11       MM
DAILY AVG.       0.16              0.17   -0.01
DAYS >= .01        11              11.3    -0.3        6
DAYS >= .10         6               7.3    -1.3        1
DAYS >= .50         4               3.5     0.5        1
DAYS >= 1.00        3               1.7     1.3        1
GREATEST
 24 HR. TOTAL    1.49   05/24 TO 05/25                MM

SNOWFALL (INCHES)
RECORDS
 TOTAL              T   1989
 24 HR TOTAL      0.0   MM
TOTALS            0.0               0.0     0.0      0.0
SINCE 7/1         4.2               2.2     2.0      1.4
DAYS >= TRACE       0               0.0     0.0
DAYS >= 1.0         0               0.0     0.0
GREATEST
 24 HR TOTAL      0.0   05/31 TO 05/31               0.0

DEGREE_DAYS
HEATING TOTAL      19                30     -11       42
 SINCE 7/1       3233              3103     130     3395
COOLING TOTAL     198               179      19      212
 SINCE 1/1        254               244      10      257

FREEZE DATES
RECORD
 EARLIEST     10/03/1908
 LATEST       04/27/1919
EARLIEST                        11/07
LATEST                          03/28
..............................................................

WIND (MPH)
AVERAGE WIND SPEED              5.1
HIGHEST WIND SPEED/DIRECTION    36/260    DATE  05/31
HIGHEST GUST SPEED/DIRECTION    44/260    DATE  05/31

AVERAGE RH (PERCENT)     68


-  INDICATES NEGATIVE NUMBERS.
R  INDICATES RECORD WAS SET OR TIED.
MM INDICATES DATA IS MISSING.
T  INDICATES TRACE AMOUNT.

$$
