000
CXUS54 KHUN 021920
CLMMSL


CLIMATE REPORT
NATIONAL WEATHER SERVICE HUNTSVILLE AL
119 PM CST THU MAR 2 2017

...................................

...THE MUSCLE SHOALS CLIMATE SUMMARY FOR THE MONTH OF FEBRUARY 2017...

CLIMATE NORMAL PERIOD 1981 TO 2010
CLIMATE RECORD PERIOD 1893 TO 2017

WEATHER         OBSERVED          NORMAL  DEPART  LAST YEAR`S
                 VALUE   DATE(S)  VALUE   FROM    VALUE
                                          NORMAL
.............................................................
TEMPERATURE (F)
RECORD
 HIGH              83   02/23/2012
                        02/13/1962
                        02/05/2000
 LOW              -13   02/14/1905
HIGHEST            81   02/24        MM      MM       73
LOWEST             24   02/04        MM      MM       19
AVG. MAXIMUM     64.4              55.4     9.0     56.8
AVG. MINIMUM     42.4              35.0     7.4     36.8
MEAN             53.4              45.2     8.2     46.8
DAYS MAX >= 90      0               0.0     0.0        0
DAYS MAX <= 32      0               0.5    -0.5        0
DAYS MIN <= 32      6              11.5    -5.5       13
DAYS MIN <= 0       0               0.0     0.0        0

PRECIPITATION (INCHES)
RECORD
 MAXIMUM        13.64   1948
 MINIMUM         0.51   1978
TOTALS           2.52              4.66   -2.14     3.48
DAILY AVG.       0.09              0.17   -0.08
DAYS >= .01        14              10.6     3.4       10
DAYS >= .10         5               7.0    -2.0        6
DAYS >= .50         2               2.9    -0.9        3
DAYS >= 1.00        0               1.1    -1.1        1
GREATEST
 24 HR. TOTAL    0.75   02/06 TO 02/06              1.17
                        02/05 TO 02/06
                        02/06 TO 02/06

SNOWFALL (INCHES)
RECORDS
 TOTAL           12.0   1910
 24 HR TOTAL       MM
TOTALS            0.0               1.0    -1.0        T
SINCE 7/1           T               1.8    -1.8        T
DAYS >= TRACE       0               0.6    -0.6
DAYS >= 1.0         0               0.4    -0.4
GREATEST
 24 HR TOTAL      0.0   02/28 TO 02/28                 T

DEGREE_DAYS
HEATING TOTAL     324               555    -231      522
 SINCE 7/1       1680              2535    -855     2001
COOLING TOTAL       4                 1       3        0
 SINCE 1/1          8                 1       7        0

FREEZE DATES
RECORD
 EARLIEST     10/03/1908
 LATEST       04/27/1919
EARLIEST      02/03             11/07
LATEST                          03/28
..............................................................

WIND (MPH)
AVERAGE WIND SPEED              7.2
HIGHEST WIND SPEED/DIRECTION    30/210    DATE  02/24
HIGHEST GUST SPEED/DIRECTION    39/210    DATE  02/24

AVERAGE RH (PERCENT)     64


-  INDICATES NEGATIVE NUMBERS.
R  INDICATES RECORD WAS SET OR TIED.
MM INDICATES DATA IS MISSING.
T  INDICATES TRACE AMOUNT.

$$
