000
CXUS53 KMKX 012103 RRB
CLMMSN

CLIMATE REPORT
NATIONAL WEATHER SERVICE IN MILWAUKEE
228 PM CST MON DEC 1 2014

...................................

...THE MADISON WI CLIMATE SUMMARY FOR THE MONTH OF NOVEMBER 2014...

CLIMATE NORMAL PERIOD 1981 TO 2010
CLIMATE RECORD PERIOD 1871 TO 2014

WEATHER         OBSERVED          NORMAL  DEPART  LAST YEAR`S
                 VALUE   DATE(S)  VALUE   FROM    VALUE  DATE(S)
                                          NORMAL
................................................................
TEMPERATURE (F)
RECORD
 HIGH              77   11/01/1933
 LOW              -14   11/28/1887
HIGHEST            60   11/04        63      -3       58  11/17
                        11/03                             11/16
LOWEST              2   11/21         9      -7        8  11/29
AVG. MAXIMUM     38.2              44.1    -5.9     42.5
AVG. MINIMUM     21.9              28.2    -6.3     26.9
MEAN             30.1              36.2    -6.1     34.7
DAYS MAX >= 90      0               0.0     0.0        0
DAYS MAX <= 32     14               4.4     9.6        7
DAYS MIN <= 32     23              19.6     3.4       18
DAYS MIN <= 0       0               0.1    -0.1        0

PRECIPITATION (INCHES)
RECORD
 MAXIMUM         7.86   1934
 MINIMUM         0.03   1904
TOTALS           1.54              2.39   -0.85     2.20
DAILY AVG.       0.05              0.08   -0.03     0.07
DAYS >= .01        15              10.6     4.4       11
DAYS >= .10         4               5.5    -1.5        6
DAYS >= .50         1               1.3    -0.3        1
DAYS >= 1.00        0               0.5    -0.5        0
GREATEST
 24 HR. TOTAL    0.70   11/23 TO 11/23              0.95 11/17

SNOWFALL (INCHES)
RECORDS
 TOTAL           18.3   1895
TOTALS            8.3               3.6     4.7      3.5
SINCE 7/1         8.5               4.1     4.4      3.5
SNOWDEPTH AVG.      1                MM      MM        0
DAYS >= 1.0         2               1.2     0.8        2
GREATEST
 SNOW DEPTH         5   11/25                          1  11/29
                                                          11/28
                                                          11/27
 24 HR TOTAL      5.3   11/24 TO 11/24               1.5  11/25

DEGREE_DAYS
HEATING TOTAL    1041               866     175      901
 SINCE 7/1       1684              1579     105     1519
COOLING TOTAL       0                 0       0        0
 SINCE 1/1        620               568      52      709
.................................................................

WIND (MPH)
AVERAGE WIND SPEED              8.2
HIGHEST WIND SPEED/DIRECTION    23/170    DATE  11/02
HIGHEST GUST SPEED/DIRECTION    34/320    DATE  11/08

SKY COVER
POSSIBLE SUNSHINE (PERCENT)   MM
AVERAGE SKY COVER           0.70
NUMBER OF DAYS FAIR            3
NUMBER OF DAYS PC             14
NUMBER OF DAYS CLOUDY         13

AVERAGE RH (PERCENT)     71

WEATHER CONDITIONS. NUMBER OF DAYS WITH
THUNDERSTORM              0     MIXED PRECIP               0
HEAVY RAIN                0     RAIN                       3
LIGHT RAIN               11     FREEZING RAIN              0
LT FREEZING RAIN          1     HAIL                       0
HEAVY SNOW                0     SNOW                       2
LIGHT SNOW               15     SLEET                      2
FOG                      15     FOG W/VIS <= 1/4 MILE      2
HAZE                      7

-  INDICATES NEGATIVE NUMBERS.
R  INDICATES RECORD WAS SET OR TIED.
MM INDICATES DATA IS MISSING.
T  INDICATES TRACE AMOUNT.

$$
