000
CXUS53 KMKX 011450
CLMMSN


CLIMATE REPORT
NATIONAL WEATHER SERVICE IN MILWAUKEE
941 AM CDT WED JUL 1 2015

...................................

...THE MADISON WI CLIMATE SUMMARY FOR THE MONTH OF JUNE 2015...

CLIMATE NORMAL PERIOD 1981 TO 2010
CLIMATE RECORD PERIOD 1871 TO 2015

WEATHER         OBSERVED          NORMAL  DEPART  LAST YEAR`S
                 VALUE   DATE(S)  VALUE   FROM    VALUE  DATE(S)
                                          NORMAL
................................................................
TEMPERATURE (F)
RECORD
 HIGH             101   06/20/1988
 LOW               31   06/10/1972
HIGHEST            90   06/09        90       0       88  06/27
                                                          06/01
LOWEST             38   06/02        43      -5       47  06/09
                        06/01
AVG. MAXIMUM     77.5              77.9    -0.4     80.3
AVG. MINIMUM     56.7              56.1     0.6     60.6
MEAN             67.1              67.0     0.1     70.4
DAYS MAX >= 90      1               1.3    -0.3        0
DAYS MAX <= 32      0               0.0     0.0        0
DAYS MIN <= 32      0               0.0     0.0        0
DAYS MIN <= 0       0               0.0     0.0        0

PRECIPITATION (INCHES)
RECORD
 MAXIMUM        10.93   2008
 MINIMUM         0.31   2012
TOTALS           3.15              4.54   -1.39     9.55
DAILY AVG.       0.11              0.15   -0.04     0.32
DAYS >= .01        11              11.1    -0.1       15
DAYS >= .10         4               7.3    -3.3       10
DAYS >= .50         3               2.7     0.3        8
DAYS >= 1.00        1               1.2    -0.2        4
GREATEST
 24 HR. TOTAL    1.90   06/11 TO 06/12              2.68

DEGREE_DAYS
HEATING TOTAL      37                60     -23        9
 SINCE 7/1       7367              7333      34     8057
COOLING TOTAL     111               120      -9      182
 SINCE 1/1        161               150      11      233
.................................................................

WIND (MPH)
AVERAGE WIND SPEED              6.1
HIGHEST WIND SPEED/DIRECTION    30/190    DATE  06/22
HIGHEST GUST SPEED/DIRECTION    38/200    DATE  06/22

SKY COVER
POSSIBLE SUNSHINE (PERCENT)   MM
AVERAGE SKY COVER           0.60
NUMBER OF DAYS FAIR            5
NUMBER OF DAYS PC             19
NUMBER OF DAYS CLOUDY          6

AVERAGE RH (PERCENT)     69

WEATHER CONDITIONS. NUMBER OF DAYS WITH
THUNDERSTORM              6     MIXED PRECIP               0
HEAVY RAIN                3     RAIN                       3
LIGHT RAIN               12     FREEZING RAIN              0
LT FREEZING RAIN          0     HAIL                       0
HEAVY SNOW                0     SNOW                       0
LIGHT SNOW                0     SLEET                      0
FOG                      16     FOG W/VIS <= 1/4 MILE      1
HAZE                      8

-  INDICATES NEGATIVE NUMBERS.
R  INDICATES RECORD WAS SET OR TIED.
MM INDICATES DATA IS MISSING.
T  INDICATES TRACE AMOUNT.

$$
