000
CXUS53 KMKX 031658 CCA
CLMMSN

CLIMATE REPORT...CORRECTED
NATIONAL WEATHER SERVICE IN MILWAUKEE
1159 AM CDT THU APR 3 2014

...................................

...THE MADISON WI CLIMATE SUMMARY FOR THE MONTH OF MARCH 2014...

CLIMATE NORMAL PERIOD 1981 TO 2010
CLIMATE RECORD PERIOD 1871 TO 2014

WEATHER         OBSERVED          NORMAL  DEPART  LAST YEAR`S
                 VALUE   DATE(S)  VALUE   FROM    VALUE  DATE(S)
                                          NORMAL
................................................................
TEMPERATURE (F)
RECORD
 HIGH              83   03/21/2012
 LOW              -29   03/01/1962
HIGHEST            65   03/31        63       2       52  03/30
LOWEST             -8   03/03         3     -11       -3  03/03
AVG. MAXIMUM     37.3              43.1    -5.8     34.7
AVG. MINIMUM     18.2              24.8    -6.6     18.4
MEAN             27.7              34.0    -6.3     26.6
DAYS MAX >= 90      0               0.0     0.0        0
DAYS MAX <= 32      9               4.9     4.1       13
DAYS MIN <= 32     25              24.0     1.0       29
DAYS MIN <= 0       4               0.4     3.6        1

PRECIPITATION (INCHES)
RECORD
 MAXIMUM         6.19   2009
 MINIMUM         0.14   1910
TOTALS           1.26              2.20   -0.94     2.41
DAILY AVG.       0.04              0.07   -0.03     0.08
DAYS >= .01        10              10.5    -0.5       12
DAYS >= .10         5               5.0     0.0        5
DAYS >= .50         0               1.3    -1.3        2
DAYS >= 1.00        0               0.3    -0.3        0
GREATEST
 24 HR. TOTAL    0.44   03/27 TO 03/27              0.93 03/10

SNOWFALL (INCHES)
RECORDS
 TOTAL           28.4   1923
TOTALS            8.2               7.0     1.2     15.2
SINCE 7/1        58.2              48.1    10.1     70.3
SNOWDEPTH AVG.      3                 3       0        7
DAYS >= 1.0         4               2.0     2.0        3
GREATEST
 SNOW DEPTH        11   03/05                         11  03/08
                                                          03/07
                                                          03/06
 24 HR TOTAL      2.6   03/04                        6.4  03/05

DEGREE_DAYS
HEATING TOTAL    1148               963     185     1182
 SINCE 7/1       7260              6449     811     6340
COOLING TOTAL       0                 0       0        0
 SINCE 1/1          0                 0       0        0
.................................................................

WIND (MPH)
AVERAGE WIND SPEED              8.9
HIGHEST WIND SPEED/DIRECTION    37/170    DATE  03/31
HIGHEST GUST SPEED/DIRECTION    46/170    DATE  03/31

SKY COVER
POSSIBLE SUNSHINE (PERCENT)   MM
AVERAGE SKY COVER           0.60
NUMBER OF DAYS FAIR            6
NUMBER OF DAYS PC             19
NUMBER OF DAYS CLOUDY          6

AVERAGE RH (PERCENT)     65

WEATHER CONDITIONS. NUMBER OF DAYS WITH
THUNDERSTORM              0     MIXED PRECIP               0
HEAVY RAIN                0     RAIN                       1
LIGHT RAIN                6     FREEZING RAIN              0
LT FREEZING RAIN          1     HAIL                       0
HEAVY SNOW                1     SNOW                       4
LIGHT SNOW               11     SLEET                      0
FOG                      13     FOG W/VIS <= 1/4 MILE      2
HAZE                     12

-  INDICATES NEGATIVE NUMBERS.
R  INDICATES RECORD WAS SET OR TIED.
MM INDICATES DATA IS MISSING.
T  INDICATES TRACE AMOUNT.

$$
