000
CXUS53 KMKX 011620
CLMMSN

CLIMATE REPORT
NATIONAL WEATHER SERVICE IN MILWAUKEE
1044 AM CDT MON SEP 1 2014

...................................

...THE MADISON WI CLIMATE SUMMARY FOR THE MONTH OF AUGUST 2014...

CLIMATE NORMAL PERIOD 1981 TO 2010
CLIMATE RECORD PERIOD 1871 TO 2014

WEATHER         OBSERVED          NORMAL  DEPART  LAST YEAR`S
                 VALUE   DATE(S)  VALUE   FROM    VALUE  DATE(S)
                                          NORMAL
................................................................
TEMPERATURE (F)
RECORD
 HIGH             102   08/17/1988
                        08/16/1988
 LOW               35   08/27/1968
                        08/29/1965
HIGHEST            91   08/22        91       0       93  08/27
LOWEST             48   08/15        48       0       46  08/14
AVG. MAXIMUM     81.5              79.4     2.1     81.3
AVG. MINIMUM     60.5              59.0     1.5     59.8
MEAN             71.0              69.2     1.8     70.6
DAYS MAX >= 90      1               1.5    -0.5        3
DAYS MAX <= 32      0               0.0     0.0        0
DAYS MIN <= 32      0               0.0     0.0        0
DAYS MIN <= 0       0               0.0     0.0        0

PRECIPITATION (INCHES)
RECORD
 MAXIMUM        15.18   2007
 MINIMUM         0.46   1927
TOTALS           5.43              4.27    1.16     1.53
DAILY AVG.       0.18              0.14    0.04     0.05
DAYS >= .01         9               9.4    -0.4        4
DAYS >= .10         7               6.2     0.8        3
DAYS >= .50         5               2.7     2.3        1
DAYS >= 1.00        2               1.2     0.8        1
GREATEST
 24 HR. TOTAL    1.74   08/04 TO 08/04              1.23

DEGREE_DAYS
HEATING TOTAL       4                27     -23       12
 SINCE 7/1         17                37     -20       30
COOLING TOTAL     200               157      43      192
 SINCE 1/1        576               513      63      613
.................................................................

WIND (MPH)
AVERAGE WIND SPEED              5.4
HIGHEST WIND SPEED/DIRECTION    44/040    DATE  08/01
HIGHEST GUST SPEED/DIRECTION    52/030    DATE  08/01

SKY COVER
POSSIBLE SUNSHINE (PERCENT)   MM
AVERAGE SKY COVER           0.60
NUMBER OF DAYS FAIR            4
NUMBER OF DAYS PC             23
NUMBER OF DAYS CLOUDY          4

AVERAGE RH (PERCENT)     73

WEATHER CONDITIONS. NUMBER OF DAYS WITH
THUNDERSTORM             10     MIXED PRECIP               0
HEAVY RAIN                4     RAIN                       6
LIGHT RAIN               13     FREEZING RAIN              0
LT FREEZING RAIN          0     HAIL                       1
HEAVY SNOW                0     SNOW                       0
LIGHT SNOW                0     SLEET                      0
FOG                      24     FOG W/VIS <= 1/4 MILE      4
HAZE                      8

-  INDICATES NEGATIVE NUMBERS.
R  INDICATES RECORD WAS SET OR TIED.
MM INDICATES DATA IS MISSING.
T  INDICATES TRACE AMOUNT.

$$
