000
CXUS53 KMKX 021706 CCA
CLMMSN

CLIMATE REPORT
NATIONAL WEATHER SERVICE IN MILWAUKEE
1106 AM CST MON MAR 2 2015

...................................

...THE MADISON WI CLIMATE SUMMARY FOR THE MONTH OF FEBRUARY 2015...

CLIMATE NORMAL PERIOD 1981 TO 2010
CLIMATE RECORD PERIOD 1871 TO 2015

WEATHER         OBSERVED          NORMAL  DEPART  LAST YEAR`S
                 VALUE   DATE(S)  VALUE   FROM    VALUE  DATE(S)
                                          NORMAL
................................................................
TEMPERATURE (F)
RECORD
 HIGH              64   02/25/2000
 LOW              -29   02/03/1996
HIGHEST            38   02/07        47      -9       45  02/19
LOWEST            -12   02/23        -9      -3      -15  02/11
AVG. MAXIMUM     20.6              31.1   -10.5     21.6
AVG. MINIMUM      1.2              15.1   -13.9      2.9
MEAN             10.9              23.1   -12.2     12.2
DAYS MAX >= 90      0               0.0     0.0        0
DAYS MAX <= 32     24              14.4     9.6       24
DAYS MIN <= 32     28              26.3     1.7       27
DAYS MIN <= 0      15               4.1    10.9       13

PRECIPITATION (INCHES)
RECORD
 MAXIMUM         5.42   1881
 MINIMUM         0.06   1995
TOTALS           0.54              1.45   -0.91     1.24
DAILY AVG.       0.02              0.05   -0.03     0.04
DAYS >= .01         5               9.2    -4.2       11
DAYS >= .10         2               4.1    -2.1        3
DAYS >= .50         0               0.6    -0.6        0
DAYS >= 1.00        0               0.2    -0.2        0
GREATEST
 24 HR. TOTAL    0.44   01/31 TO 02/01              0.49 2/20

SNOWFALL (INCHES)
RECORDS
 TOTAL           37.0   1994
TOTALS           10.7              10.6     0.1     12.0
SINCE 7/1        29.5              41.1   -11.6     50.0
SNOWDEPTH AVG.      6                 5       1        7
DAYS >= 1.0         3               3.2    -0.2        4
GREATEST
 SNOW DEPTH         9   02/05                         11  02/18
                        02/04
 24 HR TOTAL      6.6   01/31 TO 02/01               4.3  2/17

DEGREE_DAYS
HEATING TOTAL    1507              1173     334     1470
 SINCE 7/1       5711              5486     225     6112
COOLING TOTAL       0                 0       0        0
 SINCE 1/1          0                 0       0        0
.................................................................

WIND (MPH)
AVERAGE WIND SPEED              8.0
HIGHEST WIND SPEED/DIRECTION    32/020    DATE  02/01
HIGHEST GUST SPEED/DIRECTION    39/340    DATE  02/14

SKY COVER
POSSIBLE SUNSHINE (PERCENT)   MM
AVERAGE SKY COVER           0.60
NUMBER OF DAYS FAIR            6
NUMBER OF DAYS PC             16
NUMBER OF DAYS CLOUDY          6

AVERAGE RH (PERCENT)     66

WEATHER CONDITIONS. NUMBER OF DAYS WITH
THUNDERSTORM              0     MIXED PRECIP               0
HEAVY RAIN                0     RAIN                       0
LIGHT RAIN                0     FREEZING RAIN              0
LT FREEZING RAIN          1     HAIL                       0
HEAVY SNOW                1     SNOW                       3
LIGHT SNOW               15     SLEET                      0
FOG                       8     FOG W/VIS <= 1/4 MILE      1
HAZE                     11

-  INDICATES NEGATIVE NUMBERS.
R  INDICATES RECORD WAS SET OR TIED.
MM INDICATES DATA IS MISSING.
T  INDICATES TRACE AMOUNT.

&&

THIS WAS THE 5TH COLDEST FEBRUARY ON RECORD.

$$
