000
CXUS55 KMSO 011730
CLMMSO


CLIMATE REPORT
NATIONAL WEATHER SERVICE MISSOULA, MT
1029 AM MST MON FEB 1 2016

...................................

...THE MISSOULA MT CLIMATE SUMMARY FOR THE MONTH OF JANUARY 2016...

CLIMATE NORMAL PERIOD 1981 TO 2010
CLIMATE RECORD PERIOD 1893 TO 2016

WEATHER         OBSERVED          NORMAL  DEPART  LAST YEAR`S
                 VALUE   DATE(S)  VALUE   FROM    VALUE
                                          NORMAL
.............................................................
TEMPERATURE (F)
RECORD
 HIGH              60   01/01/1939
 LOW              -33   01/26/1957
HIGHEST            41   01/28        MM      MM       48
LOWEST             -6   01/03        MM      MM       -6
                        01/02
AVG. MAXIMUM     30.4              33.2    -2.8     33.2
AVG. MINIMUM     18.3              18.3     0.0     18.8
MEAN             24.3              25.8    -1.5     26.0
DAYS MAX >= 90      0               0.0     0.0        0
DAYS MAX <= 32     18              12.4     5.6       14
DAYS MIN <= 32     31              28.8     2.2       31
DAYS MIN <= 0       2               2.6    -0.6        2

PRECIPITATION (INCHES)
RECORD
 MAXIMUM         3.14   1907
 MINIMUM            T   1908
TOTALS           0.60              0.85   -0.25     1.22
DAILY AVG.       0.02              0.03   -0.01     0.04
DAYS >= .01        11              11.8    -0.8       10
DAYS >= .10         3               3.1    -0.1        3
DAYS >= .50         0               0.1    -0.1        0
DAYS >= 1.00        0               0.0     0.0        0
GREATEST
 24 HR. TOTAL    0.16   01/15 TO 01/16              0.62
                        01/16 TO 01/16
                        01/16 TO 01/17

SNOWFALL (INCHES)
TOTALS            6.6               8.3    -1.7      9.4
SINCE 7/1        23.7              25.3    -1.6     30.0
DAYS >= TRACE      20               9.4    10.6       16
DAYS >= 1.0         3               3.1    -0.1        3
GREATEST
 SNOW DEPTH         7   01/18                          8
                        01/17
                        01/01
 24 HR TOTAL      2.4   MM                           4.9

DEGREE_DAYS
HEATING TOTAL    1251              1217      34
 SINCE 7/1       4327              4389     -62
COOLING TOTAL       0                 0       0
 SINCE 1/1          0                 0       0
..............................................................

WIND (MPH)
AVERAGE WIND SPEED              2.7
HIGHEST WIND SPEED/DIRECTION    26/280    DATE  01/14
HIGHEST GUST SPEED/DIRECTION    32/280    DATE  01/14

SKY COVER
POSSIBLE SUNSHINE (PERCENT)   MM
AVERAGE SKY COVER           0.90
NUMBER OF DAYS FAIR            0
NUMBER OF DAYS PC             12
NUMBER OF DAYS CLOUDY         19

AVERAGE RH (PERCENT)     85

WEATHER CONDITIONS. NUMBER OF DAYS WITH
THUNDERSTORM              0     MIXED PRECIP               0
HEAVY RAIN                0     RAIN                       0
LIGHT RAIN                4     FREEZING RAIN              0
LT FREEZING RAIN          3     HAIL                       0
HEAVY SNOW                0     SNOW                       2
LIGHT SNOW               20     SLEET                      0
FOG                      27     FOG W/VIS <= 1/4 MILE     12
HAZE                     11

-  INDICATES NEGATIVE NUMBERS.
R  INDICATES RECORD WAS SET OR TIED.
MM INDICATES DATA IS MISSING.
T  INDICATES TRACE AMOUNT.

$$
