000
CXUS55 KMSO 011354
CLMMSO


CLIMATE REPORT
NATIONAL WEATHER SERVICE MISSOULA, MT
753 AM MDT FRI JUL 1 2016

...................................

...THE MISSOULA MT CLIMATE SUMMARY FOR THE MONTH OF JUNE 2016...

CLIMATE NORMAL PERIOD 1981 TO 2010
CLIMATE RECORD PERIOD 1893 TO 2016

WEATHER         OBSERVED          NORMAL  DEPART  LAST YEAR`S
                 VALUE   DATE(S)  VALUE   FROM    VALUE
                                          NORMAL
.............................................................
TEMPERATURE (F)
RECORD
 HIGH             102   06/28/2015
 LOW               30   06/10/1999
                        06/19/1920
                        06/01/1917
HIGHEST            94   06/30        MM      MM      102
                        06/29
                        06/06
LOWEST             34   06/17        MM      MM       39
                        06/15
                        06/12
AVG. MAXIMUM     80.0              75.2     4.8     84.0
AVG. MINIMUM     46.3              46.6    -0.3     51.8
MEAN             63.2              60.9     2.3     67.9
DAYS MAX >= 90      7               2.3     4.7        7
DAYS MAX <= 32      0               0.0     0.0        0
DAYS MIN <= 32      0               0.2    -0.2        0
DAYS MIN <= 0       0               0.0     0.0        0

PRECIPITATION (INCHES)
RECORD
 MAXIMUM         4.79   1907
 MINIMUM         0.22   1918
TOTALS           0.76              2.07   -1.31     0.51
DAILY AVG.       0.03              0.07   -0.04     0.02
DAYS >= .01         9              12.1    -3.1        3
DAYS >= .10         3               6.1    -3.1        2
DAYS >= .50         0               1.0    -1.0        0
DAYS >= 1.00        0               0.0     0.0        0
GREATEST
 24 HR. TOTAL    0.27   06/14 TO 06/14              0.33
                        06/13 TO 06/14
                        06/14 TO 06/14

SNOWFALL (INCHES)
TOTALS              T                 T     0.0      0.0
SINCE 7/1        30.2              37.9    -7.7     33.9
DAYS >= TRACE       2               0.1     1.9        0
DAYS >= 1.0         0               0.0     0.0        0
GREATEST
 SNOW DEPTH         0   MM                             0
 24 HR TOTAL        T   06/24 TO 06/24               0.0

DEGREE_DAYS
HEATING TOTAL     119               160     -41
 SINCE 7/1       6848              7284    -436
COOLING TOTAL      71                37      34
 SINCE 1/1         71                43      28
..............................................................

WIND (MPH)
AVERAGE WIND SPEED              6.1
HIGHEST WIND SPEED/DIRECTION    36/010    DATE  06/08
HIGHEST GUST SPEED/DIRECTION    43/010    DATE  06/08

SKY COVER
POSSIBLE SUNSHINE (PERCENT)   MM
AVERAGE SKY COVER           0.20
NUMBER OF DAYS FAIR           21
NUMBER OF DAYS PC              9
NUMBER OF DAYS CLOUDY          0

AVERAGE RH (PERCENT)     53

WEATHER CONDITIONS. NUMBER OF DAYS WITH
THUNDERSTORM              0     MIXED PRECIP               0
HEAVY RAIN                0     RAIN                       5
LIGHT RAIN               11     FREEZING RAIN              0
LT FREEZING RAIN          0     HAIL                       2
HEAVY SNOW                0     SNOW                       0
LIGHT SNOW                0     SLEET                      0
FOG                       3     FOG W/VIS <= 1/4 MILE      0
HAZE                      1

-  INDICATES NEGATIVE NUMBERS.
R  INDICATES RECORD WAS SET OR TIED.
MM INDICATES DATA IS MISSING.
T  INDICATES TRACE AMOUNT.

$$
