646
CXUS52 KKEY 020031
CLMMTH

CLIMATE REPORT
NATIONAL WEATHER SERVICE KEY WEST, FL
819 PM EDT THU SEP 1 2016

...................................

...THE MARATHON CLIMATE SUMMARY FOR THE MONTH OF AUGUST 2016...

CLIMATE NORMAL PERIOD 1981 TO 2010


WEATHER         OBSERVED          NORMAL  DEPART  LAST YEAR`S
                 VALUE   DATE(S)  VALUE   FROM    VALUE  DATE(S)
                                          NORMAL
................................................................
TEMPERATURE (F)
HIGHEST            94   08/22                         95  08/13
                                                          08/11
                                                          08/08
LOWEST             74   08/25                         75  08/27
                        08/14
                        08/13
AVG. MAXIMUM     90.6              91.2    -0.6     92.9
AVG. MINIMUM     78.8              79.4    -0.6     80.6
MEAN             84.7              85.3    -0.6     86.8
DAYS MAX >= 90     24              23.9     0.1       30
DAYS MAX <= 32      0               0.0     0.0        0
DAYS MIN <= 32      0               0.0     0.0        0
DAYS MIN <= 0       0               0.0     0.0        0

PRECIPITATION (INCHES)
TOTALS           8.53              6.99    1.54     3.37
DAILY AVG.       0.28              0.23    0.05     0.11
DAYS >= .01        18                                 15
DAYS >= .10        11                                  9
DAYS >= .50         6                                  3
DAYS >= 1.00        4                                  0

SNOWFALL (INCHES)
TOTALS            0.0                                0.0
SINCE 7/1         0.0                                0.0
SNOWDEPTH AVG.      0                                  0
DAYS >= 1.0         0                                  0
GREATEST
 SNOW DEPTH         0                                  0
 24 HR TOTAL      0.0   08/31 TO 08/31

DEGREE_DAYS
HEATING TOTAL       0                 0       0        0
 SINCE 7/1          0                 0       0        0
COOLING TOTAL     621               629      -8      683
 SINCE 1/1       3480              3386      94     3816
.................................................................

WIND (MPH)
AVERAGE WIND SPEED              7.6
HIGHEST WIND SPEED/DIRECTION    29/040    DATE  08/25
HIGHEST GUST SPEED/DIRECTION    38/030    DATE  08/25

SKY COVER
POSSIBLE SUNSHINE (PERCENT)   MM
AVERAGE SKY COVER           0.20
NUMBER OF DAYS FAIR           27
NUMBER OF DAYS PC              4
NUMBER OF DAYS CLOUDY          0

AVERAGE RH (PERCENT)     76

WEATHER CONDITIONS. NUMBER OF DAYS WITH
THUNDERSTORM             17     MIXED PRECIP               0
HEAVY RAIN               13     RAIN                      12
LIGHT RAIN               20     FREEZING RAIN              0
LT FREEZING RAIN          0     HAIL                       0
HEAVY SNOW                0     SNOW                       0
LIGHT SNOW                0     SLEET                      0
FOG                      14     FOG W/VIS <= 1/4 MILE      0
HAZE                      5

-  INDICATES NEGATIVE NUMBERS.
R  INDICATES RECORD WAS SET OR TIED.
MM INDICATES DATA IS MISSING.
T  INDICATES TRACE AMOUNT.

$$
