000
CXUS55 KGJT 011130
CLMMTJ


CLIMATE REPORT
NATIONAL WEATHER SERVICE GRAND JUNCTION CO
400 AM MST WED MAR 1 2017

...................................

...THE MONTROSE CO CLIMATE SUMMARY FOR THE MONTH OF FEBRUARY 2017...

CLIMATE NORMAL PERIOD 1981 TO 2010
CLIMATE RECORD PERIOD 9999 TO 9999

WEATHER         OBSERVED          NORMAL  DEPART  LAST YEAR`S
                 VALUE   DATE(S)  VALUE   FROM    VALUE  DATE(S)
                                          NORMAL
................................................................
TEMPERATURE (F)
HIGHEST            67   02/10        MM      MM       63  02/18
LOWEST             11   02/25        MM      MM       -5  02/04
AVG. MAXIMUM     51.2              44.3     6.9     46.7
AVG. MINIMUM     28.7              20.7     8.0     20.3
MEAN             39.9              32.5     7.4     33.5
DAYS MAX >= 90      0               0.0     0.0        0
DAYS MAX <= 32      1               2.3    -1.3        5
DAYS MIN <= 32     19              26.4    -7.4       28
DAYS MIN <= 0       0               0.2    -0.2        1

PRECIPITATION (INCHES)
TOTALS           0.59              0.58    0.01     0.05
DAILY AVG.       0.02              0.02    0.00     0.00
DAYS >= .01         8                MM      MM        2
DAYS >= .10         3                MM      MM        0
DAYS >= .50         0                MM      MM        0
DAYS >= 1.00        0                MM      MM        0
GREATEST
 24 HR. TOTAL    0.25   02/11 TO 02/12              0.04

SNOWFALL (INCHES)
TOTALS             MM                MM      MM       MM
SINCE 7/1          MM                MM      MM       MM
SNOWDEPTH AVG.     MM                MM      MM       MM
DAYS >= 1.0        MM                MM      MM       MM
GREATEST
 SNOW DEPTH        MM                                 MM  MM
 24 HR TOTAL       MM                                 MM

DEGREE_DAYS
HEATING TOTAL     692               910    -218      907
 SINCE 7/1       3922              4715    -793     4490
COOLING TOTAL       0                 0       0        0
 SINCE 1/1          0                 0       0        0
.................................................................

WIND (MPH)
AVERAGE WIND SPEED              6.9
HIGHEST WIND SPEED/DIRECTION    36/240    DATE  02/27
HIGHEST GUST SPEED/DIRECTION    48/220    DATE  02/27

SKY COVER
POSSIBLE SUNSHINE (PERCENT)   MM
AVERAGE SKY COVER           0.40
NUMBER OF DAYS FAIR           11
NUMBER OF DAYS PC             13
NUMBER OF DAYS CLOUDY          4

AVERAGE RH (PERCENT)     60

WEATHER CONDITIONS. NUMBER OF DAYS WITH
THUNDERSTORM              0     MIXED PRECIP               0
HEAVY RAIN                0     RAIN                       2
LIGHT RAIN                9     FREEZING RAIN              0
LT FREEZING RAIN          0     HAIL                       0
HEAVY SNOW                1     SNOW                       2
LIGHT SNOW                5     SLEET                      0
FOG                       8     FOG W/VIS <= 1/4 MILE      1
HAZE                      4

-  INDICATES NEGATIVE NUMBERS.
R  INDICATES RECORD WAS SET OR TIED.
MM INDICATES DATA IS MISSING.
T  INDICATES TRACE AMOUNT.

$$
