000
CXUS56 KOTX 010829
CLMMWH


CLIMATE REPORT
NATIONAL WEATHER SERVICE SPOKANE, WA
128 AM PDT TUE APR 1 2014

...................................

...THE MOSES LAKE WA AIRPORT CLIMATE SUMMARY FOR THE MONTH OF MARCH 2014...

CLIMATE NORMAL PERIOD 1981 TO 2010
CLIMATE RECORD PERIOD 9999 TO 9999

WEATHER         OBSERVED          NORMAL  DEPART  LAST YEAR`S
                 VALUE   DATE(S)  VALUE   FROM    VALUE  DATE(S)
                                          NORMAL
................................................................
TEMPERATURE (F)
RECORD
 HIGH              MM   MM
 LOW               MM   MM
HIGHEST            65   03/16        MM      MM       74  03/31
LOWEST             20   03/22        MM      MM       22  03/24
                                                          03/23
AVG. MAXIMUM     56.3              55.1     1.2     57.0
AVG. MINIMUM     32.3              31.9     0.4     32.9
MEAN             44.3              43.5     0.8     45.0
DAYS MAX >= 90      0               0.0     0.0        0
DAYS MAX <= 32      2               0.1     1.9        0
DAYS MIN <= 32     14              16.2    -2.2       14
DAYS MIN <= 0       0               0.0     0.0        0

PRECIPITATION (INCHES)
RECORD
 MAXIMUM           MM   MM
 MINIMUM           MM   MM
TOTALS           0.72              0.78   -0.06     0.57
DAILY AVG.       0.02              0.03   -0.01     0.02
DAYS >= .01         6                MM      MM        4
DAYS >= .10         3                MM      MM        1
DAYS >= .50         0                MM      MM        0
DAYS >= 1.00        0                MM      MM        0
GREATEST
 24 HR. TOTAL    0.29   03/05 TO 03/05           03/06 TO 03/06
                                                          03/06 TO 03/06
                                                          03/06 TO 03/06

SNOWFALL (INCHES)
RECORDS
 TOTAL             MM   MM
TOTALS             MM                MM      MM       MM
SINCE 7/1          MM                MM      MM       MM
SNOWDEPTH AVG.     MM                MM      MM       MM
DAYS >= 1.0         0                MM      MM        0
GREATEST
 SNOW DEPTH        MM                                 MM  MM
 24 HR TOTAL       MM                                 MM

DEGREE_DAYS
HEATING TOTAL     634               667     -33      612
 SINCE 7/1       5145              5172     -27     4731
COOLING TOTAL       0                 0       0        0
 SINCE 1/1          0                 0       0        0
.......................................................

WIND (MPH)
AVERAGE WIND SPEED              8.3
HIGHEST WIND SPEED/DIRECTION    38/250    DATE  03/14
HIGHEST GUST SPEED/DIRECTION    46/250    DATE  03/14

SKY COVER
POSSIBLE SUNSHINE (PERCENT)   MM
AVERAGE SKY COVER           0.30
NUMBER OF DAYS FAIR           20
NUMBER OF DAYS PC              8
NUMBER OF DAYS CLOUDY          3

AVERAGE RH (PERCENT)     57

WEATHER CONDITIONS. NUMBER OF DAYS WITH
THUNDERSTORM              0     MIXED PRECIP               0
HEAVY RAIN                0     RAIN                       1
LIGHT RAIN                4     FREEZING RAIN              1
LT FREEZING RAIN          1     HAIL                       0
HEAVY SNOW                1     SNOW                       1
LIGHT SNOW                1     SLEET                      0
FOG                       7     FOG W/VIS <= 1/4 MILE      2
HAZE                      3

-  INDICATES NEGATIVE NUMBERS.
R  INDICATES RECORD WAS SET OR TIED.
MM INDICATES DATA IS MISSING.
T  INDICATES TRACE AMOUNT.

$$
