000
CXUS53 KLIX 011511
CLMNEW


CLIMATE REPORT
NATIONAL WEATHER SERVICE NEW ORLEANS
1010 AM CDT FRI AUG 1 2014

...................................

...THE NEW ORLEANS CLIMATE SUMMARY FOR THE MONTH OF JULY 2014...

CLIMATE NORMAL PERIOD 1981 TO 2010
CLIMATE RECORD PERIOD 1946 TO 2014

WEATHER         OBSERVED          NORMAL  DEPART  LAST YEAR`S
                 VALUE   DATE(S)  VALUE   FROM    VALUE  DATE(S)
                                          NORMAL
................................................................
TEMPERATURE (F)
RECORD
 HIGH             101   07/23/1981
                        07/16/1980
 LOW               60   07/16/1967
HIGHEST            95   07/02        MM      MM       93  07/31
                                                          07/30
                                                          07/29
LOWEST             70   07/31        MM      MM       73  07/21
                        07/06                             07/12
                                                          07/11
AVG. MAXIMUM     89.9              91.2    -1.3     89.1
AVG. MINIMUM     74.9              75.3    -0.4     75.6
MEAN             82.4              83.3    -0.9     82.3
DAYS MAX >= 90     18              20.7    -2.7       18
DAYS MAX <= 32      0               0.0     0.0        0
DAYS MIN <= 32      0               0.0     0.0        0
DAYS MIN <= 0       0               0.0     0.0        0

PRECIPITATION (INCHES)
RECORD
 MAXIMUM           MM   MM
 MINIMUM           MM   MM
TOTALS           4.49              5.93   -1.44     3.97
DAILY AVG.       0.14              0.19   -0.05     0.13
DAYS >= .01        11              13.6    -2.6       11
DAYS >= .10         7               8.9    -1.9        8
DAYS >= .50         5               4.1     0.9        4
DAYS >= 1.00        1               1.7    -0.7        1
GREATEST
 24 HR. TOTAL    1.77   07/18 TO 07/19           07/15 TO 07/15
                                                          07/14 TO 07/15
                                                          07/15 TO 07/15

SNOWFALL (INCHES)
RECORDS
 TOTAL             MM   MM
 24 HR TOTAL       MM
 SNOW DEPTH        MM   MM
TOTALS            0.0               0.0     0.0      0.0
SINCE 7/1         0.0               0.0     0.0      0.0
SNOWDEPTH AVG.      0                MM      MM        0
DAYS >= TRACE       0               0.0     0.0        0
DAYS >= 1.0         0               0.0     0.0        0
GREATEST
 SNOW DEPTH         0   MM                             0  MM
 24 HR TOTAL      0.0   07/31 TO 07/31           07/31 TO 07/31
                                                          07/15 TO 07/15
                                                          07/15 TO 07/15

DEGREE_DAYS
HEATING TOTAL       0                 0       0        0
 SINCE 7/1          0                 0       0        0
COOLING TOTAL     550               566     -16      546
 SINCE 1/1       1577              1680    -103     1580
......................................................

WIND (MPH)
AVERAGE WIND SPEED              6.2
HIGHEST WIND SPEED/DIRECTION    35/300    DATE  07/10
HIGHEST GUST SPEED/DIRECTION    51/300    DATE  07/10

SKY COVER
POSSIBLE SUNSHINE (PERCENT)   MM
AVERAGE SKY COVER           0.60
NUMBER OF DAYS FAIR            3
NUMBER OF DAYS PC             23
NUMBER OF DAYS CLOUDY          5

AVERAGE RH (PERCENT)     71

WEATHER CONDITIONS. NUMBER OF DAYS WITH
THUNDERSTORM              0     MIXED PRECIP               0
HEAVY RAIN                5     RAIN                       6
LIGHT RAIN               12     FREEZING RAIN              0
LT FREEZING RAIN          0     HAIL                       0
HEAVY SNOW                0     SNOW                       0
LIGHT SNOW                0     SLEET                      0
FOG                      15     FOG W/VIS <= 1/4 MILE      1
HAZE                     12

-  INDICATES NEGATIVE NUMBERS.
R  INDICATES RECORD WAS SET OR TIED.
MM INDICATES DATA IS MISSING.
T  INDICATES TRACE AMOUNT.

$$
