000
CXUS53 KLIX 011706
CLMNEW


CLIMATE REPORT
NATIONAL WEATHER SERVICE NEW ORLEANS
1204 PM CDT TUE AUG 1 2017

...................................

...THE NEW ORLEANS CLIMATE SUMMARY FOR THE MONTH OF JULY 2017...

CLIMATE NORMAL PERIOD 1981 TO 2010
CLIMATE RECORD PERIOD 1946 TO 2017

WEATHER         OBSERVED          NORMAL  DEPART  LAST YEAR`S
                 VALUE   DATE(S)  VALUE   FROM    VALUE  DATE(S)
                                          NORMAL
................................................................
TEMPERATURE (F)
RECORD
 HIGH             101   07/23/1981
                        07/16/1980
 LOW               60   07/16/1967
HIGHEST            96   07/27                         99  07/21
                        07/20
LOWEST             71   07/24                         75  07/16
                        07/09                             07/10
AVG. MAXIMUM     91.0              91.2    -0.2     94.0
AVG. MINIMUM     75.4              75.3     0.1     79.4
MEAN             83.2              83.3    -0.1     86.7
DAYS MAX >= 90     21              20.7     0.3       28
DAYS MAX <= 32      0               0.0     0.0        0
DAYS MIN <= 32      0               0.0     0.0        0
DAYS MIN <= 0       0               0.0     0.0        0

PRECIPITATION (INCHES)
RECORD
 MAXIMUM
 MINIMUM
TOTALS           6.50              5.93    0.57     4.45
DAILY AVG.       0.21              0.19    0.02     0.14
DAYS >= .01        13              13.6    -0.6       16
DAYS >= .10         9               8.9     0.1       10
DAYS >= .50         3               4.1    -1.1        4
DAYS >= 1.00        2               1.7     0.3        0
GREATEST
 24 HR. TOTAL    3.50   07/14 TO 07/14

SNOWFALL (INCHES)
RECORDS
 TOTAL
 24 HR TOTAL
 SNOW DEPTH
TOTALS            0.0               0.0     0.0      0.0
SINCE 7/1         0.0               0.0     0.0      0.0
SNOWDEPTH AVG.      0                                  0
DAYS >= TRACE       0               0.0     0.0        0
DAYS >= 1.0         0               0.0     0.0        0
GREATEST
 SNOW DEPTH         0                                  0
 24 HR TOTAL      0.0

DEGREE_DAYS
HEATING TOTAL       0                 0       0        0
 SINCE 7/1          0                 0       0        0
COOLING TOTAL     570               566       4      682
 SINCE 1/1       1786              1680     106     2046
..................................................

WIND (MPH)
AVERAGE WIND SPEED              4.8
HIGHEST WIND SPEED/DIRECTION    32/280    DATE  07/24
HIGHEST GUST SPEED/DIRECTION    41/190    DATE  07/09

SKY COVER
POSSIBLE SUNSHINE (PERCENT)
AVERAGE SKY COVER           0.60
NUMBER OF DAYS FAIR            6
NUMBER OF DAYS PC             23
NUMBER OF DAYS CLOUDY          2

AVERAGE RH (PERCENT)     77

WEATHER CONDITIONS. NUMBER OF DAYS WITH
THUNDERSTORM              0     MIXED PRECIP               0
HEAVY RAIN                6     RAIN                       8
LIGHT RAIN               16     FREEZING RAIN              0
LT FREEZING RAIN          0     HAIL                       0
HEAVY SNOW                0     SNOW                       0
LIGHT SNOW                0     SLEET                      0
FOG                      18     FOG W/VIS <= 1/4 MILE      0
HAZE                      7

-  INDICATES NEGATIVE NUMBERS.
R  INDICATES RECORD WAS SET OR TIED.
MM INDICATES DATA IS MISSING.
T  INDICATES TRACE AMOUNT.

$$
