924
CXUS53 KLIX 012026
CLMNEW


CLIMATE REPORT
NATIONAL WEATHER SERVICE NEW ORLEANS
206 PM CST MON FEB 1 2016

...................................

...THE NEW ORLEANS CLIMATE SUMMARY FOR THE MONTH OF JANUARY 2016...

CLIMATE NORMAL PERIOD 1981 TO 2010
CLIMATE RECORD PERIOD 1946 TO 2016

WEATHER         OBSERVED          NORMAL  DEPART  LAST YEAR`S
                 VALUE   DATE(S)  VALUE   FROM    VALUE  DATE(S)
                                          NORMAL
................................................................
TEMPERATURE (F)
RECORD
 HIGH              83   01/07/1982
                        01/31/1957
 LOW               14   01/21/1985
                        01/24/1963
                        01/11/1962
HIGHEST            77   01/31                         77  01/29
                                                          01/03
LOWEST             33   01/24                         25  01/08
AVG. MAXIMUM     62.4              62.1     0.3     60.8
AVG. MINIMUM     45.5              44.7     0.8     43.1
MEAN             53.9              53.4     0.5     52.0
DAYS MAX >= 90      0               0.0     0.0        0
DAYS MAX <= 32      0               0.0     0.0        0
DAYS MIN <= 32      0               2.9    -2.9        1
DAYS MIN <= 0       0               0.0     0.0        0

PRECIPITATION (INCHES)
RECORD
 MAXIMUM
 MINIMUM
TOTALS           4.41              5.15   -0.74     5.67
DAILY AVG.       0.14              0.17   -0.03     0.18
DAYS >= .01        13               9.3     3.7        9
DAYS >= .10         8               6.5     1.5        6
DAYS >= .50         4               3.3     0.7        4
DAYS >= 1.00        2               1.7     0.3        3
GREATEST
 24 HR. TOTAL    1.33   01/14 TO 01/15

SNOWFALL (INCHES)
RECORDS
 TOTAL
 24 HR TOTAL
 SNOW DEPTH
TOTALS            0.0                 T     0.0      0.0
SINCE 7/1         0.0                 T     0.0      0.0
SNOWDEPTH AVG.      0                                  0
DAYS >= TRACE       0               0.0     0.0        0
DAYS >= 1.0         0               0.0     0.0        0
GREATEST
 SNOW DEPTH         0                                  0
 24 HR TOTAL      0.0

DEGREE_DAYS
HEATING TOTAL     340               375     -35      403
 SINCE 7/1        514               856    -342      846
COOLING TOTAL       4                16     -12        8
 SINCE 1/1          4                14     -10        8
..................................................

WIND (MPH)
AVERAGE WIND SPEED              9.8
HIGHEST WIND SPEED/DIRECTION    31/320    DATE  01/22
HIGHEST GUST SPEED/DIRECTION    43/320    DATE  01/22

SKY COVER
POSSIBLE SUNSHINE (PERCENT)   MM
AVERAGE SKY COVER           0.50
NUMBER OF DAYS FAIR           11
NUMBER OF DAYS PC              8
NUMBER OF DAYS CLOUDY         12

AVERAGE RH (PERCENT)     64

WEATHER CONDITIONS. NUMBER OF DAYS WITH
THUNDERSTORM              0     MIXED PRECIP               0
HEAVY RAIN                3     RAIN                       6
LIGHT RAIN               14     FREEZING RAIN              0
LT FREEZING RAIN          0     HAIL                       0
HEAVY SNOW                0     SNOW                       0
LIGHT SNOW                0     SLEET                      0
FOG                      12     FOG W/VIS <= 1/4 MILE      4
HAZE                      9

-  INDICATES NEGATIVE NUMBERS.
R  INDICATES RECORD WAS SET OR TIED.
MM INDICATES DATA IS MISSING.
T  INDICATES TRACE AMOUNT.

$$
