947
CXUS53 KLIX 031910
CLMNEW


CLIMATE REPORT
NATIONAL WEATHER SERVICE NEW ORLEANS
153 PM CDT MON APR 3 2017

...................................

...THE NEW ORLEANS CLIMATE SUMMARY FOR THE MONTH OF MARCH 2017...

CLIMATE NORMAL PERIOD 1981 TO 2010
CLIMATE RECORD PERIOD 1946 TO 2017

WEATHER         OBSERVED          NORMAL  DEPART  LAST YEAR`S
                 VALUE   DATE(S)  VALUE   FROM    VALUE  DATE(S)
                                          NORMAL
................................................................
TEMPERATURE (F)
RECORD
 HIGH              89   03/18/1982
 LOW               17   03/22/2016
HIGHEST            83   03/29                         85  03/17
                        03/28
                        03/23
LOWEST             44   03/16                         44  03/22
                        03/15
AVG. MAXIMUM     75.5              71.8     3.7     75.8
AVG. MINIMUM     59.2              53.5     5.7     60.3
MEAN             67.3              62.6     4.7     68.1
DAYS MAX >= 90      0               0.0     0.0        0
DAYS MAX <= 32      0               0.0     0.0        0
DAYS MIN <= 32      0               0.2    -0.2        0
DAYS MIN <= 0       0               0.0     0.0        0

PRECIPITATION (INCHES)
RECORD
 MAXIMUM
 MINIMUM
TOTALS           2.88              4.55   -1.67     6.36
DAILY AVG.       0.09              0.15   -0.06     0.21
DAYS >= .01         4               8.3    -4.3       10
DAYS >= .10         4               5.4    -1.4        7
DAYS >= .50         3               2.7     0.3        3
DAYS >= 1.00        1               1.8    -0.8        3
GREATEST
 24 HR. TOTAL    1.12   03/07 TO 03/07

SNOWFALL (INCHES)
RECORDS
 TOTAL
 24 HR TOTAL
 SNOW DEPTH
TOTALS            0.0               0.0     0.0      0.0
SINCE 7/1         0.0                 T     0.0      0.0
SNOWDEPTH AVG.      0                                  0
DAYS >= TRACE       0               0.0     0.0        0
DAYS >= 1.0         0               0.0     0.0        0
GREATEST
 SNOW DEPTH         0                                  0
 24 HR TOTAL      0.0

DEGREE_DAYS
HEATING TOTAL      59               136     -77       38
 SINCE 7/1        620              1245    -625      752
COOLING TOTAL     139                63      76      143
 SINCE 1/1        259               100     159      179
..................................................

WIND (MPH)
AVERAGE WIND SPEED              9.0
HIGHEST WIND SPEED/DIRECTION    31/300    DATE  03/25
HIGHEST GUST SPEED/DIRECTION    44/310    DATE  03/25

SKY COVER
POSSIBLE SUNSHINE (PERCENT)
AVERAGE SKY COVER           0.60
NUMBER OF DAYS FAIR            5
NUMBER OF DAYS PC             16
NUMBER OF DAYS CLOUDY         10

AVERAGE RH (PERCENT)     72

WEATHER CONDITIONS. NUMBER OF DAYS WITH
THUNDERSTORM              0     MIXED PRECIP               0
HEAVY RAIN                3     RAIN                       4
LIGHT RAIN                8     FREEZING RAIN              0
LT FREEZING RAIN          0     HAIL                       1
HEAVY SNOW                0     SNOW                       0
LIGHT SNOW                0     SLEET                      0
FOG                      18     FOG W/VIS <= 1/4 MILE      3
HAZE                      8

-  INDICATES NEGATIVE NUMBERS.
R  INDICATES RECORD WAS SET OR TIED.
MM INDICATES DATA IS MISSING.
T  INDICATES TRACE AMOUNT.

$$
