000
CXUS56 KMTR 012145
CLMNUQ


CLIMATE REPORT
NATIONAL WEATHER SERVICE SAN FRANCISCO BAY AREA
245 PM PDT THU SEP 1 2016

...................................

...THE MOFFETT FIELD NAS CLIMATE SUMMARY FOR THE MONTH OF AUGUST 2016...

CLIMATE NORMAL PERIOD 1981 TO 2010
CLIMATE RECORD PERIOD 1945 TO 2016

WEATHER         OBSERVED          NORMAL  DEPART  LAST YEAR`S
                 VALUE   DATE(S)  VALUE   FROM    VALUE  DATE(S)
                                          NORMAL
................................................................
TEMPERATURE (F)
RECORD
 HIGH             101   08/28/2009
                        08/01/1993
 LOW                1   08/01/2010
HIGHEST            81   08/13                         97  08/16
                        08/09
LOWEST             55   08/07                         57  08/09
AVG. MAXIMUM     75.6              77.3    -1.7     79.7
AVG. MINIMUM     59.3                               61.4
MEAN             67.4                               70.5
DAYS MAX >= 90      0                                  3
DAYS MAX <= 32      0                                  0
DAYS MIN <= 32      0                                  0
DAYS MIN <= 0       0                                  0

PRECIPITATION (INCHES)
RECORD
 MAXIMUM         0.64   1976
 MINIMUM         0.00   2013
                        2012
                        2011
TOTALS           0.00R                              0.01
DAILY AVG.       0.00              0.00    0.00     0.00
DAYS >= .01         0                                  1
DAYS >= .10         0                                  0
DAYS >= .50         0                                  0
DAYS >= 1.00        0                                  0
GREATEST
 24 HR. TOTAL    0.00   08/31 TO 08/31           08/06 TO 08/06
                                                          08/31 TO 08/31
                                                          08/31 TO 08/31

DEGREE_DAYS
HEATING TOTAL       2                                  0
 SINCE 7/1          7                                  0
COOLING TOTAL      84                                179
 SINCE 1/1        336                                426
..................................................

WIND (MPH)
AVERAGE WIND SPEED              6.8
RESULTANT WIND SPEED/DIRECTION   6/353
HIGHEST WIND SPEED/DIRECTION    23/350    DATE  08/30
HIGHEST GUST SPEED/DIRECTION    27/350    DATE  08/30

SKY COVER
POSSIBLE SUNSHINE (PERCENT)   MM
AVERAGE SKY COVER           0.30
NUMBER OF DAYS FAIR            9
NUMBER OF DAYS PC             22
NUMBER OF DAYS CLOUDY          0

AVERAGE RH (PERCENT)     68

WEATHER CONDITIONS. NUMBER OF DAYS WITH
THUNDERSTORM              0     MIXED PRECIP               0
HEAVY RAIN                0     RAIN                       0
LIGHT RAIN                0     FREEZING RAIN              0
LT FREEZING RAIN          0     HAIL                       0
HEAVY SNOW                0     SNOW                       0
LIGHT SNOW                0     SLEET                      0
FOG                       1     FOG W/VIS <= 1/4 MILE      0
HAZE                      1

-  INDICATES NEGATIVE NUMBERS.
R  INDICATES RECORD WAS SET OR TIED.
MM INDICATES DATA IS MISSING.
T  INDICATES TRACE AMOUNT.

$$
