000
CXUS56 KMTR 011804
CLMNUQ


CLIMATE REPORT
NATIONAL WEATHER SERVICE SAN FRANCISCO BAY AREA
1104 AM PDT SUN MAY 1 2016

...................................

...THE MOFFETT FIELD NAS CLIMATE SUMMARY FOR THE MONTH OF APRIL 2016...

CLIMATE NORMAL PERIOD 1981 TO 2010
CLIMATE RECORD PERIOD 1945 TO 2016

WEATHER         OBSERVED          NORMAL  DEPART  LAST YEAR`S
                 VALUE   DATE(S)  VALUE   FROM    VALUE  DATE(S)
                                          NORMAL
................................................................
TEMPERATURE (F)
RECORD
 HIGH              95   04/09/1989
                        04/29/1981
 LOW               32   04/05/1945
                        04/04/1945
HIGHEST            88   04/06                         85  04/27
LOWEST             45   04/26                         41  04/06
AVG. MAXIMUM     71.3              68.7     2.6     70.1
AVG. MINIMUM     51.7                               49.2
MEAN             61.5                               59.6
DAYS MAX >= 90      0                                  0
DAYS MAX <= 32      0                                  0
DAYS MIN <= 32      0                                  0
DAYS MIN <= 0       0                                  0

PRECIPITATION (INCHES)
RECORD
 MAXIMUM         3.98   1967
 MINIMUM         0.01   1946
TOTALS           1.41                               0.88
DAILY AVG.       0.05              0.03    0.02     0.03
DAYS >= .01         6                                  3
DAYS >= .10         4                                  2
DAYS >= .50         0                                  1
DAYS >= 1.00        0                                  0
GREATEST
 24 HR. TOTAL    0.59   04/08 TO 04/09           04/06 TO 04/07
                                                          04/30 TO 04/30
                                                          04/30 TO 04/30

DEGREE_DAYS
HEATING TOTAL     121                                152
 SINCE 7/1       1719                               1410
COOLING TOTAL      23                                 10
 SINCE 1/1         25                                 18
.................................................

WIND (MPH)
AVERAGE WIND SPEED              5.9
RESULTANT WIND SPEED/DIRECTION   4/326
HIGHEST WIND SPEED/DIRECTION    23/360    DATE  04/29
HIGHEST GUST SPEED/DIRECTION    32/280    DATE  04/24

SKY COVER
POSSIBLE SUNSHINE (PERCENT)   MM
AVERAGE SKY COVER           0.30
NUMBER OF DAYS FAIR           21
NUMBER OF DAYS PC              5
NUMBER OF DAYS CLOUDY          4

AVERAGE RH (PERCENT)     61

WEATHER CONDITIONS. NUMBER OF DAYS WITH
THUNDERSTORM              0     MIXED PRECIP               0
HEAVY RAIN                1     RAIN                       5
LIGHT RAIN                5     FREEZING RAIN              0
LT FREEZING RAIN          0     HAIL                       0
HEAVY SNOW                0     SNOW                       0
LIGHT SNOW                0     SLEET                      0
FOG                       5     FOG W/VIS <= 1/4 MILE      0
HAZE                      2

-  INDICATES NEGATIVE NUMBERS.
R  INDICATES RECORD WAS SET OR TIED.
MM INDICATES DATA IS MISSING.
T  INDICATES TRACE AMOUNT.

$$
