000
CXUS56 KMTR 020345
CLMNUQ


CLIMATE REPORT
NATIONAL WEATHER SERVICE SAN FRANCISCO BAY AREA
745 PM PST THU DEC 1 2016

...................................

...THE MOFFETT FIELD NAS CLIMATE SUMMARY FOR THE MONTH OF NOVEMBER 2016...

CLIMATE NORMAL PERIOD 1981 TO 2010
CLIMATE RECORD PERIOD 1945 TO 2016

WEATHER         OBSERVED          NORMAL  DEPART  LAST YEAR`S
                 VALUE   DATE(S)  VALUE   FROM    VALUE  DATE(S)
                                          NORMAL
................................................................
TEMPERATURE (F)
RECORD
 HIGH              87   11/01/1967
 LOW               29   11/24/1947
HIGHEST            76   11/10                         73  11/01
LOWEST             38   11/24                         31  11/29
AVG. MAXIMUM     66.2              65.1     1.1     62.8
AVG. MINIMUM     48.8                               43.7
MEAN             57.5                               53.2
DAYS MAX >= 90      0                                  0
DAYS MAX <= 32      0                                  0
DAYS MIN <= 32      0                                  1
DAYS MIN <= 0       0                                  0

PRECIPITATION (INCHES)
RECORD
 MAXIMUM         5.58   1972
 MINIMUM         0.00   1956
TOTALS           1.40                               2.42
DAILY AVG.       0.05              0.05    0.00     0.08
DAYS >= .01         8                                  7
DAYS >= .10         4                                  5
DAYS >= .50         1                                  1
DAYS >= 1.00        0                                  1
GREATEST
 24 HR. TOTAL    0.74   11/26 TO 11/27           11/02 TO 11/02
                                                          11/29 TO 11/29
                                                          11/29 TO 11/29

DEGREE_DAYS
HEATING TOTAL     215                                335
 SINCE 7/1        287                                343
COOLING TOTAL       0                                  0
 SINCE 1/1        460                                667
..........................................................

WIND (MPH)
AVERAGE WIND SPEED              4.0
RESULTANT WIND SPEED/DIRECTION   1/337
HIGHEST WIND SPEED/DIRECTION    23/140    DATE  11/19
HIGHEST GUST SPEED/DIRECTION    33/150    DATE  11/19

SKY COVER
POSSIBLE SUNSHINE (PERCENT)   MM
AVERAGE SKY COVER           0.20
NUMBER OF DAYS FAIR           22
NUMBER OF DAYS PC              6
NUMBER OF DAYS CLOUDY          2

AVERAGE RH (PERCENT)     72

WEATHER CONDITIONS. NUMBER OF DAYS WITH
THUNDERSTORM              0     MIXED PRECIP               0
HEAVY RAIN                4     RAIN                       4
LIGHT RAIN                7     FREEZING RAIN              0
LT FREEZING RAIN          0     HAIL                       0
HEAVY SNOW                0     SNOW                       0
LIGHT SNOW                0     SLEET                      0
FOG                      13     FOG W/VIS <= 1/4 MILE      1
HAZE                      5

-  INDICATES NEGATIVE NUMBERS.
R  INDICATES RECORD WAS SET OR TIED.
MM INDICATES DATA IS MISSING.
T  INDICATES TRACE AMOUNT.

$$
