000
CXUS51 KOKX 011707
CLMNYC

NYCCLMNYC 000
TTAA00 KOKX 011705


CLIMATE REPORT
NATIONAL WEATHER SERVICE NEW YORK NY
1205 PM EST WED MAR 1 2017

...................................

...THE CENTRAL PARK NY CLIMATE SUMMARY FOR THE MONTH OF FEBRUARY 2017...

CLIMATE NORMAL PERIOD 1981 TO 2010
CLIMATE RECORD PERIOD 1869 TO 2017

WEATHER         OBSERVED          NORMAL  DEPART  LAST YEAR`S
                 VALUE   DATE(S)  VALUE   FROM    VALUE  DATE(S)
                                          NORMAL
................................................................
TEMPERATURE (F)
RECORD
 HIGH              75   02/24/1985
                        02/25/1930
 LOW              -15   02/09/1934
HIGHEST            70   02/24        MM      MM       61  02/29
                                                          02/25
                                                          02/20
LOWEST             19   02/10        MM      MM       -1  02/14
                        02/09
AVG. MAXIMUM     48.7              41.6     7.1     44.8
AVG. MINIMUM     34.5              28.9     5.6     30.6
MEAN             41.6              35.3     6.3     37.7
DAYS MAX >= 90      0               0.0     0.0        0
DAYS MAX <= 32      1               4.4    -3.4        4
DAYS MIN <= 32     12              17.7    -5.7       14
DAYS MIN <= 0       0               0.0     0.0        1

PRECIPITATION (INCHES)
RECORD
 MAXIMUM         6.87   1869
 MINIMUM         0.46   1895
TOTALS           2.48              3.09   -0.61     4.40
DAILY AVG.       0.09              0.11   -0.02     0.15
DAYS >= .01         6               9.2    -3.2       12
DAYS >= .10         4               5.9    -1.9        6
DAYS >= .50         2               2.0     0.0        4
DAYS >= 1.00        1               0.9     0.1        2
GREATEST
 24 HR. TOTAL    1.16   02/09 TO 02/09           02/15 TO 02/16
                        02/08 TO 02/09                    02/05 TO 02/05
                        02/09 TO 02/09                    02/05 TO 02/05
 STORM TOTAL       MM                                 MM
 (MM/DD(HH))            MM                    02/16(00) TO 02/16(00)
                                                 02/05(00) TO 02/05(00)5
                                                 02/05(00) TO 02/05(00)5

SNOWFALL (INCHES)
TOTALS            9.4               9.2     0.2      4.0
 LIQUID EQUIV    0.94              0.90    0.04     0.40
SINCE 7/1        20.5              21.3    -0.8     31.2
 LIQUID 7/1      2.05              2.10   -0.05     3.12
SNOWDEPTH AVG.      1                 4      -3        0
DAYS >= TRACE       3               2.8     0.2        7
DAYS >= 1.0         1               1.9    -0.9        2
GREATEST
 SNOW DEPTH         8   02/10                          2  02/01
 24 HR TOTAL      9.4   02/09 TO 02/09           02/05 TO 02/05
                                                          02/05 TO 02/05
                                                          02/05 TO 02/05
 STORM TOTAL       MM                                 MM
 (MM/DD(HH))            MM                    02/05(00) TO 02/05(00)
                                                 02/05(00) TO 02/05(00)5
                                                 02/05(00) TO 02/05(00)5

DEGREE_DAYS
HEATING TOTAL     648               833    -185      785
 SINCE 7/1       2983              3522    -539     2747
COOLING TOTAL       0                 0       0        0
 SINCE 1/1          0                 0       0        0
......................................................

WIND (MPH)
AVERAGE WIND SPEED              6.7
HIGHEST WIND SPEED/DIRECTION    28/310    DATE  02/13
HIGHEST GUST SPEED/DIRECTION    48/310    DATE  02/13

AVERAGE RH (PERCENT)     57

WEATHER CONDITIONS. NUMBER OF DAYS WITH
THUNDERSTORM              0     MIXED PRECIP               0
HEAVY RAIN                1     RAIN                       3
LIGHT RAIN                5     FREEZING RAIN              1
LT FREEZING RAIN          1     HAIL                       0
HEAVY SNOW                1     SNOW                       1
LIGHT SNOW                3     SLEET                      0
FOG                       7     FOG W/VIS <= 1/4 MILE      1
HAZE                      5

-  INDICATES NEGATIVE NUMBERS.
R  INDICATES RECORD WAS SET OR TIED.
MM INDICATES DATA IS MISSING.
T  INDICATES TRACE AMOUNT.

$$
