000
CXUS51 KOKX 020045
CLMNYC

CLIMATE REPORT
NATIONAL WEATHER SERVICE NEW YORK NY
844 PM EDT WED JUL 1 2015

...................................

...THE CENTRAL PARK NY CLIMATE SUMMARY FOR THE MONTH OF JUNE 2015...

CLIMATE NORMAL PERIOD 1981 TO 2010
CLIMATE RECORD PERIOD 1869 TO 2015

WEATHER         OBSERVED          NORMAL  DEPART  LAST YEAR`S
                 VALUE   DATE(S)  VALUE   FROM    VALUE  DATE(S)
                                          NORMAL
................................................................
TEMPERATURE (F)
RECORD
 HIGH             101   06/27/1966
                        06/29/1934
 LOW               44   06/01/1945
HIGHEST            90   06/23        MM      MM       89  06/18
                                                          06/17
LOWEST             50   06/02        MM      MM       55  06/01
AVG. MAXIMUM     78.5              79.3    -0.8     80.4
AVG. MINIMUM     63.9              63.6     0.3     64.5
MEAN             71.2              71.4    -0.2     72.4
DAYS MAX >= 90      1               2.1    -1.1        0
DAYS MAX <= 32      0               0.0     0.0        0
DAYS MIN <= 32      0               0.0     0.0        0
DAYS MIN <= 0       0               0.0     0.0        0

PRECIPITATION (INCHES)
RECORD
 MAXIMUM        10.27   2003
 MINIMUM         0.02   1949
TOTALS           4.79              4.41    0.38     4.26
DAILY AVG.       0.16              0.15    0.01     0.14
DAYS >= .01        14              11.2     2.8        9
DAYS >= .10        10               6.9     3.1        5
DAYS >= .50         4               3.0     1.0        3
DAYS >= 1.00        1               1.0     0.0        2
GREATEST
 24 HR. TOTAL    2.09   05/31 TO 06/01           06/08 TO 06/09
                                                          06/30 TO 06/30
                                                          06/30 TO 06/30
 STORM TOTAL       MM                                 MM
 (MM/DD(HH))            MM                    06/09(00) TO 06/09(00)
                                                 06/30(00) TO 06/30(00)0
                                                 06/30(00) TO 06/30(00)0

DEGREE_DAYS
HEATING TOTAL      33                19      14        0
 SINCE 7/1       4974              4750     224     4962
COOLING TOTAL     228               212      16      232
 SINCE 1/1        387               281     106      286
.................................................

WIND (MPH)
AVERAGE WIND SPEED              4.7
HIGHEST WIND SPEED/DIRECTION    18/060    DATE  06/28
HIGHEST GUST SPEED/DIRECTION    29/070    DATE  06/01

AVERAGE RH (PERCENT)     65

WEATHER CONDITIONS. NUMBER OF DAYS WITH
THUNDERSTORM              0     MIXED PRECIP               0
HEAVY RAIN                6     RAIN                       8
LIGHT RAIN               15     FREEZING RAIN              0
LT FREEZING RAIN          0     HAIL                       0
HEAVY SNOW                0     SNOW                       0
LIGHT SNOW                0     SLEET                      0
FOG                      15     FOG W/VIS <= 1/4 MILE      0
HAZE                      9

-  INDICATES NEGATIVE NUMBERS.
R  INDICATES RECORD WAS SET OR TIED.
MM INDICATES DATA IS MISSING.
T  INDICATES TRACE AMOUNT.

$$
