000
CXUS51 KOKX 241211
CLMNYC

NYCCLMNYC 000
TTAA00 KOKX 241210


CLIMATE REPORT...CORRECTED
NATIONAL WEATHER SERVICE NEW YORK NY
809 AM EDT TUE MAR 24 2015

...................................

...THE CENTRAL PARK NY CLIMATE SUMMARY FOR THE MONTH OF JANUARY 2015...

CLIMATE NORMAL PERIOD 1981 TO 2010
CLIMATE RECORD PERIOD 1869 TO 2015

WEATHER         OBSERVED          NORMAL  DEPART  LAST YEAR`S
                 VALUE   DATE(S)  VALUE   FROM    VALUE  DATE(S)
                                          NORMAL
................................................................
TEMPERATURE (F)
RECORD
 HIGH              72   01/06/2007
                        01/26/1950
 LOW               -6   01/24/1882
                        01/10/1875
HIGHEST            56   01/04        MM      MM       58  01/11
LOWEST              8   01/08        MM      MM        4  01/07
AVG. MAXIMUM     36.1              38.3    -2.2     35.4
AVG. MINIMUM     23.6              26.9    -3.3     21.8
MEAN             29.9              32.6    -2.7     28.6
DAYS MAX >= 90      0               0.0     0.0        0
DAYS MAX <= 32      9               8.3     0.7       13
DAYS MIN <= 32     25              20.4     4.6       24
DAYS MIN <= 0       0               0.0     0.0        0

PRECIPITATION (INCHES)
RECORD
 MAXIMUM        10.52   1979
 MINIMUM         0.58   1981
TOTALS           5.23              3.65    1.58     2.79
DAILY AVG.       0.17              0.12    0.05     0.09
DAYS >= .01        11              10.4     0.6       13
DAYS >= .10         7               6.3     0.7        8
DAYS >= .50         3               2.6     0.4        1
DAYS >= 1.00        1               0.9     0.1        0
GREATEST
 24 HR. TOTAL    2.10   01/18 TO 01/18           01/10 TO 01/11
                        01/17 TO 01/18                    01/21 TO 01/21
                        01/18 TO 01/18                    01/21 TO 01/21
 STORM TOTAL       MM                                 MM
 (MM/DD(HH))            MM                    01/11(00) TO 01/11(00)
                                                 01/21(00) TO 01/21(00)1
                                                 01/21(00) TO 01/21(00)1

SNOWFALL (INCHES)
TOTALS           16.9               7.0     9.9     19.7
 LIQUID EQUIV    1.69              0.70    0.99     1.97
SINCE 7/1        18.1              12.1     6.0     28.3
 LIQUID 7/1      1.81              1.20    0.61     2.83
SNOWDEPTH AVG.      1                 3      -2        2
DAYS >= TRACE       9               4.0     5.0       10
DAYS >= 1.0         6               2.0     4.0        4
GREATEST
 SNOW DEPTH         8   01/28                         11  01/22
                        01/27
 24 HR TOTAL      5.5   01/26 TO 01/26           01/21 TO 01/21
                                                          01/21 TO 01/21
                                                          01/21 TO 01/21
 STORM TOTAL       MM                                 MM
 (MM/DD(HH))            MM                    01/21(00) TO 01/21(00)
                                                 01/21(00) TO 01/21(00)1
                                                 01/21(00) TO 01/21(00)1

DEGREE_DAYS
HEATING TOTAL    1080              1004      76     1120
 SINCE 7/1       2616              2689     -73     2743
COOLING TOTAL       0                 0       0        0
 SINCE 1/1          0                 0       0        0
..................................................

WIND (MPH)
AVERAGE WIND SPEED              7.3
HIGHEST WIND SPEED/DIRECTION    29/280    DATE  01/04
HIGHEST GUST SPEED/DIRECTION    46/260    DATE  01/04

AVERAGE RH (PERCENT)     53

WEATHER CONDITIONS. NUMBER OF DAYS WITH
THUNDERSTORM              0     MIXED PRECIP               0
HEAVY RAIN                1     RAIN                       5
LIGHT RAIN                5     FREEZING RAIN              0
LT FREEZING RAIN          0     HAIL                       0
HEAVY SNOW                4     SNOW                       6
LIGHT SNOW                9     SLEET                      1
FOG                       8     FOG W/VIS <= 1/4 MILE      3
HAZE                      9

-  INDICATES NEGATIVE NUMBERS.
R  INDICATES RECORD WAS SET OR TIED.
MM INDICATES DATA IS MISSING.
T  INDICATES TRACE AMOUNT.

$$
