000
CXUS51 KOKX 011650
CLMNYC

CLIMATE REPORT
NATIONAL WEATHER SERVICE NEW YORK NY
1148 AM EST WED FEB 1 2017



...THE CENTRAL PARK NY CLIMATE SUMMARY FOR THE MONTH OF JANUARY 2017...

CLIMATE NORMAL PERIOD 1981 TO 2010
CLIMATE RECORD PERIOD 1869 TO 2017

WEATHER         OBSERVED          NORMAL  DEPART  LAST YEAR`S
                 VALUE   DATE(S)  VALUE   FROM    VALUE  DATE(S)
                                          NORMAL
................................................................
TEMPERATURE (F)
RECORD
 HIGH              72   01/06/2007
                        01/26/1950
 LOW               -6   01/24/1882
                        01/10/1875
HIGHEST            66   01/12        MM      MM       59  01/10
LOWEST             14   01/09        MM      MM       11  01/05
AVG. MAXIMUM     42.7              38.3     4.4     40.8
AVG. MINIMUM     33.3              26.9     6.4     28.1
MEAN             38.0              32.6     5.4     34.5
DAYS MAX >= 90      0               0.0     0.0        0
DAYS MAX <= 32      3               8.3    -5.3        6
DAYS MIN <= 32     12              20.4    -8.4       22
DAYS MIN <= 0       0               0.0     0.0        0

PRECIPITATION (INCHES)
RECORD
 MAXIMUM        10.52   1979
 MINIMUM         0.58   1981
TOTALS           4.83              3.65    1.18     4.41
DAILY AVG.       0.16              0.12    0.04     0.14
DAYS >= .01        15              10.4     4.6        5
DAYS >= .10         9               6.3     2.7        3
DAYS >= .50         4               2.6     1.4        2
DAYS >= 1.00        2               0.9     1.1        2
GREATEST
 24 HR. TOTAL    2.15   01/23 TO 01/24           01/22 TO 01/23
                                                          01/23 TO 01/23
                                                          01/23 TO 01/23
 STORM TOTAL       MM                                 MM
 (MM/DD(HH))            MM                    01/23(00) TO 01/23(00)
                                                 01/23(00) TO 01/23(00)3
                                                 01/23(00) TO 01/23(00)3

SNOWFALL (INCHES)
TOTALS            7.9               7.0     0.9     27.2
 LIQUID EQUIV    0.79              0.70    0.09     2.72
SINCE 7/1        11.1              12.1    -1.0     27.2
 LIQUID 7/1      1.11              1.20   -0.09     2.72
SNOWDEPTH AVG.      0                 3      -3        3
DAYS >= TRACE       6               4.0     2.0        7
DAYS >= 1.0         3               2.0     1.0        1
GREATEST
 SNOW DEPTH         4   01/08                         22  01/24
 24 HR TOTAL      5.1   MM                       01/23 TO 01/23
                                                          01/23 TO 01/23
                                                          01/23 TO 01/23
 STORM TOTAL       MM                                 MM
 (MM/DD(HH))            MM                    01/23(00) TO 01/23(00)
                                                 01/23(00) TO 01/23(00)3
                                                 01/23(00) TO 01/23(00)3

DEGREE_DAYS
HEATING TOTAL     829              1004    -175      940
 SINCE 7/1       2335              2689    -354     1962
COOLING TOTAL       0                 0       0        0
 SINCE 1/1          0                 0       0        0
....................................................

WIND (MPH)
AVERAGE WIND SPEED              6.7
HIGHEST WIND SPEED/DIRECTION    33/070    DATE  01/23
HIGHEST GUST SPEED/DIRECTION    47/040    DATE  01/23

AVERAGE RH (PERCENT)     66

WEATHER CONDITIONS. NUMBER OF DAYS WITH
THUNDERSTORM              0     MIXED PRECIP               0
HEAVY RAIN                0     RAIN                       5
LIGHT RAIN               11     FREEZING RAIN              0
LT FREEZING RAIN          0     HAIL                       0
HEAVY SNOW                2     SNOW                       4
LIGHT SNOW                5     SLEET                      1
FOG                      16     FOG W/VIS <= 1/4 MILE      4
HAZE                      8

-  INDICATES NEGATIVE NUMBERS.
R  INDICATES RECORD WAS SET OR TIED.
MM INDICATES DATA IS MISSING.
T  INDICATES TRACE AMOUNT.

$$
