000
CXUS55 KPSR 011428 RRA
CLMNYL

CLIMATE REPORT
NATIONAL WEATHER SERVICE PHOENIX AZ
726 AM MST WED MAR 1 2017

...................................

...THE YUMA AZ CLIMATE SUMMARY FOR THE MONTH OF FEBRUARY 2017...

CLIMATE NORMAL PERIOD 1981 TO 2010
CLIMATE RECORD PERIOD 1876 TO 2017

WEATHER         OBSERVED          NORMAL  DEPART
                 VALUE   DATE(S)  VALUE   FROM
                                          NORMAL
................................................
TEMPERATURE (F)
RECORD
 HIGH              97   02/28/1986
 LOW               27   02/13/1948
HIGHEST            86   02/09        85       1
LOWEST             45   02/25        40       5
                        02/24
AVG. MAXIMUM     74.7              73.8     0.9
AVG. MINIMUM     53.4              50.1     3.3
MEAN             64.0              61.9     2.1
DAYS MAX >= 90      0               0.4    -0.4
DAYS MAX <= 32      0               0.0     0.0
DAYS MIN <= 32      0               0.1    -0.1
DAYS MIN <= 0       0               0.0     0.0

PRECIPITATION (INCHES)
RECORD
 MAXIMUM         3.43   1905
 MINIMUM         0.00   2016
                        2015
                        2008
TOTALS           1.06              0.39    0.67
DAYS >= .01         4               2.2     1.8
DAYS >= .10         2               1.2     0.8
DAYS >= .50         1               0.2     0.8
DAYS >= 1.00        0               0.0     0.0
GREATEST
 24 HR. TOTAL    0.83   02/18 TO 02/18

DEGREE_DAYS
HEATING TOTAL      62               115     -53
 SINCE 7/1        513               623    -110
COOLING TOTAL      41                30      11
 SINCE 1/1         41                36       5
.................................................

WIND (MPH)
AVERAGE WIND SPEED              6.2
HIGHEST GUST SPEED/DIRECTION    43/160    DATE  02/18

AVERAGE RH (PERCENT)     49

WEATHER CONDITIONS. NUMBER OF DAYS WITH
THUNDERSTORM              0     HEAVY RAIN                 1
RAIN                      2     LIGHT RAIN                 4
FOG W/VIS <= 1/4 MILE     0

-  INDICATES NEGATIVE NUMBERS.
R  INDICATES RECORD WAS SET OR TIED.
MM INDICATES DATA IS MISSING.
T  INDICATES TRACE AMOUNT.

$$
