000
CXUS55 KPSR 010837
CLMNYL

PHXCLMYUM 000
TTAA00 KPSR 010834


CLIMATE REPORT
NATIONAL WEATHER SERVICE PHOENIX AZ
131 AM MST SAT APR 1 2017

...................................

...THE YUMA AZ CLIMATE SUMMARY FOR THE MONTH OF MARCH 2017...

CLIMATE NORMAL PERIOD 1981 TO 2010
CLIMATE RECORD PERIOD 1876 TO 2017

WEATHER         OBSERVED          NORMAL  DEPART
                 VALUE   DATE(S)  VALUE   FROM
                                          NORMAL
................................................
TEMPERATURE (F)
RECORD
 HIGH             102   03/21/2004
 LOW               31   03/15/1881
HIGHEST            98   03/19        93       5
LOWEST             48   03/07        44       4
AVG. MAXIMUM     85.8              79.9     5.9
AVG. MINIMUM     58.1              54.4     3.7
MEAN             72.0              67.2     4.8
DAYS MAX >= 90     12               3.6     8.4
DAYS MAX <= 32      0               0.0     0.0
DAYS MIN <= 32      0               0.0     0.0
DAYS MIN <= 0       0               0.0     0.0

PRECIPITATION (INCHES)
RECORD
 MAXIMUM         3.33   1905
 MINIMUM         0.00   2016
                        2011
                        2009
TOTALS           0.19              0.33   -0.14
DAYS >= .01         1               1.9    -0.9
DAYS >= .10         1               1.1    -0.1
DAYS >= .50         0               0.2    -0.2
DAYS >= 1.00        0               0.0     0.0
GREATEST
 24 HR. TOTAL    0.19   03/22 TO 03/22

DEGREE_DAYS
HEATING TOTAL      13                50     -37
 SINCE 7/1        526               673    -147
COOLING TOTAL     230               117     113
 SINCE 1/1        271               153     118
.................................................

WIND (MPH)
AVERAGE WIND SPEED              6.7
HIGHEST GUST SPEED/DIRECTION    40/290    DATE  03/22

AVERAGE RH (PERCENT)     33

WEATHER CONDITIONS. NUMBER OF DAYS WITH
THUNDERSTORM              1     HEAVY RAIN                 0
RAIN                      1     LIGHT RAIN                 0
FOG W/VIS <= 1/4 MILE     0

-  INDICATES NEGATIVE NUMBERS.
R  INDICATES RECORD WAS SET OR TIED.
MM INDICATES DATA IS MISSING.
T  INDICATES TRACE AMOUNT.

$$
