000
CXUS55 KPSR 011012 RRA
CLMNYL

CLIMATE REPORT
NATIONAL WEATHER SERVICE PHOENIX AZ
310 AM MST WED JUL 1 2015

...................................

...THE YUMA AZ CLIMATE SUMMARY FOR THE MONTH OF JUNE 2015...

CLIMATE NORMAL PERIOD 1981 TO 2010
CLIMATE RECORD PERIOD 1876 TO 2015

WEATHER         OBSERVED          NORMAL  DEPART
                 VALUE   DATE(S)  VALUE   FROM
                                          NORMAL
................................................
TEMPERATURE (F)
RECORD
 HIGH             122   06/26/1990
 LOW               51   06/05/1925
HIGHEST           116   06/18       113       3
LOWEST             68   06/06        64       4
AVG. MAXIMUM    104.9             103.5     1.4
AVG. MINIMUM     77.4              74.6     2.8
MEAN             91.1              89.0     2.1
DAYS MAX >= 90     29              29.0     0.0
DAYS MAX <= 32      0               0.0     0.0
DAYS MIN <= 32      0               0.0     0.0
DAYS MIN <= 0       0               0.0     0.0

PRECIPITATION (INCHES)
RECORD
 MAXIMUM         0.62   1912
 MINIMUM         0.00   2014
                        2013
                        2012
TOTALS           0.33              0.01    0.32
DAYS >= .01         2               0.2     1.8
DAYS >= .10         1               0.1     0.9
DAYS >= .50         0               0.0     0.0
DAYS >= 1.00        0               0.0     0.0
GREATEST
 24 HR. TOTAL    0.31   06/09 TO 06/09

DEGREE_DAYS
HEATING TOTAL       0                 0       0
 SINCE 7/1         86               686    -600
COOLING TOTAL     790               721      69
 SINCE 1/1       1869              1633     236
.................................................

WIND (MPH)
AVERAGE WIND SPEED              7.8
HIGHEST GUST SPEED/DIRECTION    40/170    DATE  06/30

AVERAGE RH (PERCENT)     30

WEATHER CONDITIONS. NUMBER OF DAYS WITH
THUNDERSTORM              2     HEAVY RAIN                 0
RAIN                      1     LIGHT RAIN                 2
FOG W/VIS <= 1/4 MILE     1

-  INDICATES NEGATIVE NUMBERS.
R  INDICATES RECORD WAS SET OR TIED.
MM INDICATES DATA IS MISSING.
T  INDICATES TRACE AMOUNT.

$$
