350
CXUS55 KPSR 010906 RRA
CLMNYL

CLIMATE REPORT
NATIONAL WEATHER SERVICE PHOENIX AZ
205 AM MST MON FEB 1 2016

...................................

...THE YUMA AZ CLIMATE SUMMARY FOR THE MONTH OF JANUARY 2016...

CLIMATE NORMAL PERIOD 1981 TO 2010
CLIMATE RECORD PERIOD 1876 TO 2016

WEATHER         OBSERVED          NORMAL  DEPART
                 VALUE   DATE(S)  VALUE   FROM
                                          NORMAL
................................................
TEMPERATURE (F)
RECORD
 HIGH              88   01/19/1971
 LOW               22   01/24/1937
                        01/20/1883
HIGHEST            82   01/30        79       3
LOWEST             40   01/09        37       3
                        01/08
AVG. MAXIMUM     68.9              69.6    -0.7
AVG. MINIMUM     46.6              47.6    -1.0
MEAN             57.8              58.6    -0.8
DAYS MAX >= 90      0               0.0     0.0
DAYS MAX <= 32      0               0.0     0.0
DAYS MIN <= 32      0               0.0     0.0
DAYS MIN <= 0       0               0.0     0.0

PRECIPITATION (INCHES)
RECORD
 MAXIMUM         2.83   1897
 MINIMUM         0.00   2012
                        2011
                        2009
TOTALS           0.49              0.37    0.12
DAYS >= .01         4               2.6     1.4
DAYS >= .10         2               1.1     0.9
DAYS >= .50         0               0.1    -0.1
DAYS >= 1.00        0               0.0     0.0
GREATEST
 24 HR. TOTAL    0.20   01/04 TO 01/04

DEGREE_DAYS
HEATING TOTAL     195               204      -9
 SINCE 7/1        522               508      14
COOLING TOTAL       2                 6      -4
 SINCE 1/1          2                 0       2
.................................................

WIND (MPH)
AVERAGE WIND SPEED              6.4
HIGHEST GUST SPEED/DIRECTION    39/200    DATE  01/31

AVERAGE RH (PERCENT)     47

WEATHER CONDITIONS. NUMBER OF DAYS WITH
THUNDERSTORM              0     HEAVY RAIN                 0
RAIN                      1     LIGHT RAIN                 5
FOG W/VIS <= 1/4 MILE     0

-  INDICATES NEGATIVE NUMBERS.
R  INDICATES RECORD WAS SET OR TIED.
MM INDICATES DATA IS MISSING.
T  INDICATES TRACE AMOUNT.

$$
