000
CXUS55 KPSR 010939
CLMNYL

CLIMATE REPORT
NATIONAL WEATHER SERVICE PHOENIX AZ
239 AM MST SUN MAR 1 2015

...................................

...THE YUMA AZ CLIMATE SUMMARY FOR THE MONTH OF FEBRUARY 2015...

CLIMATE NORMAL PERIOD 1981 TO 2010
CLIMATE RECORD PERIOD 1876 TO 2015

WEATHER         OBSERVED          NORMAL  DEPART
                 VALUE   DATE(S)  VALUE   FROM
                                          NORMAL
................................................
TEMPERATURE (F)
RECORD
 HIGH              97   02/28/1986
 LOW               27   02/13/1948
HIGHEST            90   02/09        85       5
LOWEST             46   02/25        40       6
AVG. MAXIMUM     81.7              73.8     7.9
AVG. MINIMUM     55.1              50.1     5.0
MEAN             68.4              61.9     6.5
DAYS MAX >= 90      1               0.4     0.6
DAYS MAX <= 32      0               0.0     0.0
DAYS MIN <= 32      0               0.1    -0.1
DAYS MIN <= 0       0               0.0     0.0

PRECIPITATION (INCHES)
RECORD
 MAXIMUM         3.43   1905
 MINIMUM         0.00   2008
                        2007
                        2006
TOTALS           0.00R             0.39   -0.39
DAYS >= .01         0               2.2    -2.2
DAYS >= .10         0               1.2    -1.2
DAYS >= .50         0               0.2    -0.2
DAYS >= 1.00        0               0.0     0.0
GREATEST
 24 HR. TOTAL    0.00   02/28 TO 02/28
                        02/27 TO 02/27
                        02/26 TO 02/26

DEGREE_DAYS
HEATING TOTAL       6               115    -109
 SINCE 7/1         60               623    -563
COOLING TOTAL     109                30      79
 SINCE 1/1        111                36      75
.................................................

WIND (MPH)
AVERAGE WIND SPEED              5.9
HIGHEST GUST SPEED/DIRECTION    36/080    DATE  02/12

AVERAGE RH (PERCENT)     41

WEATHER CONDITIONS. NUMBER OF DAYS WITH
THUNDERSTORM              0     HEAVY RAIN                 0
RAIN                      0     LIGHT RAIN                 0
FOG W/VIS <= 1/4 MILE     0

-  INDICATES NEGATIVE NUMBERS.
R  INDICATES RECORD WAS SET OR TIED.
MM INDICATES DATA IS MISSING.
T  INDICATES TRACE AMOUNT.

$$
