000
CXUS55 KPSR 061628 CCA
CLMNYL

CLIMATE REPORT
NATIONAL WEATHER SERVICE PHOENIX AZ
626 AM MST THU DEC 1 2016

...................................

...THE YUMA AZ CLIMATE SUMMARY FOR THE MONTH OF NOVEMBER 2016...

CLIMATE NORMAL PERIOD 1981 TO 2010
CLIMATE RECORD PERIOD 1876 TO 2016

WEATHER         OBSERVED          NORMAL  DEPART
                 VALUE   DATE(S)  VALUE   FROM
                                          NORMAL
................................................
TEMPERATURE (F)
RECORD
 HIGH              98   11/03/1962
 LOW               29   11/30/1906
HIGHEST            94   11/08        89       5
LOWEST             42   11/30        44      -2
AVG. MAXIMUM     80.7              77.5     3.2
AVG. MINIMUM     57.1              53.9     3.2
MEAN             68.9              65.7     3.2
DAYS MAX >= 90      6               1.0     5.0
DAYS MAX <= 32      0               0.0     0.0
DAYS MIN <= 32      0               0.0     0.0
DAYS MIN <= 0       0               0.0     0.0

PRECIPITATION (INCHES)
RECORD
 MAXIMUM         2.44   1905
 MINIMUM         0.00   2010
                        2009
                        2007
TOTALS           0.04              0.22   -0.18
DAYS >= .01         2               1.2     0.8
DAYS >= .10         0               0.4    -0.4
DAYS >= .50         0               0.1    -0.1
DAYS >= 1.00        0               0.0     0.0
GREATEST
 24 HR. TOTAL    0.03   11/27 TO 11/27

DEGREE_DAYS
HEATING TOTAL      46                66     -20
 SINCE 7/1         46                68     -22
COOLING TOTAL     171                87      84
 SINCE 1/1       5073              4649     424
.................................................

WIND (MPH)
AVERAGE WIND SPEED              6.6
HIGHEST GUST SPEED/DIRECTION    34/020    DATE  11/29

AVERAGE RH (PERCENT)     37

WEATHER CONDITIONS. NUMBER OF DAYS WITH
THUNDERSTORM              1     HEAVY RAIN                 0
RAIN                      0     LIGHT RAIN                 2
FOG W/VIS <= 1/4 MILE     0

-  INDICATES NEGATIVE NUMBERS.
R  INDICATES RECORD WAS SET OR TIED.
MM INDICATES DATA IS MISSING.
T  INDICATES TRACE AMOUNT.

$$
