984
CXUS53 KOAX 011624
CLMOAX

CLIMATE REPORT
NATIONAL WEATHER SERVICE OMAHA NEBRASKA
1024 AM CST MON FEB 1 2016

...................................

...THE VALLEY  NWS, NEBRASKA CLIMATE SUMMARY FOR THE MONTH OF JANUARY 2016...

CLIMATE NORMAL PERIOD 1981 TO 2010
CLIMATE RECORD PERIOD 1997 TO 2016

WEATHER         OBSERVED          NORMAL  DEPART  LAST YEAR`S
                 VALUE   DATE(S)  VALUE   FROM    VALUE
                                          NORMAL
.............................................................
TEMPERATURE (F)
HIGHEST            49   01/30
LOWEST             -7   01/10
AVG. MAXIMUM     32.0              32.3    -0.3
AVG. MINIMUM     17.4              14.2     3.2
MEAN             24.7              23.3     1.4
DAYS MAX >= 90      0
DAYS MAX <= 32     14
DAYS MIN <= 32     29
DAYS MIN <= 0       4

PRECIPITATION (INCHES)
TOTALS           0.75
DAYS >= .01         6
DAYS >= .10         2
DAYS >= .50         0
DAYS >= 1.00        0
GREATEST
 24 HR. TOTAL    0.45   01/07 TO 01/08

SNOWFALL (INCHES)
TOTALS            6.4                                5.3
 LIQUID EQUIV    0.64
SINCE 7/1        18.8
SNOWDEPTH AVG.      2
DAYS >= TRACE      14
DAYS >= 1.0         2
GREATEST
 SNOW DEPTH         4
 24 HR TOTAL      3.9   01/19 TO 01/19

DEGREE DAYS
HEATING TOTAL    1242
 SINCE 7/1       3091
COOLING TOTAL       0
 SINCE 1/1          0
..............................................................

WIND (MPH)
HIGHEST GUST SPEED    38


WEATHER CONDITIONS. NUMBER OF DAYS WITH
THUNDERSTORM              0     MIXED PRECIP               1
HEAVY RAIN                0     RAIN                       0
LIGHT RAIN                5     FREEZING RAIN              0
LT FREEZING RAIN          2     HAIL                       0
HEAVY SNOW                0     SNOW                       2
LIGHT SNOW               14     SLEET                      1
FOG                       9     FOG W/VIS <= 1/4 MILE      1
HAZE                      1

-  INDICATES NEGATIVE NUMBERS.
R  INDICATES RECORD WAS SET OR TIED.
MM INDICATES DATA IS MISSING.
T  INDICATES TRACE AMOUNT.
>= INDICATES GREATER THAN OR EQUAL TO.
<= INDICATES LESS THAN OR EQUAL TO.

$$

KLISH
