000
CXUS53 KOAX 011556
CLMOAX

CLIMATE REPORT
NATIONAL WEATHER SERVICE OMAHA NEBRASKA
956 AM CST THU JAN 1 2015

...................................

...THE VALLEY  NWS, NEBRASKA CLIMATE SUMMARY FOR THE MONTH OF DECEMBER 2014...

CLIMATE NORMAL PERIOD 1981 TO 2010
CLIMATE RECORD PERIOD 1997 TO 2014

WEATHER         OBSERVED          NORMAL  DEPART  LAST YEAR`S
                 VALUE   DATE(S)  VALUE   FROM    VALUE
                                          NORMAL
.............................................................
TEMPERATURE (F)
HIGHEST            56   12/14
                        12/12
LOWEST             -3   12/31
                        12/30
AVG. MAXIMUM     36.9              34.6     2.3
AVG. MINIMUM     25.0              17.3     7.7
MEAN             31.0              25.9     5.1
DAYS MAX >= 90      0
DAYS MAX <= 32     10
DAYS MIN <= 32     25
DAYS MIN <= 0       2

PRECIPITATION (INCHES)
TOTALS           1.90
DAYS >= .01         9
DAYS >= .10         4
DAYS >= .50         1
DAYS >= 1.00        0
GREATEST
 24 HR. TOTAL    1.06   12/14 TO 12/15

SNOWFALL (INCHES)
TOTALS            1.3                                3.4
 LIQUID EQUIV    0.13
SINCE 7/1         4.3
DAYS >= TRACE       8
DAYS >= 1.0         0
GREATEST
 SNOW DEPTH         1
 24 HR TOTAL      0.6

DEGREE DAYS
HEATING TOTAL    1048
 SINCE 7/1       2365
COOLING TOTAL       0
 SINCE 1/1       1039
..............................................................

WIND (MPH)
HIGHEST GUST SPEED/DIRECTION    46


WEATHER CONDITIONS. NUMBER OF DAYS WITH
THUNDERSTORM              0     MIXED PRECIP               2
HEAVY RAIN                0     RAIN                       2
LIGHT RAIN                9     FREEZING RAIN              0
LT FREEZING RAIN          2     HAIL                       0
HEAVY SNOW                0     SNOW                       0
LIGHT SNOW                8     SLEET                      0
FOG                      16     FOG W/VIS <= 1/4 MILE      0
HAZE                      4

-  INDICATES NEGATIVE NUMBERS.
R  INDICATES RECORD WAS SET OR TIED.
MM INDICATES DATA IS MISSING.
T  INDICATES TRACE AMOUNT.
>  INDICATES GREATER THAN OR EQUAL TO.
<  INDICATES LESS THAN OR EQUAL TO.


&&

$$
