000
CXUS53 KOAX 020414
CLMOAX

CLIMATE REPORT
NATIONAL WEATHER SERVICE OMAHA NEBRASKA
955 PM CST SUN MAR 1 2015

...................................

...THE VALLEY  NWS, NEBRASKA CLIMATE SUMMARY FOR THE MONTH OF FEBRUARY 2015...

CLIMATE NORMAL PERIOD 1981 TO 2010
CLIMATE RECORD PERIOD 1997 TO 2015

WEATHER         OBSERVED          NORMAL  DEPART  LAST YEAR`S
                 VALUE   DATE(S)  VALUE   FROM    VALUE
                                          NORMAL
.............................................................
TEMPERATURE (F)
HIGHEST            52   02/08
LOWEST             -4   02/05
                        02/02
AVG. MAXIMUM     31.1              36.8    -5.7
AVG. MINIMUM     11.1              17.7    -6.6
MEAN             21.1              27.3    -6.2
DAYS MAX >= 90      0
DAYS MAX <= 32     14
DAYS MIN <= 32     27
DAYS MIN <= 0       5

PRECIPITATION (INCHES)
TOTALS           0.85
DAYS >= .01         4
DAYS >= .10         2
DAYS >= .50         1
DAYS >= 1.00        0
GREATEST
 24 HR. TOTAL    0.90   01/31 TO 02/01

SNOWFALL (INCHES)
TOTALS            9.3                                9.1
 LIQUID EQUIV    0.93
SINCE 7/1        18.9
DAYS >= TRACE       9
DAYS >= 1.0         2
GREATEST
 SNOW DEPTH         9
 24 HR TOTAL      9.3
 STORM TOTAL      5.9   02/01 TO 02/01

DEGREE DAYS
HEATING TOTAL    1222
 SINCE 7/1       4729
COOLING TOTAL       0
 SINCE 1/1          0
..............................................................

WIND (MPH)
HIGHEST GUST SPEED/DIRECTION    44


WEATHER CONDITIONS. NUMBER OF DAYS WITH
THUNDERSTORM              0     MIXED PRECIP               0
HEAVY RAIN                0     RAIN                       0
LIGHT RAIN                5     FREEZING RAIN              0
LT FREEZING RAIN          0     HAIL                       0
HEAVY SNOW                0     SNOW                       2
LIGHT SNOW                8     SLEET                      0
FOG                       6     FOG W/VIS <= 1/4 MILE      0
HAZE                      0

-  INDICATES NEGATIVE NUMBERS.
R  INDICATES RECORD WAS SET OR TIED.
MM INDICATES DATA IS MISSING.
T  INDICATES TRACE AMOUNT.
>  INDICATES GREATER THAN OR EQUAL TO.
<  INDICATES LESS THAN OR EQUAL TO.

$$
