000
CXUS53 KOAX 011719
CLMOAX

CLIMATE REPORT
NATIONAL WEATHER SERVICE OMAHA NEBRASKA
1118 AM CST WED FEB 1 2017

...................................

...THE VALLEY  NWS, NEBRASKA CLIMATE SUMMARY FOR THE MONTH OF
JANUARY 2017...

CLIMATE NORMAL PERIOD 1981 TO 2010
CLIMATE RECORD PERIOD 1997 TO 2017

WEATHER         OBSERVED          NORMAL  DEPART  LAST YEAR`S
                 VALUE   DATE(S)  VALUE   FROM    VALUE
                                          NORMAL
.............................................................
TEMPERATURE (F)
HIGHEST            56   01/30
LOWEST             -3   01/06
AVG. MAXIMUM     34.1              32.3     1.8
AVG. MINIMUM     20.7              14.2     6.5
MEAN             27.4              23.3     4.1
DAYS MAX >= 90      0
DAYS MAX <= 32     10
DAYS MIN <= 32     29
DAYS MIN <= 0       1

PRECIPITATION (INCHES)
TOTALS           0.95
DAYS >= .01         9
DAYS >= .10         2
DAYS >= .50         0
DAYS >= 1.00        0
GREATEST
 24 HR. TOTAL    0.65   01/15 TO 01/16

SNOWFALL (INCHES)
TOTALS            2.4                                6.4
 LIQUID EQUIV    0.24
SINCE 7/1         5.0
SNOWDEPTH AVG.      0
DAYS >= TRACE      12
DAYS >= 1.0         1
GREATEST
 SNOW DEPTH         2
 24 HR TOTAL      1.9   01/24 TO 01/25

DEGREE DAYS
HEATING TOTAL    1156
 SINCE 7/1       3123
COOLING TOTAL       0
 SINCE 1/1          0
..............................................................

WIND (MPH)
HIGHEST GUST SPEED    44


WEATHER CONDITIONS. NUMBER OF DAYS WITH
THUNDERSTORM              0     MIXED PRECIP               1
HEAVY RAIN                0     RAIN                       1
LIGHT RAIN               10     FREEZING RAIN              0
LT FREEZING RAIN          4     HAIL                       0
HEAVY SNOW                0     SNOW                       1
LIGHT SNOW               11     SLEET                      2
FOG                      10     FOG W/VIS <= 1/4 MILE      3
HAZE                      0

-  INDICATES NEGATIVE NUMBERS.
R  INDICATES RECORD WAS SET OR TIED.
MM INDICATES DATA IS MISSING.
T  INDICATES TRACE AMOUNT.
>= INDICATES GREATER THAN OR EQUAL TO.
<= INDICATES LESS THAN OR EQUAL TO.

$$

KLISH
