000
CXUS53 KGID 011517
CLMODX


CLIMATE REPORT
NATIONAL WEATHER SERVICE HASTINGS NE
1014 AM CDT FRI JUL 1 2016

...................................

...THE ORD NE CLIMATE SUMMARY FOR THE MONTH OF JUNE 2016...

CLIMATE NORMAL PERIOD 1981 TO 2010
CLIMATE RECORD PERIOD 1895 TO 2016

WEATHER         OBSERVED          NORMAL  DEPART  LAST YEAR`S
                 VALUE   DATE(S)  VALUE   FROM    VALUE
                                          NORMAL
.............................................................
TEMPERATURE (F)
HIGHEST            96   06/17        MM      MM       96
LOWEST             MM                MM      MM       50
AVG. MAXIMUM     86.8              81.2     5.6     81.9
AVG. MINIMUM       MM              57.1      MM     57.9
MEAN               MM              69.2      MM     69.9
DAYS MAX >= 90     11               4.1     6.9        4
DAYS MAX <= 32      0
DAYS MIN <= 32      0               0.0     0.0        0
DAYS MIN <= 0       0

PRECIPITATION (INCHES)
TOTALS           3.52              4.12   -0.60     3.27
DAILY AVG.       0.12              0.14   -0.02     0.11
DAYS >= .01         8                MM      MM       14
DAYS >= .10         7                MM      MM        5
DAYS >= .50         2                MM      MM        2
DAYS >= 1.00        2                MM      MM        1
GREATEST
 24 HR. TOTAL    1.42   06/17 TO 06/17
                        06/16 TO 06/17
                        06/17 TO 06/17

DEGREE_DAYS
HEATING TOTAL      MM
 SINCE 7/1      15686
COOLING TOTAL      MM
 SINCE 1/1      10021
..............................................................

WIND (MPH)
AVERAGE WIND SPEED              MM
HIGHEST WIND SPEED/DIRECTION    MM        DATE   MM
HIGHEST GUST SPEED/DIRECTION    MM        DATE   MM

SKY COVER
POSSIBLE SUNSHINE (PERCENT)   MM
NUMBER OF DAYS FAIR           30
NUMBER OF DAYS PC              0
NUMBER OF DAYS CLOUDY          0

AVERAGE RH (PERCENT)     63

WEATHER CONDITIONS. NUMBER OF DAYS WITH
THUNDERSTORM             12     MIXED PRECIP               0
HEAVY RAIN                7     RAIN                       5
LIGHT RAIN               10     FREEZING RAIN              0
LT FREEZING RAIN          0     HAIL                       0
HEAVY SNOW                0     SNOW                       0
LIGHT SNOW                0     SLEET                      0
FOG                       5     FOG W/VIS <= 1/4 MILE      1
HAZE                      2

-  INDICATES NEGATIVE NUMBERS.
R  INDICATES RECORD WAS SET OR TIED.
MM INDICATES DATA IS MISSING.
T  INDICATES TRACE AMOUNT.

$$
