000
CXUS53 KGID 011625
CLMODX


CLIMATE REPORT
NATIONAL WEATHER SERVICE HASTINGS NE
1024 AM CST WED MAR 1 2017

...................................

...THE ORD NE CLIMATE SUMMARY FOR THE MONTH OF FEBRUARY 2017...

CLIMATE NORMAL PERIOD 1981 TO 2010
CLIMATE RECORD PERIOD 1895 TO 2017

WEATHER         OBSERVED          NORMAL  DEPART  LAST YEAR`S
                 VALUE   DATE(S)  VALUE   FROM    VALUE
                                          NORMAL
.............................................................
TEMPERATURE (F)
HIGHEST            78   02/21        MM      MM       75
LOWEST                  02/25        MM      MM        2
AVG. MAXIMUM     48.4              40.2     8.2     45.9
AVG. MINIMUM     19.8              15.4     4.4     21.8
MEAN             34.1              27.8     6.3     33.9
DAYS MAX >= 90      0               0.0     0.0        0
DAYS MAX <= 32      6
DAYS MIN <= 32     26              27.0    -1.0       26
DAYS MIN <= 0       1

PRECIPITATION (INCHES)
TOTALS           0.79              0.44    0.35     0.85
DAILY AVG.       0.03              0.02    0.01     0.03
DAYS >= .01         7                MM      MM        2
DAYS >= .10         4                MM      MM        1
DAYS >= .50         0                MM      MM        1
DAYS >= 1.00        0                MM      MM        0
GREATEST
 24 HR. TOTAL    0.35   02/23 TO 02/23

DEGREE_DAYS
HEATING TOTAL     857
 SINCE 7/1       4511
COOLING TOTAL       0
 SINCE 1/1          0
..............................................................

WIND (MPH)
AVERAGE WIND SPEED              9.4
HIGHEST WIND SPEED/DIRECTION    35/340    DATE  02/24
HIGHEST GUST SPEED/DIRECTION    42/350    DATE  02/24

SKY COVER
POSSIBLE SUNSHINE (PERCENT)   MM
NUMBER OF DAYS FAIR           18
NUMBER OF DAYS PC              7
NUMBER OF DAYS CLOUDY          3

AVERAGE RH (PERCENT)     63

WEATHER CONDITIONS. NUMBER OF DAYS WITH
THUNDERSTORM              0     MIXED PRECIP               0
HEAVY RAIN                0     RAIN                       0
LIGHT RAIN                1     FREEZING RAIN              0
LT FREEZING RAIN          1     HAIL                       0
HEAVY SNOW                1     SNOW                       3
LIGHT SNOW                7     SLEET                      0
FOG                       9     FOG W/VIS <= 1/4 MILE      1
HAZE                      3

-  INDICATES NEGATIVE NUMBERS.
R  INDICATES RECORD WAS SET OR TIED.
MM INDICATES DATA IS MISSING.
T  INDICATES TRACE AMOUNT.

$$
