000
CXUS53 KGID 021345 CCA
CLMODX

CLIMATE REPORT...CORRECTED
NATIONAL WEATHER SERVICE HASTINGS NE
525 PM CDT WED NOV 1 2017

...CORRECTED TO PREVIOUS VERSION 11/01/2017 10:29AM DATA...

...................................

...THE ORD NE CLIMATE SUMMARY FOR THE MONTH OF OCTOBER 2017...

CLIMATE NORMAL PERIOD 1981 TO 2010
CLIMATE RECORD PERIOD 1895 TO 2017

WEATHER         OBSERVED          NORMAL  DEPART  LAST YEAR`S
                 VALUE   DATE(S)  VALUE   FROM    VALUE
                                          NORMAL
.............................................................
TEMPERATURE (F)
HIGHEST            80   10/19        MM      MM       84
LOWEST              8R  10/28        MM      MM       25
AVG. MAXIMUM     63.7              63.0     0.7     70.3
AVG. MINIMUM     36.1              36.3    -0.2     37.4
MEAN             49.9              49.6     0.3     53.8
DAYS MAX >= 90      0               0.5    -0.5        0
DAYS MAX <= 32      1
DAYS MIN <= 32     13               9.8     3.2        8
DAYS MIN <= 0       0

PRECIPITATION (INCHES)
TOTALS           5.37              1.93    3.44     0.09
DAILY AVG.       0.17              0.06    0.11     0.00
DAYS >= .01         8                MM      MM        5
DAYS >= .10         3                MM      MM        0
DAYS >= .50         3                MM      MM        0
DAYS >= 1.00        3                MM      MM        0
GREATEST
 24 HR. TOTAL    2.46   10/06 TO 10/06

DEGREE_DAYS
HEATING TOTAL     460
 SINCE 7/1        568
COOLING TOTAL       1
 SINCE 1/1        840
..............................................................

WIND (MPH)
AVERAGE WIND SPEED              10.4
HIGHEST WIND SPEED/DIRECTION    45/340    DATE  10/26
HIGHEST GUST SPEED/DIRECTION    65/330    DATE  10/26

SKY COVER
POSSIBLE SUNSHINE (PERCENT)   MM
NUMBER OF DAYS FAIR           17
NUMBER OF DAYS PC              9
NUMBER OF DAYS CLOUDY          5

AVERAGE RH (PERCENT)     63

WEATHER CONDITIONS. NUMBER OF DAYS WITH
THUNDERSTORM              3     MIXED PRECIP               0
HEAVY RAIN                3     RAIN                       3
LIGHT RAIN                9     FREEZING RAIN              0
LT FREEZING RAIN          0     HAIL                       0
HEAVY SNOW                0     SNOW                       1
LIGHT SNOW                1     SLEET                      0
FOG                       8     FOG W/VIS <= 1/4 MILE      0
HAZE                      3

-  INDICATES NEGATIVE NUMBERS.
R  INDICATES RECORD WAS SET OR TIED.
MM INDICATES DATA IS MISSING.
T  INDICATES TRACE AMOUNT.

$$
REED
