000
CXUS53 KGID 020016 CCA
CLMODX

CLIMATE REPORT
NATIONAL WEATHER SERVICE HASTINGS NE
1211 PM CDT SAT JUL 1 2017
...CORRECTED THE NUMBER OF DAYS WITH THUNDERSTORMS...
...................................

...THE ORD NE CLIMATE SUMMARY FOR THE MONTH OF JUNE 2017...

CLIMATE NORMAL PERIOD 1981 TO 2010
CLIMATE RECORD PERIOD 1895 TO 2017

WEATHER         OBSERVED          NORMAL  DEPART  LAST YEAR`S
                 VALUE   DATE(S)  VALUE   FROM    VALUE
                                          NORMAL
.............................................................
TEMPERATURE (F)
HIGHEST            98   06/21        MM      MM       96
LOWEST             41   06/24        MM      MM       MM
AVG. MAXIMUM     86.3              81.2     5.1     86.8
AVG. MINIMUM     56.9              57.1    -0.2       MM
MEAN             71.6              69.2     2.4       MM
DAYS MAX >= 90      9               4.1     4.9       11
DAYS MAX <= 32      0
DAYS MIN <= 32      0               0.0     0.0        0
DAYS MIN <= 0       0

PRECIPITATION (INCHES)
TOTALS           0.59              4.12   -3.53     3.52
DAILY AVG.       0.02              0.14   -0.12     0.12
DAYS >= .01         4                MM      MM        8
DAYS >= .10         3                MM      MM        7
DAYS >= .50         0                MM      MM        2
DAYS >= 1.00        0                MM      MM        2
GREATEST
 24 HR. TOTAL    0.25   06/06 TO 06/06

DEGREE_DAYS
HEATING TOTAL      10
 SINCE 7/1       5958
COOLING TOTAL     213
 SINCE 1/1        227
..............................................................

WIND (MPH)
AVERAGE WIND SPEED              8.3
HIGHEST WIND SPEED/DIRECTION    32/220    DATE  06/13
HIGHEST GUST SPEED/DIRECTION    45/210    DATE  06/13

SKY COVER
POSSIBLE SUNSHINE (PERCENT)   MM
NUMBER OF DAYS FAIR           25
NUMBER OF DAYS PC              5
NUMBER OF DAYS CLOUDY          0

AVERAGE RH (PERCENT)     57

WEATHER CONDITIONS. NUMBER OF DAYS WITH
THUNDERSTORM              6     MIXED PRECIP               0
HEAVY RAIN                0     RAIN                       4
LIGHT RAIN               11     FREEZING RAIN              0
LT FREEZING RAIN          0     HAIL                       0
HEAVY SNOW                0     SNOW                       0
LIGHT SNOW                0     SLEET                      0
FOG                       2     FOG W/VIS <= 1/4 MILE      0
HAZE                      3

-  INDICATES NEGATIVE NUMBERS.
R  INDICATES RECORD WAS SET OR TIED.
MM INDICATES DATA IS MISSING.
T  INDICATES TRACE AMOUNT.

$$
REED
