000
CXUS53 KGID 011510
CLMODX


CLIMATE REPORT
NATIONAL WEATHER SERVICE HASTINGS NE
1010 AM CDT FRI MAY 1 2015

...................................

...THE ORD NE CLIMATE SUMMARY FOR THE MONTH OF APRIL 2015...

CLIMATE NORMAL PERIOD 1981 TO 2010
CLIMATE RECORD PERIOD 1895 TO 2015

WEATHER         OBSERVED          NORMAL  DEPART  LAST YEAR`S
                 VALUE   DATE(S)  VALUE   FROM    VALUE
                                          NORMAL
.............................................................
TEMPERATURE (F)
HIGHEST            85   04/01        MM      MM       82
LOWEST             17   04/04        MM      MM       16
AVG. MAXIMUM     64.3              61.6     2.7     62.7
AVG. MINIMUM     37.3              35.9     1.4     33.7
MEAN             50.8              48.8     2.0     48.2
DAYS MAX >= 90      0               0.0     0.0        0
DAYS MAX <= 32      0
DAYS MIN <= 32      8               9.3    -1.3       15
DAYS MIN <= 0       0

PRECIPITATION (INCHES)
TOTALS           2.71              2.59    0.12     1.26
DAILY AVG.       0.09              0.09    0.00     0.04
DAYS >= .01         8                MM      MM       12
DAYS >= .10         4                MM      MM        6
DAYS >= .50         2                MM      MM        0
DAYS >= 1.00        1                MM      MM        0
GREATEST
 24 HR. TOTAL    1.49   04/17 TO 04/17

DEGREE_DAYS
HEATING TOTAL     423
 SINCE 7/1       6281
COOLING TOTAL       4
 SINCE 1/1          4
..............................................................

WIND (MPH)
AVERAGE WIND SPEED              10.7
HIGHEST WIND SPEED/DIRECTION    35/340    DATE  04/19
HIGHEST GUST SPEED/DIRECTION    47/340    DATE  04/19

SKY COVER
POSSIBLE SUNSHINE (PERCENT)   MM
NUMBER OF DAYS FAIR           17
NUMBER OF DAYS PC              7
NUMBER OF DAYS CLOUDY          6

AVERAGE RH (PERCENT)     60

WEATHER CONDITIONS. NUMBER OF DAYS WITH
THUNDERSTORM              6     MIXED PRECIP               0
HEAVY RAIN                3     RAIN                       4
LIGHT RAIN               10     FREEZING RAIN              0
LT FREEZING RAIN          0     HAIL                       0
HEAVY SNOW                1     SNOW                       1
LIGHT SNOW                1     SLEET                      0
FOG                      10     FOG W/VIS <= 1/4 MILE      1
HAZE                      5

-  INDICATES NEGATIVE NUMBERS.
R  INDICATES RECORD WAS SET OR TIED.
MM INDICATES DATA IS MISSING.
T  INDICATES TRACE AMOUNT.

$$
