000
CXUS53 KGID 011440
CLMODX


CLIMATE REPORT
NATIONAL WEATHER SERVICE HASTINGS NE
933 AM CDT MON AUG 1 2016

...................................

...THE ORD NE CLIMATE SUMMARY FOR THE MONTH OF JULY 2016...

CLIMATE NORMAL PERIOD 1981 TO 2010
CLIMATE RECORD PERIOD 1895 TO 2016

WEATHER         OBSERVED          NORMAL  DEPART  LAST YEAR`S
                 VALUE   DATE(S)  VALUE   FROM    VALUE
                                          NORMAL
.............................................................
TEMPERATURE (F)
HIGHEST            98   07/22        MM      MM      101
LOWEST             53   07/01        MM      MM       47
AVG. MAXIMUM     85.2              87.3    -2.1     88.0
AVG. MINIMUM     62.3              61.5     0.8     60.6
MEAN             73.8              74.4    -0.6     74.3
DAYS MAX >= 90      8              10.7    -2.7       13
DAYS MAX <= 32      0
DAYS MIN <= 32      0               0.0     0.0        0
DAYS MIN <= 0       0

PRECIPITATION (INCHES)
TOTALS           6.66              2.97    3.69     2.68
DAILY AVG.       0.21              0.10    0.11     0.09
DAYS >= .01        15                MM      MM        9
DAYS >= .10         8                MM      MM        5
DAYS >= .50         5                MM      MM        3
DAYS >= 1.00        1                MM      MM        1
GREATEST
 24 HR. TOTAL    2.61   07/29 TO 07/30

DEGREE_DAYS
HEATING TOTAL       8
 SINCE 7/1          8
COOLING TOTAL     289
 SINCE 1/1        576
..............................................................

WIND (MPH)
AVERAGE WIND SPEED              7.1
HIGHEST WIND SPEED/DIRECTION    39/290    DATE  07/06
HIGHEST GUST SPEED/DIRECTION    51/300    DATE  07/06

SKY COVER
POSSIBLE SUNSHINE (PERCENT)   MM
NUMBER OF DAYS FAIR           24
NUMBER OF DAYS PC              5
NUMBER OF DAYS CLOUDY          2

AVERAGE RH (PERCENT)     71

WEATHER CONDITIONS. NUMBER OF DAYS WITH
THUNDERSTORM             10     MIXED PRECIP               0
HEAVY RAIN                8     RAIN                       8
LIGHT RAIN               15     FREEZING RAIN              0
LT FREEZING RAIN          0     HAIL                       0
HEAVY SNOW                0     SNOW                       0
LIGHT SNOW                0     SLEET                      0
FOG                      13     FOG W/VIS <= 1/4 MILE      2
HAZE                      3

-  INDICATES NEGATIVE NUMBERS.
R  INDICATES RECORD WAS SET OR TIED.
MM INDICATES DATA IS MISSING.
T  INDICATES TRACE AMOUNT.

$$
DOXEY
