000
CXUS53 KGID 052132 AAA
CLMODX

CLIMATE REPORT...UPDATED
NATIONAL WEATHER SERVICE HASTINGS NE
331 PM CST THU FEB 5 2015

UPDATED TO INCLUDE ADDITIONAL MONTHLY INFO AT BOTTOM

...................................

...THE ORD NE CLIMATE SUMMARY FOR THE MONTH OF JANUARY 2015...

CLIMATE NORMAL PERIOD 1981 TO 2010
CLIMATE RECORD PERIOD 1895 TO 2015

WEATHER         OBSERVED          NORMAL  DEPART  LAST YEAR`S
                 VALUE   DATE(S)  VALUE   FROM    VALUE
                                          NORMAL
.............................................................
TEMPERATURE (F)
HIGHEST            66   01/28        MM      MM       66
LOWEST             -5   01/07        MM      MM      -10
AVG. MAXIMUM     39.5              36.9     2.6     38.3
AVG. MINIMUM     12.2              12.3    -0.1      9.8
MEAN             25.8              24.6     1.2     24.0
DAYS MAX >= 90      0               0.0     0.0        0
DAYS MAX <= 32     10
DAYS MIN <= 32     31              30.7     0.3       30
DAYS MIN <= 0       7

PRECIPITATION (INCHES)
TOTALS           0.17              0.37   -0.20     0.06
DAILY AVG.       0.01              0.01    0.00     0.00
DAYS >= .01         3                MM      MM        1
DAYS >= .10         1                MM      MM        0
DAYS >= .50         0                MM      MM        0
DAYS >= 1.00        0                MM      MM        0
GREATEST
 24 HR. TOTAL    0.10   01/31 TO 01/31

DEGREE_DAYS
HEATING TOTAL    1206
 SINCE 7/1       3973
COOLING TOTAL       0
 SINCE 1/1          0
..............................................................

WIND (MPH)
AVERAGE WIND SPEED              9.9
HIGHEST WIND SPEED/DIRECTION    41/340    DATE  01/28
HIGHEST GUST SPEED/DIRECTION    51/330    DATE  01/25

SKY COVER
POSSIBLE SUNSHINE (PERCENT)   MM
NUMBER OF DAYS FAIR           22
NUMBER OF DAYS PC              8
NUMBER OF DAYS CLOUDY          1

AVERAGE RH (PERCENT)     67

WEATHER CONDITIONS. NUMBER OF DAYS WITH
THUNDERSTORM              0     MIXED PRECIP               0
HEAVY RAIN                0     RAIN                       0
LIGHT RAIN                3     FREEZING RAIN              0
LT FREEZING RAIN          0     HAIL                       0
HEAVY SNOW                0     SNOW                       2
LIGHT SNOW                7     SLEET                      0
FOG                       7     FOG W/VIS <= 1/4 MILE      1
HAZE                      2

-  INDICATES NEGATIVE NUMBERS.
R  INDICATES RECORD WAS SET OR TIED.
MM INDICATES DATA IS MISSING.
T  INDICATES TRACE AMOUNT.

&&

...JANUARY 2015 SUMMARY FOR ORD EVELYN SHARP FIELD AIRPORT...

...TEMPERATURES

AVERAGE HIGH TEMPERATURE:     39.5 DEGREES (2.6 ABOVE NORMAL)
AVERAGE LOW TEMPERATURE:      12.2 DEGREES (0.1 BELOW NORMAL)
AVERAGE MEAN TEMPERATURE:     25.8 DEGREES (1.2 ABOVE NORMAL)

WARMEST HIGH TEMPERATURE:      66 DEGREES ON THE 28TH
COLDEST HIGH TEMPERATURE:       9 DEGREES ON THE 4TH

COLDEST LOW TEMPERATURE:       -5 DEGREES ON THE 7TH
WARMEST LOW TEMPERATURE:       32 DEGREES ON THE 17TH

WARMEST 2-DAY STRETCH BASED
ON AVERAGE HIGH TEMPERATURE:   64.5 DEGREES FROM THE 27TH-28TH

COLDEST 2-DAY STRETCH BASED
ON AVERAGE HIGH TEMPERATURE:   16.0 DEGREES FROM THE 6TH-7TH

WARMEST WEEK BASED
ON AVERAGE MEAN TEMPERATURE:   37.9 DEGREES FROM THE 23RD-29TH

COLDEST WEEK BASED
ON AVERAGE MEAN TEMPERATURE:   11.6 DEGREES FROM THE 4TH-10TH

WARMEST WEEK BASED
ON AVERAGE HIGH TEMPERATURE:   54.9 DEGREES FROM THE 23RD-29TH

COLDEST WEEK BASED
ON AVERAGE HIGH TEMPERATURE:   22.6 DEGREES FROM THE 3RD-9TH

COLDEST WEEK BASED
ON AVERAGE LOW TEMPERATURE:    -0.1 DEGREES FROM THE 4TH-10TH


...PRECIPITATION/SNOWFALL

(NOTE: ALL SNOWFALL/SNOW DEPTH DATA IS FROM THE NWS COOPERATIVE
OBSERVER IN ORD...WHO REPORTS 24-HOUR SNOWFALL ENDING AT 8 AM.
IN ADDITION...IN MANY CASES MELTED SNOW-LIQUID EQUIVALENT
PRECIPITATION IS ALSO DERIVED FROM THE COOPERATIVE OBSERVER...GIVEN
THAT THE AUTOMATED PRECIPITATION GAUGE AT THE AIRPORT IS NOT
DESIGNED TO ACCURATELY MELT SNOW IN MOST SITUATIONS)

TOTAL MONTHLY PRECIPITATION: 0.17 INCHES  (0.20 BELOW NORMAL)
TOTAL MONTHLY SNOWFALL:      1.5  INCHES   (5.3 BELOW NORMAL)

NUMBER OF DAYS WITH MEASURABLE PRECIPITATION (0.01 OR MORE): 3

HIGHEST CALENDAR DAY PRECIPITATION:  0.10 INCHES ON THE 31ST

HIGHEST 24-HOUR
SNOWFALL ENDING AROUND 8 AM:  1.0 INCHES REPORTED ON THE 4TH

HIGHEST 48-HOUR
SNOWFALL ENDING AROUND 8 AM:  1.5 INCHES REPORTED ON THE 5TH

DEEPEST 8 AM SNOW DEPTH:        3 INCHES ON THE 1ST-2ND, 4TH-8TH


PRECIPITATION TOTALS AND DEPARTURES
FROM NORMAL FOR THE YEAR 2014:

MONTH          PRECIP.  DEPARTURE

FEB  2014       0.19      -0.25
MAR  2014       0.20      -1.25
APR  2014       1.26      -1.33
MAY  2014       0.51      -3.30
JUN  2014       8.08      +3.96
JUL  2014       2.07      -0.90
AUG  2014       5.27      +2.11
SEP  2014       1.68      -0.76
OCT  2014       1.14      -0.79
NOV  2014       0.06      -1.01
DEC  2014       1.56      +0.97
JAN  2015       0.17      -0.20

12-MONTH TOTAL  22.19     -2.75


...OTHER WEATHER ELEMENTS

HIGHEST WIND GUST: 51 MPH FROM THE NORTHWEST ON THE 25TH)
(OCCURRED AT 1235 AM IN THE WAKE OF A COLD FRONT)

HIGHEST SURFACE SEA LEVEL PRESSURE: 31.19 ON THE 7TH
LOWEST SURFACE SEA LEVEL PRESSURE:  29.70 ON THE 28TH

$$

PFANNKUCH
