000
CXUS53 KGID 011925
CLMODX


CLIMATE REPORT
NATIONAL WEATHER SERVICE HASTINGS NE
225 PM CDT SAT AUG 1 2015

...................................

...THE ORD NE CLIMATE SUMMARY FOR THE MONTH OF JULY 2015...

CLIMATE NORMAL PERIOD 1981 TO 2010
CLIMATE RECORD PERIOD 1895 TO 2015

WEATHER         OBSERVED          NORMAL  DEPART  LAST YEAR`S
                 VALUE   DATE(S)  VALUE   FROM    VALUE
                                          NORMAL
.............................................................
TEMPERATURE (F)
HIGHEST           101   07/17        MM      MM       95
                        07/12
LOWEST             47   07/08        MM      MM       46
AVG. MAXIMUM     88.0              87.3     0.7     82.9
AVG. MINIMUM     60.6              61.5    -0.9     57.4
MEAN             74.3              74.4    -0.1     70.1
DAYS MAX >= 90     13              10.7     2.3        7
DAYS MAX <= 32      0
DAYS MIN <= 32      0               0.0     0.0        0
DAYS MIN <= 0       0

PRECIPITATION (INCHES)
TOTALS           2.68              2.97   -0.29     2.07
DAILY AVG.       0.09              0.10   -0.01     0.07
DAYS >= .01         9                MM      MM        7
DAYS >= .10         5                MM      MM        6
DAYS >= .50         3                MM      MM        1
DAYS >= 1.00        1                MM      MM        0
GREATEST
 24 HR. TOTAL    1.65   07/17 TO 07/18

DEGREE_DAYS
HEATING TOTAL       5
 SINCE 7/1          5
COOLING TOTAL     300
 SINCE 1/1        469
..............................................................

WIND (MPH)
AVERAGE WIND SPEED              6.9
HIGHEST WIND SPEED/DIRECTION    43/240    DATE  07/17
HIGHEST GUST SPEED/DIRECTION    57/340    DATE  07/31

SKY COVER
POSSIBLE SUNSHINE (PERCENT)   MM
NUMBER OF DAYS FAIR           28
NUMBER OF DAYS PC              3
NUMBER OF DAYS CLOUDY          0

AVERAGE RH (PERCENT)     69

WEATHER CONDITIONS. NUMBER OF DAYS WITH
THUNDERSTORM             20     MIXED PRECIP               0
HEAVY RAIN                3     RAIN                       5
LIGHT RAIN               14     FREEZING RAIN              0
LT FREEZING RAIN          0     HAIL                       0
HEAVY SNOW                0     SNOW                       0
LIGHT SNOW                0     SLEET                      0
FOG                      17     FOG W/VIS <= 1/4 MILE      4
HAZE                      7

-  INDICATES NEGATIVE NUMBERS.
R  INDICATES RECORD WAS SET OR TIED.
MM INDICATES DATA IS MISSING.
T  INDICATES TRACE AMOUNT.

$$
