000
CXUS53 KGID 011452
CLMODX


CLIMATE REPORT
NATIONAL WEATHER SERVICE HASTINGS NE
951 AM CDT TUE SEP 1 2015

...................................

...THE ORD NE CLIMATE SUMMARY FOR THE MONTH OF AUGUST 2015...

CLIMATE NORMAL PERIOD 1981 TO 2010
CLIMATE RECORD PERIOD 1895 TO 2015

WEATHER         OBSERVED          NORMAL  DEPART  LAST YEAR`S
                 VALUE   DATE(S)  VALUE   FROM    VALUE
                                          NORMAL
.............................................................
TEMPERATURE (F)
HIGHEST            96   08/02        MM      MM       90
LOWEST             40   08/24        MM      MM       50
AVG. MAXIMUM     83.8              85.6    -1.8     83.8
AVG. MINIMUM     57.1              60.4    -3.3     60.9
MEAN             70.5              73.0    -2.5     72.4
DAYS MAX >= 90      6               8.2    -2.2        3
DAYS MAX <= 32      0
DAYS MIN <= 32      0               0.0     0.0        0
DAYS MIN <= 0       0

PRECIPITATION (INCHES)
TOTALS           2.13              3.16   -1.03     5.27
DAILY AVG.       0.07              0.10   -0.03     0.17
DAYS >= .01        10                MM      MM       15
DAYS >= .10         7                MM      MM       10
DAYS >= .50         1                MM      MM        4
DAYS >= 1.00        0                MM      MM        2
GREATEST
 24 HR. TOTAL    0.77   07/31 TO 08/01

DEGREE_DAYS
HEATING TOTAL      18
 SINCE 7/1         23
COOLING TOTAL     194
 SINCE 1/1        663
..............................................................

WIND (MPH)
AVERAGE WIND SPEED              7.5
HIGHEST WIND SPEED/DIRECTION    40/180    DATE  08/06
HIGHEST GUST SPEED/DIRECTION    49/180    DATE  08/06

SKY COVER
POSSIBLE SUNSHINE (PERCENT)   MM
NUMBER OF DAYS FAIR           22
NUMBER OF DAYS PC              7
NUMBER OF DAYS CLOUDY          2

AVERAGE RH (PERCENT)     72

WEATHER CONDITIONS. NUMBER OF DAYS WITH
THUNDERSTORM             11     MIXED PRECIP               0
HEAVY RAIN                4     RAIN                       5
LIGHT RAIN               12     FREEZING RAIN              0
LT FREEZING RAIN          0     HAIL                       0
HEAVY SNOW                0     SNOW                       0
LIGHT SNOW                0     SLEET                      0
FOG                      18     FOG W/VIS <= 1/4 MILE      5
HAZE                      2

-  INDICATES NEGATIVE NUMBERS.
R  INDICATES RECORD WAS SET OR TIED.
MM INDICATES DATA IS MISSING.
T  INDICATES TRACE AMOUNT.

$$
