000
CXUS53 KGID 121455 AAA
CLMODX

CLIMATE REPORT...UPDATED
NATIONAL WEATHER SERVICE HASTINGS NE
955 AM CDT TUE AUG 12 2014

UPDATED TO INCLUDE ADDITIONAL MONTHLY STATS AT BOTTOM

...................................

...THE ORD NE CLIMATE SUMMARY FOR THE MONTH OF JULY 2014...

CLIMATE NORMAL PERIOD 1981 TO 2010
CLIMATE RECORD PERIOD 1895 TO 2014

WEATHER         OBSERVED          NORMAL  DEPART  LAST YEAR`S
                 VALUE   DATE(S)  VALUE   FROM    VALUE
                                          NORMAL
.............................................................
TEMPERATURE (F)
HIGHEST            95   07/21        MM      MM       97
LOWEST             46   07/15        MM      MM       46
AVG. MAXIMUM     82.9              87.3    -4.4     85.9
AVG. MINIMUM     57.4              61.5    -4.1     60.9
MEAN             70.1              74.4    -4.3     73.4
DAYS MAX >= 90      7              10.7    -3.7       12
DAYS MAX <= 32      0
DAYS MIN <= 32      0               0.0     0.0        0
DAYS MIN <= 0       0

PRECIPITATION (INCHES)
TOTALS           2.07              2.97   -0.90     3.59
DAILY AVG.       0.07              0.10   -0.03     0.12
DAYS >= .01         7                MM      MM       12
DAYS >= .10         6                MM      MM        7
DAYS >= .50         1                MM      MM        2
DAYS >= 1.00        0                MM      MM        1
GREATEST
 24 HR. TOTAL    0.98   07/09 TO 07/09
                        07/08 TO 07/09
                        07/09 TO 07/09

DEGREE_DAYS
HEATING TOTAL      19
 SINCE 7/1         19
COOLING TOTAL     185
 SINCE 1/1        400
..............................................................

WIND (MPH)
AVERAGE WIND SPEED              7.3
HIGHEST WIND SPEED/DIRECTION    33/080    DATE  07/09
HIGHEST GUST SPEED/DIRECTION    42/080    DATE  07/09

SKY COVER
POSSIBLE SUNSHINE (PERCENT)   MM
NUMBER OF DAYS FAIR           24
NUMBER OF DAYS PC              5
NUMBER OF DAYS CLOUDY          0

AVERAGE RH (PERCENT)     71

WEATHER CONDITIONS. NUMBER OF DAYS WITH
THUNDERSTORM              7     MIXED PRECIP               0
HEAVY RAIN                4     RAIN                       3
LIGHT RAIN                7     FREEZING RAIN              0
LT FREEZING RAIN          0     HAIL                       0
HEAVY SNOW                0     SNOW                       0
LIGHT SNOW                0     SLEET                      0
FOG                      17     FOG W/VIS <= 1/4 MILE      2
HAZE                      2

-  INDICATES NEGATIVE NUMBERS.
R  INDICATES RECORD WAS SET OR TIED.
MM INDICATES DATA IS MISSING.
T  INDICATES TRACE AMOUNT.

&&

...JULY 2014 DETAILS FOR ORD EVELYN SHARP FIELD AIRPORT...

...TEMPERATURES

AVERAGE HIGH TEMPERATURE:      82.9 DEGREES (4.4 BELOW NORMAL)
AVERAGE LOW TEMPERATURE:       57.4 DEGREES (4.1 BELOW NORMAL)
AVERAGE MEAN TEMPERATURE:      70.1 DEGREES (4.3 BELOW NORMAL)

HOTTEST HIGH TEMPERATURE:      95 DEGREES ON THE 21ST
COOLEST HIGH TEMPERATURE:      72 DEGREES ON THE 14TH

COOLEST LOW TEMPERATURE:       46 DEGREES ON THE 15TH
WARMEST LOW TEMPERATURE:       68 DEGREES ON THE 11TH

WARMEST 2-DAY STRETCH BASED
ON AVERAGE HIGH TEMPERATURE:   93.5 DEGREES FROM THE 20TH-21ST

WARMEST WEEK BASED
ON AVERAGE HIGH TEMPERATURE:   89.7 DEGREES FROM THE 20TH-26TH

WARMEST WEEK BASED
ON AVERAGE MEAN TEMPERATURE:   76.6 DEGREES FROM THE 20TH-26TH

COOLEST 2-DAY STRETCH BASED
ON AVERAGE HIGH TEMPERATURE:   73.0 DEGREES FROM THE 14TH-15TH

COOLEST WEEK BASED
ON AVERAGE HIGH TEMPERATURE:   76.6 DEGREES FROM THE 13TH-19TH

COOLEST WEEK BASED
ON AVERAGE LOW TEMPERATURE:    53.0 DEGREES FROM THE 13TH-19TH

COOLEST WEEK BASED
ON AVERAGE MEAN TEMPERATURE:   65.0 DEGREES FROM THE 13TH-19TH
                                                     12TH-18TH


...PRECIPITATION

TOTAL MONTHLY PRECIPITATION:  2.07 INCHES (0.90 BELOW NORMAL)

NUMBER OF DAYS WITH MEASURABLE PRECIPITATION (0.01 OR MORE): 7

HIGHEST CALENDAR DAY PRECIPITATION:  0.98 INCHES ON THE 9TH


PRECIPITATION TOTALS AND DEPARTURES
FROM NORMAL FOR THE PAST 12 MONTHS:

MONTH          PRECIP.  DEPARTURE

AUG  2013       3.77      +0.61
SEP  2013       2.80      +0.36
OCT  2013       1.62      -0.31
NOV  2013       0.50      -0.57
DEC  2013       TRACE     -0.59
JAN  2014       0.06      -0.31
FEB  2014       0.19      -0.25
MAR  2014       0.20      -1.25
APR  2014       1.26      -1.33
MAY  2014       0.51      -3.30
JUN  2014       8.08      +3.96
JUL  2014       2.07      -0.90

12-MONTH TOTAL  21.06     -3.88


...OTHER WEATHER ELEMENTS

HIGHEST WIND GUST: 43 MPH FROM THE EAST ON THE 9TH
(OCCURRED AT 719 PM CDT DURING A THUNDERSTORM)

HIGHEST SURFACE SEA LEVEL PRESSURE: 30.32 ON THE 28TH
LOWEST SURFACE SEA LEVEL PRESSURE:  29.67 ON THE 25TH

...SEVERE THUNDERSTORM REPORTS

- QUARTER SIZE HAIL REPORTED IN ORD AT 651 PM CDT ON THE 9TH
- GOLF BALL SIZE HAIL REPORTED 6 MILES NORTH OF ORD AT
643 PM CDT ON THE 9TH

$$

PFANNKUCH
