000
CXUS53 KOAX 021938
CLMOFK

CLIMATE REPORT
NATIONAL WEATHER SERVICE OMAHA NEBRASKA
138 PM CST TUE FEB 2 2016

...................................

...THE NORFOLK CLIMATE SUMMARY FOR THE MONTH OF JANUARY 2016...

CLIMATE NORMAL PERIOD 1981 TO 2010
CLIMATE RECORD PERIOD 1888 TO 2016

WEATHER         OBSERVED          NORMAL  DEPART
                 VALUE   DATE(S)  VALUE   FROM
                                          NORMAL
................................................
TEMPERATURE (F)
HIGHEST            48   01/29
LOWEST            -12   01/10
AVG. MAXIMUM     31.7              33.0    -1.3
AVG. MINIMUM     15.2              12.1     3.1
MEAN             23.5              22.6     0.9
DAYS MAX >= 90      0
DAYS MAX <= 32     15
DAYS MIN <= 32     30
DAYS MIN <= 0       5

PRECIPITATION (INCHES)
RECORD
 MAXIMUM         2.33   1949
 MINIMUM         0.05   1928
TOTALS           0.57              0.59   -0.02
DAILY AVG.       0.02
DAYS >= .01         6
DAYS >= .10         2
DAYS >= .50         0
DAYS >= 1.00        0
GREATEST
 24 HR. TOTAL    0.23   01/19 TO 01/19

SNOWFALL (INCHES)
RECORDS
 TOTAL           21.2   1932
TOTALS            4.5               6.4
SINCE 7/1        24.5
SNOWDEPTH AVG.      2                 3      -1
DAYS >= 1.0         2
GREATEST
 SNOW DEPTH         5   01/01
 24 HR TOTAL      2.0   01/19 TO 01/19

DEGREE DAYS
HEATING TOTAL    1281              1316     -35
 SINCE 7/1       3364              4022    -658
COOLING TOTAL       0                 0       0
 SINCE 1/1          0                 0       0
.................................................

WIND (MPH)
AVERAGE WIND SPEED              10.3
HIGHEST WIND SPEED/DIRECTION    37/320    DATE  01/15
HIGHEST GUST SPEED/DIRECTION    45/320    DATE  01/15

SKY COVER
AVERAGE SKY COVER           0.50


WEATHER CONDITIONS. NUMBER OF DAYS WITH
THUNDERSTORM              0     MIXED PRECIP               0
HEAVY RAIN                0     RAIN                       1
LIGHT RAIN                2     FREEZING RAIN              0
LT FREEZING RAIN          2     HAIL                       0
HEAVY SNOW                0     SNOW                       0
LIGHT SNOW               10     SLEET                      0
FOG                      16     FOG W/VIS <= 1/4 MILE      3
HAZE                      6

-  INDICATES NEGATIVE NUMBERS.
R  INDICATES RECORD WAS SET OR TIED.
MM INDICATES DATA IS MISSING.
T  INDICATES TRACE AMOUNT.
>= INDICATES GREATER THAN OR EQUAL TO.
<= INDICATES LESS THAN OR EQUAL TO.

&&

...JANUARY WAS SLIGHTLY WARMER THAN NORMAL IN NORFOLK...WITH NEAR-NORMAL
TEMPERATURES...

THE AVERAGE TEMPERATURE OF 23.5 DEGREES WAS 0.9 INCHES ABOVE NORMAL.
 THE JANUARY TOTAL PRECIPITATION OF 0.57 INCHES WAS 0.02 INCHES
BELOW NORMAL...WITH 4.5 INCHES OF SNOW THAT IS 1.9 INCHES BELOW
NORMAL.

THE MONTH BEGAN WITH MOSTLY ABOVE-NORMAL TEMPERATURES...ALONG WITH
WET DAYS ON THE 6TH TO 8TH.  PRECIPITATION TOTALLED 0.25 INCHES FOR
THE THREE DAYS...WITH 2.0 INCHES OF SNOW ON TWO OF THOSE DAYS. THAT
WAS FOLLOWED BY A BRIEF DIP TO BELOW-NORMAL TEMPERATURES ON THE 9TH
AND 10TH.  THE COLDEST TEMPERATURE OF THE MONTH WAS RECORDED ON THE
10TH...AT -12 DEGREES. A BRIEF WARM-UP FOLLOWED AS TEMPERATURES
PEAKED IN THE 40S...FOLLOWED BY ANOTHER BRIEF COLD STREAK FROM THE
16TH TO THE 19TH.  LIGHT SNOW FELL ON THE 16TH...WITH 2.0 INCHES
OF SNOW ON THE 19TH.  THE MONTH ENDED ON A WARM STREAK...WITH ABOVE-
NORMAL TEMPERATURES ON THE 23RD TO 31ST. FREEZING DRIZZLE AND A
DUSTING OF SNOW FELL ON THE 25TH...BUT OTHERWISE THE LAST ELEVEN
DAYS OF THE MONTH WERE DRY.


DAILY RECORDS SET IN JANUARY 2016:
DATE         RECORD           READING  PREVIOUS RECORD
NO RECORDS SET IN JANUARY

$$

MAYES/KLISH
