950
CXUS53 KOAX 021206
CLMOFK

CLIMATE REPORT
NATIONAL WEATHER SERVICE OMAHA NEBRASKA
706 AM CDT FRI SEP 2 2016

...................................

...THE NORFOLK CLIMATE SUMMARY FOR THE MONTH OF AUGUST 2016...

CLIMATE NORMAL PERIOD 1981 TO 2010
CLIMATE RECORD PERIOD 1888 TO 2016

WEATHER         OBSERVED          NORMAL  DEPART
                 VALUE   DATE(S)  VALUE   FROM
                                          NORMAL
................................................
TEMPERATURE (F)
HIGHEST            92   08/18
                        08/10
LOWEST             45   08/21
AVG. MAXIMUM     83.0              84.2    -1.2
AVG. MINIMUM     61.2              61.5    -0.3
MEAN             72.1              72.8    -0.7
DAYS MAX >= 90      3
DAYS MAX <= 32      0
DAYS MIN <= 32      0
DAYS MIN <= 0       0

PRECIPITATION (INCHES)
RECORD
 MAXIMUM         8.27   1923
 MINIMUM         0.37   1941
TOTALS           2.33              3.25   -0.92
DAILY AVG.       0.08
DAYS >= .01         9
DAYS >= .10         3
DAYS >= .50         2
DAYS >= 1.00        1
GREATEST
 24 HR. TOTAL    1.15   08/23 TO 08/23

SNOWFALL (INCHES)
TOTALS            0.0               0.0
SINCE 7/1         0.0
SNOWDEPTH AVG.      0
DAYS >= 1.0         0
GREATEST
 SNOW DEPTH         0
 24 HR TOTAL      0.0

DEGREE DAYS
HEATING TOTAL       6                12      -6
 SINCE 7/1         13                16      -3
COOLING TOTAL     234               255     -21
 SINCE 1/1        843               816      27
.................................................

WIND (MPH)
AVERAGE WIND SPEED              8.3
HIGHEST WIND SPEED/DIRECTION    38/340    DATE  08/11
HIGHEST GUST SPEED/DIRECTION    51/330    DATE  08/11

SKY COVER
AVERAGE SKY COVER           0.30


WEATHER CONDITIONS. NUMBER OF DAYS WITH
THUNDERSTORM              7     MIXED PRECIP               0
HEAVY RAIN                2     RAIN                       2
LIGHT RAIN               13     FREEZING RAIN              0
LT FREEZING RAIN          0     HAIL                       0
HEAVY SNOW                0     SNOW                       0
LIGHT SNOW                0     SLEET                      0
FOG                      14     FOG W/VIS <= 1/4 MILE      5
HAZE                      0

-  INDICATES NEGATIVE NUMBERS.
R  INDICATES RECORD WAS SET OR TIED.
MM INDICATES DATA IS MISSING.
T  INDICATES TRACE AMOUNT.
>= INDICATES GREATER THAN OR EQUAL TO.
<= INDICATES LESS THAN OR EQUAL TO.

&&

...AUGUST WAS SLIGHTLY COOLER AND SLIGHTLY WETTER THAN NORMAL IN
NORFOLK...

TEMPERATURES NEVER STRAYED TOO FAR FROM NORMAL...AND THE AVERAGE FOR
THE MONTH OF AUGUST OF 72.1 DEGREES WAS 0.7 DEGREES BELOW NORMAL.
THE 2.33 INCHES OF RAIN WAS 0.92 INCHES BELOW NORMAL.

AUGUST WAS MARKED BY SHORT-LIVED SWINGS BETWEEN ABOVE- AND BELOW-
NORMAL TEMPERATURES...WITH NONE STRAYING VERY FAR FROM NORMAL...AND
BY PERIODIC SHOWERS AND THUNDERSTORMS.  THE WARMEST TEMPERATURE OF
THE MONTH...A NOT-TOO-HOT 92 DEGREES...WAS RECORDED ON BOTH THE 10TH
AND 18TH.  THE LOW OF 45 ON THE 21ST WAS THE COOLEST READING OF THE
MONTH.  THUNDERSTORMS BROUGHT WIND GUSTS UP TO 51 MPH ON THE 11TH.
THOUGH RAIN WAS MEASURED ON 9 DAYS IN AUGUST...MOST RAINS WERE
LIGHT...LEAVING THE TOTAL ALMOST AN INCH BELOW NORMAL.

FOR THE SUMMER MONTHS OF JUNE THROUGH AUGUST...NORFOLK WAS SLIGHTLY
DRIER THAN NORMAL...WITH NEAR-NORMAL TEMPERATURES. THE AVERAGE
TEMPERATURE OF 73.3 DEGREES WAS 0.6 DEGREES ABOVE NORMAL AND THE
55TH WARMEST SUMMER ON RECORD. THE TOTAL PRECIPITATION OF 8.42
INCHES WAS 2.41 INCHES BELOW NORMAL AND THE 34TH DRIEST ON RECORD.


DAILY RECORDS SET IN AUGUST 2016:
DATE         RECORD           READING  PREVIOUS RECORD
NO RECORDS SET

$$

MAYES/KLISH/JRB
