295
CXHW52 PHFO 011625
CLMOGG


CLIMATE REPORT
NATIONAL WEATHER SERVICE HONOLULU HI
625 AM HST SUN OCT 1 2017

...................................

...THE KAHULUI HI CLIMATE SUMMARY FOR THE MONTH OF SEPTEMBER 2017...

CLIMATE NORMAL PERIOD 1981 TO 2010
CLIMATE RECORD PERIOD 1946 TO 2017

WEATHER         OBSERVED          NORMAL  DEPART  LAST YEAR`S
                 VALUE   DATE(S)  VALUE   FROM    VALUE  DATE(S)
                                          NORMAL
................................................................
TEMPERATURE (F)
RECORD
 HIGH              96   09/14/1997
                        09/19/1995
 LOW               19   09/05/2012
HIGHEST            94   09/01        88       6       93  09/04
LOWEST             65   09/03        70      -5       68  09/11
AVG. MAXIMUM     90.2              88.0     2.2     89.1
AVG. MINIMUM     70.3              70.4    -0.1     73.0
MEAN             80.3              79.2     1.1     81.1
DAYS MAX >= 90     18               4.5    13.5       16
DAYS MAX <= 32      0               0.0     0.0        0
DAYS MIN <= 32      0               0.0     0.0        0
DAYS MIN <= 0       0               0.0     0.0        0

PRECIPITATION (INCHES)
RECORD
 MAXIMUM         1.43   1987
 MINIMUM         0.00   2005
TOTALS           0.06              0.38   -0.32     1.24
DAILY AVG.       0.00              0.01   -0.01     0.04
DAYS >= .01         3               4.5    -1.5        9
DAYS >= .10         0               1.0    -1.0        3
DAYS >= .50         0               0.2    -0.2        1
DAYS >= 1.00        0               0.0     0.0        0
GREATEST
 24 HR. TOTAL    0.04   09/17 TO 09/17              0.70

SNOWFALL (INCHES)
RECORDS
 TOTAL             MM   5
TOTALS            0.0               0.0     0.0      0.0
SINCE 7/1         0.0               0.0     0.0      0.0
SNOWDEPTH AVG.     MM                MM      MM        0
DAYS >= 1.0         0               0.0     0.0        0
GREATEST
 SNOW DEPTH        MM                                  0  MM
 24 HR TOTAL      0.0   09/30 TO 09/30               0.0

DEGREE_DAYS
HEATING TOTAL       0                 0       0        0
 SINCE 7/1          0                 0       0        0
COOLING TOTAL     464               426      38      488
 SINCE 1/1       3228              2968     260     3389
.................................................................

WIND (MPH)
AVERAGE WIND SPEED              11.1
HIGHEST WIND SPEED/DIRECTION    30/030    DATE  09/21
HIGHEST GUST SPEED/DIRECTION    40/080    DATE  09/18

SKY COVER
POSSIBLE SUNSHINE (PERCENT)   MM
AVERAGE SKY COVER             MM
NUMBER OF DAYS FAIR            0
NUMBER OF DAYS PC              0
NUMBER OF DAYS CLOUDY          0

AVERAGE RH (PERCENT)     MM

WEATHER CONDITIONS. NUMBER OF DAYS WITH
THUNDERSTORM              0     MIXED PRECIP               0
HEAVY RAIN                0     RAIN                       0
LIGHT RAIN                0     FREEZING RAIN              0
LT FREEZING RAIN          0     HAIL                       0
HEAVY SNOW                0     SNOW                       0
LIGHT SNOW                0     SLEET                      0
FOG                       4     FOG W/VIS <= 1/4 MILE      0
HAZE                      1

-  INDICATES NEGATIVE NUMBERS.
R  INDICATES RECORD WAS SET OR TIED.
MM INDICATES DATA IS MISSING.
T  INDICATES TRACE AMOUNT.

$$
