000
CXHW52 PHFO 011625
CLMOGG


CLIMATE REPORT
NATIONAL WEATHER SERVICE HONOLULU HI
625 AM HST TUE JUL 1 2014

...................................

...THE KAHULUI HI CLIMATE SUMMARY FOR THE MONTH OF JUNE 2014...

CLIMATE NORMAL PERIOD 1981 TO 2010
CLIMATE RECORD PERIOD 1946 TO 2014

WEATHER         OBSERVED          NORMAL  DEPART  LAST YEAR`S
                 VALUE   DATE(S)  VALUE   FROM    VALUE  DATE(S)
                                          NORMAL
................................................................
TEMPERATURE (F)
RECORD
 HIGH              94   06/12/1996
                        06/07/1953
                        06/15/1952
 LOW               58   06/02/1985
HIGHEST            91   06/02        86       5       90  06/18
                                                          06/11
                                                          06/01
LOWEST             64   06/22        69      -5       65  06/28
                        06/07                             06/20
                        06/03
AVG. MAXIMUM     87.5              86.3     1.2     87.6
AVG. MINIMUM     69.8              69.6     0.2     71.3
MEAN             78.7              78.0     0.7     79.5
DAYS MAX >= 90      2               1.0     1.0        3
DAYS MAX <= 32      0               0.0     0.0        0
DAYS MIN <= 32      0               0.0     0.0        0
DAYS MIN <= 0       0               0.0     0.0        0

PRECIPITATION (INCHES)
RECORD
 MAXIMUM         2.50   1967
 MINIMUM         0.00   1957
TOTALS           0.29              0.20    0.09     0.27
DAILY AVG.       0.01              0.01    0.00     0.01
DAYS >= .01         8               5.1     2.9       10
DAYS >= .10         1               0.5     0.5        1
DAYS >= .50         0               0.0     0.0        0
DAYS >= 1.00        0               0.0     0.0        0
GREATEST
 24 HR. TOTAL    0.22   06/23 TO 06/23              0.18
                        06/22 TO 06/23
                        06/23 TO 06/23

SNOWFALL (INCHES)
RECORDS
 TOTAL             MM   0
TOTALS            0.0               0.0     0.0      0.0
SINCE 7/1         0.0               0.0     0.0      0.0
SNOWDEPTH AVG.      0                MM      MM        0
DAYS >= 1.0         0               0.0     0.0        0
GREATEST
 SNOW DEPTH         0   MM                             0  MM
 24 HR TOTAL      0.0   06/30 TO 06/30               0.0

DEGREE_DAYS
HEATING TOTAL       0                 0       0        0
 SINCE 7/1          0                 0       0        0
COOLING TOTAL     419               388      31      442
 SINCE 1/1       1915              1647     268     1826
.................................................................

WIND (MPH)
AVERAGE WIND SPEED              13.7
HIGHEST WIND SPEED/DIRECTION    35/040    DATE  06/15
HIGHEST GUST SPEED/DIRECTION    39/050    DATE  06/16

SKY COVER
POSSIBLE SUNSHINE (PERCENT)   MM
AVERAGE SKY COVER           0.30
NUMBER OF DAYS FAIR           19
NUMBER OF DAYS PC             11
NUMBER OF DAYS CLOUDY          0

AVERAGE RH (PERCENT)     65

WEATHER CONDITIONS. NUMBER OF DAYS WITH
THUNDERSTORM              0     MIXED PRECIP               0
HEAVY RAIN                0     RAIN                       1
LIGHT RAIN                9     FREEZING RAIN              0
LT FREEZING RAIN          0     HAIL                       0
HEAVY SNOW                0     SNOW                       0
LIGHT SNOW                0     SLEET                      0
FOG                       2     FOG W/VIS <= 1/4 MILE      0
HAZE                      4

-  INDICATES NEGATIVE NUMBERS.
R  INDICATES RECORD WAS SET OR TIED.
MM INDICATES DATA IS MISSING.
T  INDICATES TRACE AMOUNT.

$$
