000
CXHW52 PHFO 011623
CLMOGG


CLIMATE REPORT
NATIONAL WEATHER SERVICE HONOLULU HI
623 AM HST WED JUL 1 2015

...................................

...THE KAHULUI HI CLIMATE SUMMARY FOR THE MONTH OF JUNE 2015...

CLIMATE NORMAL PERIOD 1981 TO 2010
CLIMATE RECORD PERIOD 1946 TO 2015

WEATHER         OBSERVED          NORMAL  DEPART  LAST YEAR`S
                 VALUE   DATE(S)  VALUE   FROM    VALUE  DATE(S)
                                          NORMAL
................................................................
TEMPERATURE (F)
RECORD
 HIGH              94   06/12/1996
                        06/07/1953
                        06/15/1952
 LOW               58   06/02/1985
HIGHEST            92   06/29        86       6       91  06/02
                        06/28
LOWEST             64   06/12        69      -5       64  06/22
                                                          06/07
                                                          06/03
AVG. MAXIMUM     86.9              86.3     0.6     87.5
AVG. MINIMUM     70.2              69.6     0.6     69.8
MEAN             78.5              78.0     0.5     78.7
DAYS MAX >= 90      3               1.0     2.0        2
DAYS MAX <= 32      0               0.0     0.0        0
DAYS MIN <= 32      0               0.0     0.0        0
DAYS MIN <= 0       0               0.0     0.0        0

PRECIPITATION (INCHES)
RECORD
 MAXIMUM         2.50   1967
 MINIMUM         0.00   1957
TOTALS           0.10              0.20   -0.10     0.29
DAILY AVG.       0.00              0.01   -0.01     0.01
DAYS >= .01         3               5.1    -2.1        8
DAYS >= .10         0               0.5    -0.5        1
DAYS >= .50         0               0.0     0.0        0
DAYS >= 1.00        0               0.0     0.0        0
GREATEST
 24 HR. TOTAL    0.06   06/25 TO 06/26              0.22
                        06/26 TO 06/26
                        06/26 TO 06/27

SNOWFALL (INCHES)
RECORDS
 TOTAL             MM   0
TOTALS            0.0               0.0     0.0      0.0
SINCE 7/1         0.0               0.0     0.0      0.0
SNOWDEPTH AVG.      0                MM      MM        0
DAYS >= 1.0         0               0.0     0.0        0
GREATEST
 SNOW DEPTH         0   MM                             0  MM
 24 HR TOTAL      0.0   06/30 TO 06/30               0.0

DEGREE_DAYS
HEATING TOTAL       0                 0       0        0
 SINCE 7/1          0                 0       0        0
COOLING TOTAL     416               388      28      419
 SINCE 1/1       1743              1647      96     1915
.................................................................

WIND (MPH)
AVERAGE WIND SPEED              12.3
HIGHEST WIND SPEED/DIRECTION    30/040    DATE  06/20
HIGHEST GUST SPEED/DIRECTION    36/040    DATE  06/23

SKY COVER
POSSIBLE SUNSHINE (PERCENT)   MM
AVERAGE SKY COVER           0.40
NUMBER OF DAYS FAIR           15
NUMBER OF DAYS PC             15
NUMBER OF DAYS CLOUDY          0

AVERAGE RH (PERCENT)     70

WEATHER CONDITIONS. NUMBER OF DAYS WITH
THUNDERSTORM              0     MIXED PRECIP               0
HEAVY RAIN                1     RAIN                       1
LIGHT RAIN                6     FREEZING RAIN              0
LT FREEZING RAIN          0     HAIL                       0
HEAVY SNOW                0     SNOW                       0
LIGHT SNOW                0     SLEET                      0
FOG                       5     FOG W/VIS <= 1/4 MILE      0
HAZE                      5

-  INDICATES NEGATIVE NUMBERS.
R  INDICATES RECORD WAS SET OR TIED.
MM INDICATES DATA IS MISSING.
T  INDICATES TRACE AMOUNT.

$$
