675
CXUS53 KEAX 011209
CLMOJC

STLCLMWK4 000
TTAA00 KEAX 011206


CLIMATE REPORT
NATIONAL WEATHER SERVICE KANSAS CITY/PLEASANT HILL MO
605 AM CST MON FEB 1 2016

...................................

...THE JOHNSON COUNTY EXECUTIVE CLIMATE SUMMARY FOR THE MONTH OF JANUARY 2016...

CLIMATE NORMAL PERIOD 1981 TO 2010
CLIMATE RECORD PERIOD 9999 TO 9999

WEATHER         OBSERVED          NORMAL  DEPART  LAST YEAR`S
                 VALUE   DATE(S)  VALUE   FROM    VALUE  DATE(S)
                                          NORMAL
................................................................
TEMPERATURE (F)
HIGHEST            66   01/29        61       5       74  01/28
LOWEST              0   01/18         2      -2        0  01/08
                                                          01/07
AVG. MAXIMUM     39.0              39.1    -0.1     43.6
AVG. MINIMUM     21.2              21.0     0.2     21.2
MEAN             30.1              30.1     0.0     32.4
DAYS MAX >= 90      0               0.0     0.0        0
DAYS MAX <= 32      9               8.4     0.6        6
DAYS MIN <= 32     28              26.1     1.9       27
DAYS MIN <= 0       1               1.2    -0.2        2

PRECIPITATION (INCHES)
TOTALS           0.78              1.12   -0.34     0.77
DAILY AVG.       0.03              0.04   -0.01     0.02
DAYS >= .01         5               5.6    -0.6        4
DAYS >= .10         3               2.8     0.2        1
DAYS >= .50         0               0.6    -0.6        1
DAYS >= 1.00        0               0.2    -0.2        0
GREATEST
 24 HR. TOTAL    0.57   01/07 TO 01/08

DEGREE_DAYS
HEATING TOTAL    1077              1083      -6     1004
 SINCE 7/1       2614              3048    -434     2973
COOLING TOTAL       0                 0       0        0
 SINCE 1/1          0                 0       0        0
.................................................................

WIND (MPH)
AVERAGE WIND SPEED              8.6
HIGHEST WIND SPEED/DIRECTION    24/330    DATE  01/25
HIGHEST GUST SPEED/DIRECTION    32/340    DATE  01/09

SKY COVER
POSSIBLE SUNSHINE (PERCENT)   MM
AVERAGE SKY COVER           0.40
NUMBER OF DAYS FAIR           16
NUMBER OF DAYS PC              6
NUMBER OF DAYS CLOUDY          9

AVERAGE RH (PERCENT)     72

WEATHER CONDITIONS. NUMBER OF DAYS WITH
THUNDERSTORM              0     MIXED PRECIP               0
HEAVY RAIN                0     RAIN                       1
LIGHT RAIN                3     FREEZING RAIN              0
LT FREEZING RAIN          1     HAIL                       0
HEAVY SNOW                0     SNOW                       1
LIGHT SNOW                5     SLEET                      0
FOG                      12     FOG W/VIS <= 1/4 MILE      0
HAZE                      6

-  INDICATES NEGATIVE NUMBERS.
R  INDICATES RECORD WAS SET OR TIED.
MM INDICATES DATA IS MISSING.
T  INDICATES TRACE AMOUNT.

$$
