000
CXUS53 KEAX 011351
CLMOJC

CLIMATE REPORT
NATIONAL WEATHER SERVICE KANSAS CITY/PLEASANT HILL MO
738 AM CST MON JAN 1 2018

...................................

...THE JOHNSON COUNTY EXECUTIVE CLIMATE SUMMARY FOR THE MONTH OF DECEMBER 2017...

CLIMATE NORMAL PERIOD 1981 TO 2010
CLIMATE RECORD PERIOD 9999 TO 9999

WEATHER         OBSERVED          NORMAL  DEPART  LAST YEAR`S
                 VALUE   DATE(S)  VALUE   FROM    VALUE  DATE(S)
                                          NORMAL
................................................................
TEMPERATURE (F)
HIGHEST            70   12/04        63       7       65  12/25
LOWEST             -4   12/31         4      -8       -8  12/18
AVG. MAXIMUM     41.8              41.0     0.8     39.9
AVG. MINIMUM     23.8              23.8     0.0     20.9
MEAN             32.8              32.4     0.4     30.4
DAYS MAX >= 90      0               0.0     0.0        0
DAYS MAX <= 32     10               6.9     3.1        9
DAYS MIN <= 32     23              24.0    -1.0       28
DAYS MIN <= 0       2               0.9     1.1        2

PRECIPITATION (INCHES)
TOTALS           0.37              1.64   -1.27       MM
DAILY AVG.       0.01              0.05   -0.04       MM
DAYS >= .01         2               6.1    -4.1       MM
DAYS >= .10         1               3.3    -2.3       MM
DAYS >= .50         0               1.1    -1.1       MM
DAYS >= 1.00        0               0.4    -0.4        0
GREATEST
 24 HR. TOTAL    0.35   12/17 TO 12/17

DEGREE_DAYS
HEATING TOTAL     991              1010     -19      996
 SINCE 7/1       1861              1965    -104     1578
COOLING TOTAL       0                 0       0        0
 SINCE 1/1       1236              1349    -113     1468
.................................................................

WIND (MPH)
AVERAGE WIND SPEED              9.2
HIGHEST WIND SPEED/DIRECTION    32/330    DATE  12/13
HIGHEST GUST SPEED/DIRECTION    99/210    DATE  12/27

SKY COVER
POSSIBLE SUNSHINE (PERCENT)   MM
AVERAGE SKY COVER           0.40
NUMBER OF DAYS FAIR           15
NUMBER OF DAYS PC              8
NUMBER OF DAYS CLOUDY          8

AVERAGE RH (PERCENT)     66

WEATHER CONDITIONS. NUMBER OF DAYS WITH
THUNDERSTORM              0     MIXED PRECIP               0
HEAVY RAIN                0     RAIN                       1
LIGHT RAIN                1     FREEZING RAIN              0
LT FREEZING RAIN          0     HAIL                       0
HEAVY SNOW                0     SNOW                       0
LIGHT SNOW                3     SLEET                      0
FOG                       9     FOG W/VIS <= 1/4 MILE      0
HAZE                      2

-  INDICATES NEGATIVE NUMBERS.
R  INDICATES RECORD WAS SET OR TIED.
MM INDICATES DATA IS MISSING.
T  INDICATES TRACE AMOUNT.

$$
