000
CXUS53 KEAX 011512
CLMOJC

CLIMATE REPORT
NATIONAL WEATHER SERVICE KANSAS CITY/PLEASANT HILL MO
1003 AM CDT SAT AUG 1 2015

...................................

...THE JOHNSON COUNTY EXECUTIVE CLIMATE SUMMARY FOR THE MONTH OF JULY 2015...

CLIMATE NORMAL PERIOD 1981 TO 2010
CLIMATE RECORD PERIOD 9999 TO 9999

WEATHER         OBSERVED          NORMAL  DEPART  LAST YEAR`S
                 VALUE   DATE(S)  VALUE   FROM    VALUE  DATE(S)
                                          NORMAL
................................................................
TEMPERATURE (F)
HIGHEST            97   07/14        97       0       96  07/25
                                                          07/22
LOWEST             59   07/09        59       0       53  07/16
AVG. MAXIMUM     85.9              87.7    -1.8     83.7
AVG. MINIMUM     68.9              68.8     0.1     64.3
MEAN             77.4              78.3    -0.9     74.0
DAYS MAX >= 90     11              12.8    -1.8        5
DAYS MAX <= 32      0               0.0     0.0        0
DAYS MIN <= 32      0               0.0     0.0        0
DAYS MIN <= 0       0               0.0     0.0        0

PRECIPITATION (INCHES)
TOTALS           7.07              3.72    3.35     1.41
DAILY AVG.       0.23              0.12    0.11     0.05
DAYS >= .01        12               8.8     3.2        6
DAYS >= .10         9               6.2     2.8        3
DAYS >= .50         4               2.5     1.5        1
DAYS >= 1.00        2               1.3     0.7        1
GREATEST
 24 HR. TOTAL    2.63   07/20 TO 07/20

DEGREE_DAYS
HEATING TOTAL       1                 0       1        1
 SINCE 7/1          1                 0       1        1
COOLING TOTAL     392               411     -19      278
 SINCE 1/1        816               772      44      685
.................................................................

WIND (MPH)
AVERAGE WIND SPEED              7.1
HIGHEST WIND SPEED/DIRECTION    33/010    DATE  07/20
HIGHEST GUST SPEED/DIRECTION    42/270    DATE  07/15

SKY COVER
POSSIBLE SUNSHINE (PERCENT)   MM
AVERAGE SKY COVER           0.20
NUMBER OF DAYS FAIR           22
NUMBER OF DAYS PC              6
NUMBER OF DAYS CLOUDY          3

AVERAGE RH (PERCENT)     77

WEATHER CONDITIONS. NUMBER OF DAYS WITH
THUNDERSTORM             10     MIXED PRECIP               0
HEAVY RAIN                7     RAIN                       8
LIGHT RAIN               13     FREEZING RAIN              0
LT FREEZING RAIN          0     HAIL                       0
HEAVY SNOW                0     SNOW                       0
LIGHT SNOW                0     SLEET                      0
FOG                      16     FOG W/VIS <= 1/4 MILE      1
HAZE                      4

-  INDICATES NEGATIVE NUMBERS.
R  INDICATES RECORD WAS SET OR TIED.
MM INDICATES DATA IS MISSING.
T  INDICATES TRACE AMOUNT.

$$
