000
CXUS53 KEAX 040342 RRB
CLMOJC

CLIMATE REPORT
NATIONAL WEATHER SERVICE KANSAS CITY/PLEASANT HILL MO
936 PM CST FRI MAR 3 2017

...................................

...THE JOHNSON COUNTY EXECUTIVE CLIMATE SUMMARY FOR THE SEASON, FROM
12/1/2016 TO 2/28/2017...

CLIMATE NORMAL PERIOD 1981 TO 2010
CLIMATE RECORD PERIOD 9999 TO 9999

WEATHER         OBSERVED          NORMAL  DEPART  LAST YEAR`S
                 VALUE   DATE(S)  VALUE   FROM    VALUE  DATE(S)
                                          NORMAL
................................................................
TEMPERATURE (F)
HIGHEST            79   02/22        68      11       73  02/18
LOWEST             -8   12/18         2     -10        0  01/18
AVG. MAXIMUM     45.8              41.5     4.3     46.3
AVG. MINIMUM     25.6              23.3     2.3     26.9
MEAN             35.7              32.4     3.3     36.6
DAYS MAX >= 90      0               0.0     0.0        0
DAYS MAX <= 32     19              20.8    -1.8       15
DAYS MIN <= 32     69              70.2    -1.2       67
DAYS MIN <= 0       4               3.0     1.0        1

PRECIPITATION (INCHES)
TOTALS           0.92              4.33   -3.41     5.05
DAILY AVG.       0.01              0.05   -0.04     0.06
DAYS >= .01        10              17.8    -7.8       17
DAYS >= .10         2               9.9    -7.9        8
DAYS >= .50         1               2.6    -1.6        2
DAYS >= 1.00        0               0.9    -0.9        2
GREATEST
 24 HR. TOTAL    0.63   MM

DEGREE_DAYS
HEATING TOTAL    2558              2939    -381     2570
COOLING TOTAL       0                 0       0        0
.................................................................

WIND (MPH)
AVERAGE WIND SPEED              8.7
HIGHEST WIND SPEED/DIRECTION    30/250    DATE  12/25
HIGHEST GUST SPEED/DIRECTION    46/240    DATE  12/25

SKY COVER
POSSIBLE SUNSHINE (PERCENT)   MM
AVERAGE SKY COVER           0.40
NUMBER OF DAYS FAIR           51
NUMBER OF DAYS PC             21
NUMBER OF DAYS CLOUDY         18

AVERAGE RH (PERCENT)     70

WEATHER CONDITIONS. NUMBER OF DAYS WITH
THUNDERSTORM              0     MIXED PRECIP               0
HEAVY RAIN                1     RAIN                       2
LIGHT RAIN               15     FREEZING RAIN              0
LT FREEZING RAIN          2     HAIL                       0
HEAVY SNOW                0     SNOW                       1
LIGHT SNOW                8     SLEET                      0
FOG                      38     FOG W/VIS <= 1/4 MILE     16
HAZE                      9

-  INDICATES NEGATIVE NUMBERS.
R  INDICATES RECORD WAS SET OR TIED.
MM INDICATES DATA IS MISSING.
T  INDICATES TRACE AMOUNT.

$$
