000
CXUS53 KEAX 010811 RRA
CLMOJC

CLIMATE REPORT
NATIONAL WEATHER SERVICE KANSAS CITY/PLEASANT HILL MO
254 AM CDT FRI APR 1 2016

...................................

...THE JOHNSON COUNTY EXECUTIVE CLIMATE SUMMARY FOR THE MONTH OF MARCH 2016...

CLIMATE NORMAL PERIOD 1981 TO 2010
CLIMATE RECORD PERIOD 9999 TO 9999

WEATHER         OBSERVED          NORMAL  DEPART  LAST YEAR`S
                 VALUE   DATE(S)  VALUE   FROM    VALUE  DATE(S)
                                          NORMAL
................................................................
TEMPERATURE (F)
HIGHEST            75   03/23        77      -2       81  03/16
LOWEST             22   03/02        16       6       11  03/05
AVG. MAXIMUM     61.7              55.3     6.4     59.4
AVG. MINIMUM     39.1              34.5     4.6     35.6
MEAN             50.3              44.9     5.4     47.5
DAYS MAX >= 90      0               0.0     0.0        0
DAYS MAX <= 32      0               0.8    -0.8        1
DAYS MIN <= 32      9              12.8    -3.8        7
DAYS MIN <= 0       0               0.1    -0.1        0

PRECIPITATION (INCHES)
TOTALS           2.09              2.63   -0.54     0.86
DAILY AVG.       0.07              0.08   -0.01     0.03
DAYS >= .01         7               8.7    -1.7        6
DAYS >= .10         5               5.2    -0.2        3
DAYS >= .50         2               1.5     0.5        0
DAYS >= 1.00        0               0.5    -0.5        0
GREATEST
 24 HR. TOTAL    0.87   03/26 TO 03/27

DEGREE_DAYS
HEATING TOTAL     434               624    -190      537
 SINCE 7/1       3779              4517    -738     4572
COOLING TOTAL       0                 1      -1        2
 SINCE 1/1          0                 1      -1        2
.................................................................

WIND (MPH)
AVERAGE WIND SPEED              10.2
HIGHEST WIND SPEED/DIRECTION    33/170    DATE  03/23
HIGHEST GUST SPEED/DIRECTION    48/170    DATE  03/23

SKY COVER
POSSIBLE SUNSHINE (PERCENT)   MM
AVERAGE SKY COVER           0.40
NUMBER OF DAYS FAIR           16
NUMBER OF DAYS PC             11
NUMBER OF DAYS CLOUDY          4

AVERAGE RH (PERCENT)     62

WEATHER CONDITIONS. NUMBER OF DAYS WITH
THUNDERSTORM              4     MIXED PRECIP               0
HEAVY RAIN                2     RAIN                       3
LIGHT RAIN               12     FREEZING RAIN              0
LT FREEZING RAIN          0     HAIL                       0
HEAVY SNOW                0     SNOW                       0
LIGHT SNOW                5     SLEET                      0
FOG                      17     FOG W/VIS <= 1/4 MILE      2
HAZE                      3

-  INDICATES NEGATIVE NUMBERS.
R  INDICATES RECORD WAS SET OR TIED.
MM INDICATES DATA IS MISSING.
T  INDICATES TRACE AMOUNT.

$$
