000
CXUS56 KSGX 011518
CLMOKB


CLIMATE REPORT
NATIONAL WEATHER SERVICE SAN DIEGO, CA
818 AM PDT SAT NOV 1 2014

...................................

...THE OCEANSIDE AIRPORT CA CLIMATE SUMMARY FOR THE MONTH OF OCTOBER 2014...

CLIMATE NORMAL PERIOD 1981 TO 2010
CLIMATE RECORD PERIOD 1999 TO 2014

WEATHER         OBSERVED          NORMAL  DEPART  LAST YEAR`S
                 VALUE   DATE(S)  VALUE   FROM    VALUE  DATE(S)
                                          NORMAL
................................................................
TEMPERATURE (F)
RECORD
 HIGH              95   10/22/2008
                        10/08/2008
                        09/01/1950
 LOW               34   10/29/2009
HIGHEST            94   10/03        MM      MM       92  10/05
LOWEST             47   10/24        MM      MM       41  10/20
AVG. MAXIMUM     79.7              73.7     6.0     74.1
AVG. MINIMUM     54.9              52.1     2.8     49.6
MEAN             67.3              62.9     4.4     61.8
DAYS MAX >= 90      2               0.3     1.7        2
DAYS MAX <= 32      0               0.0     0.0        0
DAYS MAX >= 100     0                                  0
DAYS MIN <= 32      0               0.0     0.0        0

PRECIPITATION (INCHES)
RECORD
 MAXIMUM         5.69   2004
 MINIMUM           MM   MM
TOTALS              T              0.70   -0.70     0.43
DAILY AVG.          T              0.02   -0.02     0.01
DAYS >= .01         0                MM      MM        3
DAYS >= .10         0                MM      MM        2
DAYS >= .50         0                MM      MM        0
DAYS >= 1.00        0                MM      MM        0
DAYS >= 1.50        0                                  0
DAYS >= 2.00        0                                  0
GREATEST
 24 HR. TOTAL       T   10/07 TO 10/07           10/28 TO 10/28
                                                          10/30 TO 10/30
                                                          10/30 TO 10/30
 STORM TOTAL       MM                                 MM
 (MM/DD(HH))            MM                    10/28(00) TO 10/28(00)
                                                 10/30(00) TO 10/30(00)0
                                                 10/30(00) TO 10/30(00)0

SNOWFALL (INCHES)
TOTALS            0.0                MM      MM      0.0
SINCE 7/1         0.0                MM      MM      0.0
SNOWDEPTH AVG.      0

DEGREE_DAYS
HEATING TOTAL       7                87     -80      106
 SINCE 7/1          7               102     -95      114
COOLING TOTAL      87                22      65       15
 SINCE 1/1        848               416     432      530

FREEZE DATES
RECORD
 EARLIEST     MM
 LATEST       MM
EARLIEST                        MM
LATEST                          MM
.................................................

WIND (MPH)
AVERAGE WIND SPEED              3.5
RESULTANT WIND SPEED/DIRECTION   2/254
HIGHEST WIND SPEED/DIRECTION    17/280    DATE  10/25
HIGHEST GUST SPEED/DIRECTION    23/290    DATE  10/03

SKY COVER
POSSIBLE SUNSHINE (PERCENT)   MM
AVERAGE SKY COVER           0.30
NUMBER OF DAYS FAIR           20
NUMBER OF DAYS PC              9
NUMBER OF DAYS CLOUDY          2

AVERAGE RH (PERCENT)     67

WEATHER CONDITIONS. NUMBER OF DAYS WITH
THUNDERSTORM              0     MIXED PRECIP               0
HEAVY RAIN                0     RAIN                       0
LIGHT RAIN                1     FREEZING RAIN              0
LT FREEZING RAIN          0     HAIL                       0
HEAVY SNOW                0     SNOW                       0
LIGHT SNOW                0     SLEET                      0
FOG                      18     FOG W/VIS <= 1/4 MILE      1
HAZE                      8

-  INDICATES NEGATIVE NUMBERS.
R  INDICATES RECORD WAS SET OR TIED.
MM INDICATES DATA IS MISSING.
T  INDICATES TRACE AMOUNT.

$$
