079
CXUS56 KSGX 012015
CLMOKB


CLIMATE REPORT
NATIONAL WEATHER SERVICE SAN DIEGO, CA
1214 PM PST FRI DEC 1 2017

...................................

...THE OCEANSIDE AIRPORT CA CLIMATE SUMMARY FOR THE MONTH OF NOVEMBER 2017...

CLIMATE NORMAL PERIOD 1981 TO 2010
CLIMATE RECORD PERIOD 1999 TO 2017

WEATHER         OBSERVED          NORMAL  DEPART  LAST YEAR`S
                 VALUE   DATE(S)  VALUE   FROM    VALUE  DATE(S)
                                          NORMAL
................................................................
TEMPERATURE (F)
RECORD
 HIGH              98   11/09/2016
 LOW               28   11/27/2010
HIGHEST            91   11/22        MM      MM       98  11/09
LOWEST             37   11/28        MM      MM       33  11/26
                        11/20
AVG. MAXIMUM     74.0              69.8     4.2     75.8
AVG. MINIMUM     46.9              43.9     3.0     46.0
MEAN             60.5              56.9     3.6     60.9
DAYS MAX >= 90      1               0.3     0.7        2
DAYS MAX <= 32      0               0.0     0.0        0
DAYS MAX >= 100     0                                  0
DAYS MIN <= 32      0               0.3    -0.3        0

PRECIPITATION (INCHES)
RECORD
 MAXIMUM         2.70   2007
 MINIMUM           MM   MM
TOTALS           0.04              1.03   -0.99     1.01
DAILY AVG.       0.00              0.03   -0.03     0.03
DAYS >= .01         2                MM      MM        5
DAYS >= .10         0                MM      MM        4
DAYS >= .50         0                MM      MM        0
DAYS >= 1.00        0                MM      MM        0
DAYS >= 1.50        0                                  0
DAYS >= 2.00        0                                  0
GREATEST
 24 HR. TOTAL    0.03   11/27 TO 11/27           11/26 TO 11/27
                                                          11/30 TO 11/30
                                                          11/30 TO 11/30
 STORM TOTAL       MM                                 MM
 (MM/DD(HH))            MM                    11/27(00) TO 11/27(00)
                                                 11/30(00) TO 11/30(00)0
                                                 11/30(00) TO 11/30(00)0

DEGREE_DAYS
HEATING TOTAL     140               248    -108      144
 SINCE 7/1        169               350    -181      186
COOLING TOTAL      12                 3       9       29
 SINCE 1/1        759               419     340      657

FREEZE DATES
RECORD
 EARLIEST     MM
 LATEST       MM
EARLIEST                        MM
LATEST                          MM
.................................................

WIND (MPH)
AVERAGE WIND SPEED              3.3
RESULTANT WIND SPEED/DIRECTION   2/268
HIGHEST WIND SPEED/DIRECTION    18/280    DATE  11/18
HIGHEST GUST SPEED/DIRECTION    23/290    DATE  11/18

SKY COVER
POSSIBLE SUNSHINE (PERCENT)   MM
AVERAGE SKY COVER           0.20
NUMBER OF DAYS FAIR           24
NUMBER OF DAYS PC              4
NUMBER OF DAYS CLOUDY          2

AVERAGE RH (PERCENT)     71

WEATHER CONDITIONS. NUMBER OF DAYS WITH
THUNDERSTORM              0     MIXED PRECIP               0
HEAVY RAIN                0     RAIN                       0
LIGHT RAIN                4     FREEZING RAIN              0
LT FREEZING RAIN          0     HAIL                       0
HEAVY SNOW                0     SNOW                       0
LIGHT SNOW                0     SLEET                      0
FOG                      15     FOG W/VIS <= 1/4 MILE      3
HAZE                     11

-  INDICATES NEGATIVE NUMBERS.
R  INDICATES RECORD WAS SET OR TIED.
MM INDICATES DATA IS MISSING.
T  INDICATES TRACE AMOUNT.

$$
