000
CXUS54 KOUN 011644 CCA
CLMOKC

CLIMATE REPORT
NATIONAL WEATHER SERVICE NORMAN OK
1143 AM CDT FRI AUG 1 2014

...................................

...THE OKLAHOMA CITY CLIMATE SUMMARY FOR THE MONTH OF JULY 2014...

CLIMATE NORMAL PERIOD 1981 TO 2010
CLIMATE RECORD PERIOD 1890 TO 2014

WEATHER         OBSERVED          NORMAL  DEPART  LAST YEAR`S
                 VALUE   DATE(S)  VALUE   FROM    VALUE
                                          NORMAL
.............................................................
TEMPERATURE (F)
RECORD
 HIGH             110   07/09/2011
                        07/06/1996

 LOW               53   07/31/1971
HIGHEST           100               101      -1      103
LOWEST             62                62       0       60
AVG. MAXIMUM     89.4              93.9    -4.5     92.2
AVG. MINIMUM     69.0              72.2    -3.2     71.1
MEAN             79.2              83.0    -3.8     81.6
DAYS MAX >= 90     18              23.4    -5.4       20
DAYS MAX <= 32      0               0.0     0.0        0
DAYS MIN <= 32      0               0.0     0.0        0
DAYS MIN <= 0       0               0.0     0.0        0

PRECIPITATION (INCHES)
RECORD
 MAXIMUM        11.90   1996
 MINIMUM            T   1983
TOTALS           4.18              2.93    1.25     9.84
DAILY AVG.       0.13              0.09    0.04     0.32
DAYS >= .01         6               5.7     0.3        9
DAYS >= .10         4               4.1    -0.1        7
DAYS >= .50         3               1.9     1.1        6
DAYS >= 1.00        3               1.0     2.0        4
GREATEST
 24 HR. TOTAL    1.68   07/29 TO 07/30

DEGREE_DAYS
COOLING TOTAL     449               559    -110      526
 SINCE 1/1       1139              1199     -60     1105
..............................................................

WIND (MPH)
AVERAGE WIND SPEED              8.7
HIGHEST WIND SPEED/DIRECTION    26/040    DATE  07/27
HIGHEST GUST SPEED/DIRECTION    33/040    DATE  07/27


WEATHER CONDITIONS. NUMBER OF DAYS WITH
THUNDERSTORM              0     MIXED PRECIP               0
HEAVY RAIN                3     RAIN                       3
LIGHT RAIN                7     FREEZING RAIN              0
LT FREEZING RAIN          0     HAIL                       0
HEAVY SNOW                0     SNOW                       0
LIGHT SNOW                0     SLEET                      0
FOG                      11     FOG W/VIS <= 1/4 MILE      0
HAZE                      5

-  INDICATES NEGATIVE NUMBERS.
R  INDICATES RECORD WAS SET OR TIED.
MM INDICATES DATA IS MISSING.
T  INDICATES TRACE AMOUNT.

&&
................................................................
RECORDS/REMARKS

RECORD COOLEST MAXIMUM TEMPERATURE OF 72 DEGREES BROKEN ON THE 16TH.
RECORD COOLEST MINIMUM TEMPERATURE OF 62 DEGREES BROKEN ON THE 17TH.
RECORD COOLEST MAXIMUM TEMPERATURE OF 68 DEGREES BROKEN ON THE 17TH.
RECORD COOLEST MINIMUM TEMPERATURE OF 63 DEGREES TIED ON THE 18TH.
RECORD COOLEST MAXIMUM TEMPERATURE OF 73 DEGREES TIED ON THE 30TH.
RECORD MAXIMUM RAINFALL OF 1.67 INCHES BROKEN ON THE 30TH.
RANK 19TH COOLEST JULY ON RECORD SINCE 1890.

THE JANUARY THROUGH JULY TOTAL PRECIPITATION IS 19.91 INCHES.

$$
