000
CXUS54 KOUN 011622
CLMOKC

CLIMATE REPORT
NATIONAL WEATHER SERVICE NORMAN OK
1122 AM CDT SAT AUG 1 2015

...................................

...THE OKLAHOMA CITY CLIMATE SUMMARY FOR THE MONTH OF JULY 2015...

CLIMATE NORMAL PERIOD 1981 TO 2010
CLIMATE RECORD PERIOD 1890 TO 2015

WEATHER         OBSERVED          NORMAL  DEPART  LAST YEAR`S
                 VALUE   DATE(S)  VALUE   FROM    VALUE
                                          NORMAL
.............................................................
TEMPERATURE (F)
RECORD
 HIGH             110   07/09/2011
                        07/06/1996
 LOW               53   07/31/1971
HIGHEST            98               101      -3      100
LOWEST             64                62       2       62
AVG. MAXIMUM     91.9              93.9    -2.0     89.4
AVG. MINIMUM     71.3              72.2    -0.9     69.0
MEAN             81.6              83.0    -1.4     79.2
DAYS MAX >= 90     24              23.4     0.6       18
DAYS MAX <= 32      0               0.0     0.0        0
DAYS MIN <= 32      0               0.0     0.0        0
DAYS MIN <= 0       0               0.0     0.0        0

PRECIPITATION (INCHES)
RECORD
 MAXIMUM        11.90   1996
 MINIMUM            T   1983
TOTALS           7.31              2.93    4.38     4.18
DAILY AVG.       0.24              0.09    0.15     0.13
DAYS >= .01        10               5.7     4.3        6
DAYS >= .10         7               4.1     2.9        4
DAYS >= .50         5               1.9     3.1        3
DAYS >= 1.00        3               1.0     2.0        3
GREATEST
 24 HR. TOTAL    3.76   07/02 TO 07/03

DEGREE_DAYS
COOLING TOTAL     519               559     -40      449
 SINCE 1/1       1123              1199     -76     1139
..............................................................

WIND (MPH)
AVERAGE WIND SPEED              9.9
HIGHEST WIND SPEED/DIRECTION    29/020    DATE  07/06
HIGHEST GUST SPEED/DIRECTION    41/030    DATE  07/06


WEATHER CONDITIONS. NUMBER OF DAYS WITH
THUNDERSTORM              0     MIXED PRECIP               0
HEAVY RAIN                7     RAIN                       7
LIGHT RAIN               11     FREEZING RAIN              0
LT FREEZING RAIN          0     HAIL                       0
HEAVY SNOW                0     SNOW                       0
LIGHT SNOW                0     SLEET                      0
FOG                      10     FOG W/VIS <= 1/4 MILE      0
HAZE                      2

-  INDICATES NEGATIVE NUMBERS.
R  INDICATES RECORD WAS SET OR TIED.
MM INDICATES DATA IS MISSING.
T  INDICATES TRACE AMOUNT.

...................................................................
RECORD/REMARKS

RECORD DAILY RAINFALL OF 1.96 INCHES SET ON THE 22ND.
THE JANUARY THROUGH JULY TOTAL PRECIPITATION IS 41.74 INCHES.

$$
