000
CXUS54 KOUN 011451 RRA
CLMOKC

CLIMATE REPORT
NATIONAL WEATHER SERVICE NORMAN OK
945 AM CDT TUE JUL 1 2014

...................................

...THE OKLAHOMA CITY CLIMATE SUMMARY FOR THE MONTH OF JUNE 2014...

CLIMATE NORMAL PERIOD 1981 TO 2010
CLIMATE RECORD PERIOD 1890 TO 2014

WEATHER         OBSERVED          NORMAL  DEPART  LAST YEAR`S
                 VALUE   DATE(S)  VALUE   FROM    VALUE
                                          NORMAL
.............................................................
TEMPERATURE (F)
RECORD
 HIGH             107   06/22/1936
 LOW               46   06/02/1917
HIGHEST            95                97      -2       99
LOWEST             59                56       3       56
AVG. MAXIMUM     87.2              88.1    -0.9     88.1
AVG. MINIMUM     68.9              67.8     1.1     68.4
MEAN             78.1              78.0     0.1     78.2
DAYS MAX >= 90     10              11.6    -1.6       16
DAYS MAX <= 32      0               0.0     0.0        0
DAYS MIN <= 32      0               0.0     0.0        0
DAYS MIN <= 0       0               0.0     0.0        0

PRECIPITATION (INCHES)
RECORD
 MAXIMUM        14.66   1989
 MINIMUM         0.02   1914
TOTALS           8.60              4.93    3.67     4.81
DAILY AVG.       0.29              0.16    0.13     0.16
DAYS >= .01        10               9.1     0.9        7
DAYS >= .10        10               6.4     3.6        6
DAYS >= .50         4               3.1     0.9        5
DAYS >= 1.00        3               1.6     1.4        2
GREATEST
 24 HR. TOTAL    3.03   06/23 TO 06/23

DEGREE_DAYS
COOLING TOTAL     400               390      10      406
 SINCE 1/1        690               640      50      579
..............................................................

WIND (MPH)
AVERAGE WIND SPEED              12.1
HIGHEST WIND SPEED/DIRECTION    51/280    DATE  06/07
HIGHEST GUST SPEED/DIRECTION    87/250    DATE  06/07


WEATHER CONDITIONS. NUMBER OF DAYS WITH
THUNDERSTORM              0     MIXED PRECIP               0
HEAVY RAIN                6     RAIN                       7
LIGHT RAIN               13     FREEZING RAIN              0
LT FREEZING RAIN          0     HAIL                       0
HEAVY SNOW                0     SNOW                       0
LIGHT SNOW                0     SLEET                      0
FOG                      11     FOG W/VIS <= 1/4 MILE      1
HAZE                      1

-  INDICATES NEGATIVE NUMBERS.
R  INDICATES RECORD WAS SET OR TIED.
MM INDICATES DATA IS MISSING.
T  INDICATES TRACE AMOUNT.

RECORD EVENTS/REMARKS

RECORD MAXIMUM TEMPERATURE OF 95 DEGREES TIED ON THE 4TH.
RECORD RAINFALL OF 3.03 INCHES ON THE 23RD.
TIED FOR THE 12TH WETTEST JUNE ON RECORD.
THE JANUARY THROUGH JUNE TOTAL PRECIPITATION IS 15.73 INCHES.
$$
