000
CXUS54 KOUN 011354
CLMOKC

CLIMATE REPORT
NATIONAL WEATHER SERVICE NORMAN OK
845 AM CDT MON SEP 1 2014

...................................

...THE OKLAHOMA CITY CLIMATE SUMMARY FOR THE MONTH OF AUGUST 2014...

CLIMATE NORMAL PERIOD 1981 TO 2010
CLIMATE RECORD PERIOD 1890 TO 2014

WEATHER         OBSERVED          NORMAL  DEPART  LAST YEAR`S
                 VALUE   DATE(S)  VALUE   FROM    VALUE
                                          NORMAL
.............................................................
TEMPERATURE (F)
RECORD
 HIGH             113   08/03/2012
                        08/11/1936
                        54/01/2206
 LOW               49   08/30/1915
                        08/23/1891
HIGHEST           101   08/18&25    102      -1      103
LOWEST             65   08/1,2,13,14 60       5       64
AVG. MAXIMUM     94.9              93.4     1.5     92.3
AVG. MINIMUM     69.1              71.3    -2.2     70.7
MEAN             82.0              82.4    -0.4     81.5
DAYS MAX >= 90     27              22.9     4.1       21
DAYS MAX <= 32      0               0.0     0.0        0
DAYS MIN <= 32      0               0.0     0.0        0
DAYS MIN <= 0       0               0.0     0.0        0

PRECIPITATION (INCHES)
RECORD
 MAXIMUM         9.95   2008
 MINIMUM         0.00   2000
TOTALS           0.82              3.28   -2.46     3.50
DAILY AVG.       0.03              0.11   -0.08     0.11
DAYS >= .01         2               6.7    -4.7        6
DAYS >= .10         2               4.9    -2.9        5
DAYS >= .50         1               2.2    -1.2        2
DAYS >= 1.00        0               1.1    -1.1        1
GREATEST
 24 HR. TOTAL    0.65   08/17 TO 08/18
                        08/18 TO 08/18

DEGREE_DAYS
COOLING TOTAL     534               538      -4      518
 SINCE 1/1       1673              1737     -64     1623
..............................................................

WIND (MPH)
AVERAGE WIND SPEED              9.0
HIGHEST WIND SPEED/DIRECTION    37/060    DATE  08/09
HIGHEST GUST SPEED/DIRECTION    45/060    DATE  08/09


WEATHER CONDITIONS. NUMBER OF DAYS WITH
THUNDERSTORM              0     MIXED PRECIP               0
HEAVY RAIN                1     RAIN                       2
LIGHT RAIN                6     FREEZING RAIN              0
LT FREEZING RAIN          0     HAIL                       0
HEAVY SNOW                0     SNOW                       0
LIGHT SNOW                0     SLEET                      0
FOG                       4     FOG W/VIS <= 1/4 MILE      1
HAZE                      1

-  INDICATES NEGATIVE NUMBERS.
R  INDICATES RECORD WAS SET OR TIED.
MM INDICATES DATA IS MISSING.
T  INDICATES TRACE AMOUNT.

&&
............................................................................
RECORD EVENTS/REMARKS
THE 15TH DRIEST AIGUST ON RECORD.
JAN-AUG PRECIPITATION TOTAL IS 20.73 INCHES.

$$
