000
CXUS56 KSEW 011033
CLMOLM


CLIMATE REPORT
NATIONAL WEATHER SERVICE SEATTLE WA
233 AM PST SUN MAR 1 2015

...................................

...THE OLYMPIA WA AIRPORT CLIMATE SUMMARY FOR THE MONTH OF FEBRUARY 2015...

CLIMATE NORMAL PERIOD 1981 TO 2010
CLIMATE RECORD PERIOD 1948 TO 2015

WEATHER         OBSERVED          NORMAL  DEPART  LAST YEAR`S
                 VALUE   DATE(S)  VALUE   FROM    VALUE  DATE(S)
                                          NORMAL
................................................................
TEMPERATURE (F)
RECORD
 HIGH              73   02/27/1986
 LOW                    02/02/1972
                        02/01/1950
HIGHEST            64   02/12        MM      MM       57  02/28
LOWEST             22   02/23        MM      MM       13  02/07
AVG. MAXIMUM     55.1              49.3     5.8     45.3
AVG. MINIMUM     37.0              32.8     4.2     31.3
MEAN             46.0              41.0     5.0     38.3
DAYS MAX >= 90      0               0.0     0.0        0
DAYS MAX <= 32      0               0.1    -0.1        2
DAYS MIN <= 32      9              13.2    -4.2       14
DAYS MIN <= 0       0               0.0     0.0        0

PRECIPITATION (INCHES)
RECORD
 MAXIMUM        15.50   1999
 MINIMUM         0.22   1993
TOTALS           5.28              5.27    0.01     8.35
DAILY AVG.       0.19              0.19    0.00     0.30
DAYS >= .01        15              15.8    -0.8       18
DAYS >= .10        10              11.1    -1.1       15
DAYS >= .50         3               3.3    -0.3        6
DAYS >= 1.00        1               1.0     0.0        2
GREATEST
 24 HR. TOTAL    1.38   02/07 TO 02/07

DEGREE_DAYS
HEATING TOTAL     527               671    -144
COOLING TOTAL       0                 0       0
.................................................................

WIND (MPH)
AVERAGE WIND SPEED              4.8
HIGHEST WIND SPEED/DIRECTION    29/190    DATE  02/06
HIGHEST GUST SPEED/DIRECTION    37/180    DATE  02/06

SKY COVER
POSSIBLE SUNSHINE (PERCENT)   MM
AVERAGE SKY COVER           0.60
NUMBER OF DAYS FAIR            6
NUMBER OF DAYS PC              8
NUMBER OF DAYS CLOUDY         14

AVERAGE RH (PERCENT)     81

WEATHER CONDITIONS. NUMBER OF DAYS WITH
THUNDERSTORM              0     MIXED PRECIP               0
HEAVY RAIN                2     RAIN                       4
LIGHT RAIN               17     FREEZING RAIN              0
LT FREEZING RAIN          0     HAIL                       0
HEAVY SNOW                0     SNOW                       0
LIGHT SNOW                0     SLEET                      0
FOG                      26     FOG W/VIS <= 1/4 MILE      8
HAZE                      0

-  INDICATES NEGATIVE NUMBERS.
R  INDICATES RECORD WAS SET OR TIED.
MM INDICATES DATA IS MISSING.
T  INDICATES TRACE AMOUNT.

$$
