000
CXUS56 KSEW 011031
CLMOLM


CLIMATE REPORT
NATIONAL WEATHER SERVICE SEATTLE WA
331 AM PDT MON SEP 1 2014

...................................

...THE OLYMPIA WA AIRPORT CLIMATE SUMMARY FOR THE MONTH OF AUGUST 2014...

CLIMATE NORMAL PERIOD 1981 TO 2010
CLIMATE RECORD PERIOD 1948 TO 2014

WEATHER         OBSERVED          NORMAL  DEPART  LAST YEAR`S
                 VALUE   DATE(S)  VALUE   FROM    VALUE  DATE(S)
                                          NORMAL
................................................................
TEMPERATURE (F)
RECORD
 HIGH             104   08/09/1981
 LOW               33   08/18/1973
HIGHEST            96   08/11        MM      MM       87  08/06
LOWEST             45   08/22        MM      MM       45  08/21
AVG. MAXIMUM     80.9              77.7     3.2     78.0
AVG. MINIMUM     52.7              50.5     2.2     53.8
MEAN             66.8              64.1     2.7     65.9
DAYS MAX >= 90      4               1.7     2.3        0
DAYS MAX <= 32      0               0.0     0.0        0
DAYS MIN <= 32      0               0.0     0.0        0
DAYS MIN <= 0       0               0.0     0.0        0

PRECIPITATION (INCHES)
RECORD
 MAXIMUM         5.45   1968
 MINIMUM         0.00   1946
TOTALS           1.45              0.94    0.51     1.84
DAILY AVG.       0.05              0.03    0.02     0.06
DAYS >= .01         4               4.9    -0.9       10
DAYS >= .10         3               2.4     0.6        3
DAYS >= .50         2               0.6     1.4        1
DAYS >= 1.00        0               0.0     0.0        1
GREATEST
 24 HR. TOTAL    0.83   08/12 TO 08/13

DEGREE_DAYS
HEATING TOTAL      20                70     -50
COOLING TOTAL      83                42      41
.................................................................

WIND (MPH)
AVERAGE WIND SPEED              4.3
HIGHEST WIND SPEED/DIRECTION    17/250    DATE  08/29
HIGHEST GUST SPEED/DIRECTION    23/260    DATE  08/30

SKY COVER
POSSIBLE SUNSHINE (PERCENT)   MM
AVERAGE SKY COVER           0.30
NUMBER OF DAYS FAIR           18
NUMBER OF DAYS PC              9
NUMBER OF DAYS CLOUDY          4

AVERAGE RH (PERCENT)     70

WEATHER CONDITIONS. NUMBER OF DAYS WITH
THUNDERSTORM              0     MIXED PRECIP               0
HEAVY RAIN                1     RAIN                       3
LIGHT RAIN                5     FREEZING RAIN              0
LT FREEZING RAIN          0     HAIL                       0
HEAVY SNOW                0     SNOW                       0
LIGHT SNOW                0     SLEET                      0
FOG                      23     FOG W/VIS <= 1/4 MILE      5
HAZE                      0

-  INDICATES NEGATIVE NUMBERS.
R  INDICATES RECORD WAS SET OR TIED.
MM INDICATES DATA IS MISSING.
T  INDICATES TRACE AMOUNT.

$$
