000
CXUS56 KSEW 011700
CLMOLM


CLIMATE REPORT
NATIONAL WEATHER SERVICE SEATTLE WA
1000 AM PDT WED JUL 1 2015

...................................

...THE OLYMPIA WA AIRPORT CLIMATE SUMMARY FOR THE MONTH OF JUNE 2015...

CLIMATE NORMAL PERIOD 1981 TO 2010
CLIMATE RECORD PERIOD 1948 TO 2015

WEATHER         OBSERVED          NORMAL  DEPART  LAST YEAR`S
                 VALUE   DATE(S)  VALUE   FROM    VALUE  DATE(S)
                                          NORMAL
................................................................
TEMPERATURE (F)
RECORD
 HIGH              98   06/18/1982
 LOW               30   06/03/1976
HIGHEST            93   06/27        MM      MM       80  06/25
LOWEST             41   06/14        MM      MM       39  06/21
                        06/13
AVG. MAXIMUM     79.9              70.6     9.3     71.8
AVG. MINIMUM     50.2              47.6     2.6     47.4
MEAN             65.1              59.1     6.0     59.6
DAYS MAX >= 90      4               0.7     3.3        0
DAYS MAX <= 32      0               0.0     0.0        0
DAYS MIN <= 32      0               0.0     0.0        0
DAYS MIN <= 0       0               0.0     0.0        0

PRECIPITATION (INCHES)
RECORD
 MAXIMUM         6.48   1946
 MINIMUM         0.04   1945
TOTALS           0.14              1.76   -1.62     0.88
DAILY AVG.       0.00              0.06   -0.06     0.03
DAYS >= .01         3               9.1    -6.1        7
DAYS >= .10         0               5.0    -5.0        3
DAYS >= .50         0               0.9    -0.9        0
DAYS >= 1.00        0               0.1    -0.1        0
GREATEST
 24 HR. TOTAL    0.09   06/01 TO 06/01

DEGREE_DAYS
HEATING TOTAL      63               188    -125
COOLING TOTAL      72                11      61
.................................................................

WIND (MPH)
AVERAGE WIND SPEED              5.2
HIGHEST WIND SPEED/DIRECTION    17/040    DATE  06/27
HIGHEST GUST SPEED/DIRECTION    25/060    DATE  06/27

SKY COVER
POSSIBLE SUNSHINE (PERCENT)   MM
AVERAGE SKY COVER           0.20
NUMBER OF DAYS FAIR           20
NUMBER OF DAYS PC              7
NUMBER OF DAYS CLOUDY          3

AVERAGE RH (PERCENT)     60

WEATHER CONDITIONS. NUMBER OF DAYS WITH
THUNDERSTORM              0     MIXED PRECIP               0
HEAVY RAIN                0     RAIN                       1
LIGHT RAIN                8     FREEZING RAIN              0
LT FREEZING RAIN          0     HAIL                       0
HEAVY SNOW                0     SNOW                       0
LIGHT SNOW                0     SLEET                      0
FOG                       7     FOG W/VIS <= 1/4 MILE      1
HAZE                      0

-  INDICATES NEGATIVE NUMBERS.
R  INDICATES RECORD WAS SET OR TIED.
MM INDICATES DATA IS MISSING.
T  INDICATES TRACE AMOUNT.

$$
