000
CXUS53 KOAX 220156
CLMOMA

CLIMATE REPORT
NATIONAL WEATHER SERVICE OMAHA NEBRASKA
854 PM CDT THU JUL 21 2016

...................................

...THE OMAHA EPPLEY, NEBRASKA CLIMATE SUMMARY FOR THE MONTH OF JUNE 2016...

CLIMATE NORMAL PERIOD 1981 TO 2010
CLIMATE RECORD PERIOD 1871 TO 2016

WEATHER         OBSERVED          NORMAL  DEPART
                 VALUE   DATE(S)  VALUE   FROM
                                          NORMAL
................................................
TEMPERATURE (F)
HIGHEST            99   06/15
LOWEST             53   06/07
AVG. MAXIMUM     90.6              83.2     7.4
AVG. MINIMUM     66.8              61.0     5.8
MEAN             78.7              72.1     6.6
DAYS MAX >= 90     18
DAYS MAX <= 32      0
DAYS MIN <= 32      0
DAYS MIN <= 0       0

PRECIPITATION (INCHES)
RECORD
 MAXIMUM        12.70   1883
 MINIMUM         0.24   2007
TOTALS           0.94              4.18   -3.24
DAILY AVG.       0.03
DAYS >= .01         7
DAYS >= .10         3
DAYS >= .50         0
DAYS >= 1.00        0
GREATEST
 24 HR. TOTAL    0.33   06/20 TO 06/21

SNOWFALL (INCHES)
RECORDS
 TOTAL              T   2008
                        2005
                        2001
TOTALS            0.0               0.0
SINCE 7/1        27.4
SNOWDEPTH AVG.      0                MM      MM
DAYS >= 1.0         0
GREATEST
 SNOW DEPTH         0   MM
 24 HR TOTAL      0.0   06/30 TO 06/30

DEGREE_DAYS
HEATING TOTAL       0                17     -17
 SINCE 7/1       4927              6167   -1240
COOLING TOTAL     418               230     188
 SINCE 1/1        501               312     189
.................................................

WIND (MPH)
AVERAGE WIND SPEED              9.5
HIGHEST WIND SPEED/DIRECTION    44/200    DATE  06/14
HIGHEST GUST SPEED/DIRECTION    50/200    DATE  06/14

SKY COVER
AVERAGE SKY COVER           0.40


WEATHER CONDITIONS. NUMBER OF DAYS WITH
THUNDERSTORM              6     MIXED PRECIP               0
HEAVY RAIN                3     RAIN                       4
LIGHT RAIN               10     FREEZING RAIN              0
LT FREEZING RAIN          0     HAIL                       0
HEAVY SNOW                0     SNOW                       0
LIGHT SNOW                0     SLEET                      0
FOG                       2     FOG W/VIS <= 1/4 MILE      0
HAZE                      0

-  INDICATES NEGATIVE NUMBERS.
R  INDICATES RECORD WAS SET OR TIED.
MM INDICATES DATA IS MISSING.
T  INDICATES TRACE AMOUNT.
>= INDICATES GREATER THAN OR EQUAL TO.
<= INDICATES LESS THAN OR EQUAL TO.

&&

...JUNE WAS MUCH DRIER THAN NORMAL IN OMAHA...WITH MUCH ABOVE-NORMAL
TEMPERATURES...

WITH ONLY TWO DAYS OF BELOW AVERAGE TEMPERATURES...THE OVERALL
TEMPERATURE FOR OMAHA ENDED UP MUCH ABOVE NORMAL. THE AVERAGE
TEMPERATURE OF 78.7 DEGREES WAS 6.6 DEGREES ABOVE NORMAL...WHILE THE
TOTAL PRECIPITATION OF 0.94 INCHES WAS 3.24 INCHES BELOW NORMAL.
WHEN COMPARED TO THE PERIOD OF RECORD FOR OMAHA...JUNE 2016 IS THE
4TH DRIEST ON RECORD...TIED WITH 1911.

THE MONTH BEGAN WARM AND NEVER LOOKED BACK. THROUGHOUT THE MONTH
THERE WERE 18 DAYS WHERE THE HIGH TEMPERATURE WAS AT LEAST 90
DEGREES OR HIGHER. THE COOLEST HIGH TEMPERATURE OF THE MONTH WAS 80
DEGREES WHICH OCCURRED ON THE 1ST. FOR THE REMAINDER OF JUNE THE
DAILY HIGH TEMPERATURE WOULD NOT DROP BELOW 80 AGAIN...THE FIRST
TIME IN THE PERIOD OF RECORD. THE HIGHEST TEMPERATURE FOR THE MONTH
WAS 99 DEGREES WHICH OCCURRED ON THE 15TH AND THE COOLEST
TEMPERATURE OF THE MONTH WAS 53 DEGREES ON THE 7TH. THUNDER WAS
REPORTED ON SIX DAYS WITH FOG OR MIST REPORTED ON TWO DAYS.

PRECIPITATION WAS SCARCE FOR THE MONTH. HOWEVER JUST TO THE WEST OF
EPPLEY AIRFIELD RAINFALL AMOUNTS WERE MUCH HIGHER. IN VALLEY,
NEBRASKA...THE MONTHLY RAINFALL TOTAL WAS 7.69 INCHES FOR
JUNE...6.75 INCHES HIGHER THAN EPPLEY AIRFIELD.

DAILY RECORDS SET IN JUNE 2016:
DATE         RECORD           READING  PREVIOUS RECORD
JUNE 11      WARM MIN TEMP     78      75 (1953, 1952)
JUNE 17      WARM MIN TEMP     76      76 (TIES WITH 1944)

$$
PEARSON
