000
CXAK59 PAOM 011453
CLMOME

CLIMATE REPORT
NATIONAL WEATHER SERVICE NOME, AK
653 AM AKDT FRI JUL 1 2016

...................................

...THE NOME WSO AP CLIMATE SUMMARY FOR THE MONTH OF JUNE 2016...

CLIMATE NORMAL PERIOD 1981 TO 2010
CLIMATE RECORD PERIOD 1907 TO 2016

WEATHER         OBSERVED          NORMAL  DEPART  LAST YEAR`S
                 VALUE   DATE(S)  VALUE   FROM    VALUE  DATE(S)
                                          NORMAL
................................................................
TEMPERATURE (F)
RECORD
 HIGH              86   6/19/2013
 LOW               20   6/02/1931
HIGHEST            76   6/16         72       4      79  6/19
LOWEST             30   6/09         30       0      30  6/11
AVG. MAXIMUM       56.8              54.9     1.9    53.3
AVG. MINIMUM       41.9              40.7     1.2    41.5
MEAN               49.3              47.8     1.5    47.4
DAYS MAX >= 90      0                 0.0     0.0     0
DAYS MAX <= 32      0                 0.0     0.0     0
DAYS MAX >= 80      0                 0.1    -0.1     0
DAYS MAX >= 70      2                 2.2    -0.2     4
DAYS MIN <= 32      1                 2.4    -1.4     3
DAYS MIN <= 0       0                 0.0     0.0     0

PRECIPITATION (INCHES)
RECORD
 MAXIMUM            4.41   1917
 MINIMUM            0.00   1920
TOTALS              0.34              0.98   -0.64    0.66
DAILY AVG.          0.01              0.03   -0.02    0.02
DAYS >= .01         8                 8.8    -0.8     9
DAYS >= .10         1                 3.2    -2.2     2
DAYS >= .50         0                 0.3    -0.3     0
DAYS >= 1.0         0                 0.0    -0.0     0
GREATEST
 24 HR TOTAL        0.11   6/17                       0.35  6/26

SNOWFALL (INCHES)
RECORDS
 TOTAL              5.0   1924
 24 HR TOTAL        4.0   6-05-1924
 SNOW DEPTH         3     6-01-1952
TOTALS              0.0               0.3    -0.3     0.0
SINCE 7/1          48.9              76.5   -27.6    59.7
SNOWDEPTH AVG.      0                 0       0       0
DAYS >= TRACE       0                 0.8    -0.8     1
DAYS >= 1.0         0                 0.1    -0.1     0
DAYS >= 6.0         0                 0.0     0.0     0
GREATEST
 SNOW DEPTH         0   MM                            0  MM
 24 HR TOTAL      0.0   MM                            T  6/08

DEGREE_DAYS
HEATING TOTAL     464               516     -52     525
 SINCE 7/1      11935             13760   -1825   12528
COOLING TOTAL       0                 0       0       5
 SINCE 1/1          0                 0       0       5
................................................................

WIND (MPH)
AVERAGE WIND SPEED                9.1
HIGHEST WIND SPEED/DIRECTION     28/270    DATE    06/6
HIGHEST GUST SPEED/DIRECTION     32/110    DATE   06/17

SKY COVER
POSSIBLE SUNSHINE (PERCENT)   MM
AVERAGE SKY COVER             MM
NUMBER OF DAYS FAIR           MM
NUMBER OF DAYS PC             MM
NUMBER OF DAYS CLOUDY         MM

AVERAGE RH (PERCENT)     MM

WEATHER CONDITIONS. NUMBER OF DAYS WITH
THUNDERSTORM              0     ICE PELLETS                 0
RAIN                     11     GLAZE                       0
DRIZZLE                   4     HAIL                        0
SNOW                      0     HAZE                        2
FOG                      14     FOG W/VIS <= 1/4 MILE       6
BLOWING SNOW              0


-  INDICATES NEGATIVE NUMBERS.
R  INDICATES RECORD WAS SET OR TIED.
MM INDICATES DATA IS MISSING.
T  INDICATES TRACE AMOUNT.

&&

...A QUIET JUNE...

THIS YEAR`S JUNE WAS SLIGHTLY WARMER AND A LITTLE DRIER THAN PREVIOUS YEARS.  THERE
WAS A RECORD HIGH TEMPERATURE 76 DEGREES SET ON THE 16TH WHICH WAS TWO DEGREES
HIGHER THAN THE PREVIOUS RECORD SET IN 1988.  EVEN WITH THIS RECORD TEMPERATURE THE
AVERAGE TEMPERATURE FOR THE MONTH WAS 49.3 WHICH WAS 1.5 DEGREES ABOVE THE NORMAL
FOR JUNE AND 1.9 DEGREES WARMER THAN 2015.  THIS JUNE HAD THE 15TH WARMEST
TEMPERATURE IN THE 1907 TO 2016 PERIOD OF RECORD.

THERE WERE 15 DAYS THAT PRECIPITATION WAS REPORTED WITH FOUR OF THOSE DAYS WITH
DRIZZLE.  THE TOTAL PRECIPITATION FOR THE MONTH WAS 0.34 INCHES WHICH WAS ONLY
ABOUT A THIRD OF THE NORMAL 0.98 INCHES.  THE GREATEST ACCUMULATION WAS 0.14 INCHES
WHICH HAPPENED ON THE 17TH THROUGH THE 18TH WITH SOME OVERNIGHT RAINSHOWERS.

$$
RWM JUL 16
