000
CXAK59 PAOM 010912
CLMOME

CLIMATE REPORT
NATIONAL WEATHER SERVICE NOME, AK
112 AM AKDT TUE JUL 1 2014

...................................

...THE NOME WSO AP CLIMATE SUMMARY FOR THE MONTH OF JUNE 2014...

CLIMATE NORMAL PERIOD 1981 TO 2010
CLIMATE RECORD PERIOD 1907 TO 2014

WEATHER         OBSERVED          NORMAL  DEPART  LAST YEAR`S
                 VALUE   DATE(S)  VALUE   FROM    VALUE  DATE(S)
                                          NORMAL
................................................................
TEMPERATURE (F)
RECORD
 HIGH              86   6/19/2013
 LOW               20   6/02/1931
HIGHEST            67   6/21         72      -5      86  6/19
LOWEST             29                30      -1      30  6/11
AVG. MAXIMUM       52.2              54.9    -2.7    55.8
AVG. MINIMUM       39.4              40.7    -1.3    42.5
MEAN               45.8              47.8    -2.0    49.1
DAYS MAX >= 90      0                 0.0     0.0     0
DAYS MAX <= 32      0                 0.0     0.0     0
DAYS MAX >= 80      0                 0.1    -0.1     2
DAYS MAX >= 70      0                 2.2    -2.2     7
DAYS MIN <= 32      3                 2.4     0.6     6
DAYS MIN <= 0       0                 0.0     0.0     0

PRECIPITATION (INCHES)
RECORD
 MAXIMUM            4.41   1917
 MINIMUM            0.00   1920
TOTALS              0.22              0.98   -0.76    2.53
DAILY AVG.          0.01              0.03   -0.02    0.08
DAYS >= .01         5                 8.8    -3.8    13
DAYS >= .10         1                 3.2    -2.2     8
DAYS >= .50         0                 0.3    -0.3     2
DAYS >= 1.0         0                 0.0    -0.0     0
GREATEST
 24 HR TOTAL        0.15   6/13                       0.68  6/15

SNOWFALL (INCHES)
RECORDS
 TOTAL              5.0   1924
 24 HR TOTAL        4.0   6-05-1924
 SNOW DEPTH         3     6-01-1952
TOTALS              0.0               0.3    -0.3     0.1
SINCE 7/1          72.3              76.5    -4.2    65.8
SNOWDEPTH AVG.      0                 0       0       0
DAYS >= TRACE       0                 0.8    -0.8     1
DAYS >= 1.0         0                 0.1    -0.1     0
DAYS >= 6.0         0                 0.0     0.0     0
GREATEST
 SNOW DEPTH         0   MM                            0  MM
 24 HR TOTAL      0.0   MM                          0.1  6/07

DEGREE_DAYS
HEATING TOTAL     568               516      52     476
 SINCE 7/1      12354             13704   -1350   14261
COOLING TOTAL       0                 0       0       7
 SINCE 1/1          0                 0       0       7
................................................................

WIND (MPH)
AVERAGE WIND SPEED                8.7
HIGHEST WIND SPEED/DIRECTION     28/240    DATE   06/23
HIGHEST GUST SPEED/DIRECTION     32/240    DATE   06/23

SKY COVER
POSSIBLE SUNSHINE (PERCENT)   MM
AVERAGE SKY COVER             MM
NUMBER OF DAYS FAIR           MM
NUMBER OF DAYS PC             MM
NUMBER OF DAYS CLOUDY         MM

AVERAGE RH (PERCENT)     MM

WEATHER CONDITIONS. NUMBER OF DAYS WITH
THUNDERSTORM              1     ICE PELLETS                 0
RAIN                     13     GLAZE                       0
DRIZZLE                   0     HAIL                        0
SNOW                      0     HAZE                        1
FOG                       8     FOG W/VIS <= 1/4 MILE       4
BLOWING SNOW              0


-  INDICATES NEGATIVE NUMBERS.
R  INDICATES RECORD WAS SET OR TIED.
MM INDICATES DATA IS MISSING.
T  INDICATES TRACE AMOUNT.

&&


$$
RCT JUL 14
