000
CXAK59 PAOM 031500
CLMOME

CLIMATE REPORT
NATIONAL WEATHER SERVICE NOME, AK
7 AM AKDT FRI JUL 3 2015

...................................

...THE NOME WSO AP CLIMATE SUMMARY FOR THE MONTH OF JUNE 2015...

CLIMATE NORMAL PERIOD 1981 TO 2010
CLIMATE RECORD PERIOD 1907 TO 2015

WEATHER         OBSERVED          NORMAL  DEPART  LAST YEAR`S
                 VALUE   DATE(S)  VALUE   FROM    VALUE  DATE(S)
                                          NORMAL
................................................................
TEMPERATURE (F)
RECORD
 HIGH              86   6/19/2013
 LOW               20   6/02/1931
HIGHEST            79   6/19         72       7      67  6/21
LOWEST             30   6/11         30       0      29  6/12
AVG. MAXIMUM       53.3              54.9    -1.6    52.2
AVG. MINIMUM       41.5              40.7     0.8    39.4
MEAN               47.4              47.8    -0.4    45.8
DAYS MAX >= 90      0                 0.0     0.0     0
DAYS MAX <= 32      0                 0.0     0.0     0
DAYS MAX >= 80      0                 0.1    -0.1     0
DAYS MAX >= 70      4                 2.2     1.8     0
DAYS MIN <= 32      3                 2.4     0.6     3
DAYS MIN <= 0       0                 0.0     0.0     0

PRECIPITATION (INCHES)
RECORD
 MAXIMUM            4.41   1917
 MINIMUM            0.00   1920
TOTALS              0.66              0.98   -0.32    0.22
DAILY AVG.          0.02              0.03   -0.01    0.01
DAYS >= .01         9                 8.8     0.2     5
DAYS >= .10         2                 3.2    -1.2     1
DAYS >= .50         0                 0.3    -0.3     0
DAYS >= 1.0         0                 0.0    -0.0     0
GREATEST
 24 HR TOTAL        0.35   6/26                       0.15  6/13

SNOWFALL (INCHES)
RECORDS
 TOTAL              5.0   1924
 24 HR TOTAL        4.0   6-05-1924
 SNOW DEPTH         3     6-01-1952
TOTALS              T                 0.3    -0.3     0.0
SINCE 7/1          59.7              76.5   -16.8    72.3
SNOWDEPTH AVG.      0                 0       0       0
DAYS >= TRACE       1                 0.8     0.2     0
DAYS >= 1.0         0                 0.1    -0.1     0
DAYS >= 6.0         0                 0.0     0.0     0
GREATEST
 SNOW DEPTH         0                                 0
 24 HR TOTAL        T   6/08                        0.0

DEGREE_DAYS
HEATING TOTAL     525               516       9     568
 SINCE 7/1      12528             13704   -1176   12354
COOLING TOTAL       5                 0       5       0
 SINCE 1/1          5                 0       5       0
................................................................

WIND (MPH)
AVERAGE WIND SPEED                9.3
HIGHEST WIND SPEED/DIRECTION     32/030    DATE    06/3
HIGHEST GUST SPEED/DIRECTION     39/030    DATE    06/3

SKY COVER
POSSIBLE SUNSHINE (PERCENT)   MM
AVERAGE SKY COVER             MM
NUMBER OF DAYS FAIR           MM
NUMBER OF DAYS PC             MM
NUMBER OF DAYS CLOUDY         MM

AVERAGE RH (PERCENT)     MM

WEATHER CONDITIONS. NUMBER OF DAYS WITH
THUNDERSTORM              0     ICE PELLETS                 0
RAIN                     12     GLAZE                       0
DRIZZLE                   1     HAIL                        0
SNOW                      1     HAZE                        0
FOG                      13     FOG W/VIS <= 1/4 MILE       1
BLOWING SNOW              0


-  INDICATES NEGATIVE NUMBERS.
R  INDICATES RECORD WAS SET OR TIED.
MM INDICATES DATA IS MISSING.
T  INDICATES TRACE AMOUNT.

&&


$$

CKC JUL 15
