000
CXUS56 KOTX 011425
CLMOMK


CLIMATE REPORT
NATIONAL WEATHER SERVICE SPOKANE, WA
625 AM PST WED MAR 1 2017

...................................

...THE OMAK WA AIRPORT CLIMATE SUMMARY FOR THE MONTH OF FEBRUARY 2017...

CLIMATE NORMAL PERIOD 1981 TO 2010
CLIMATE RECORD PERIOD 9999 TO 9999

WEATHER         OBSERVED          NORMAL  DEPART  LAST YEAR`S
                 VALUE   DATE(S)  VALUE   FROM    VALUE  DATE(S)
                                          NORMAL
................................................................
TEMPERATURE (F)
RECORD
 HIGH              63   02/27/1932
 LOW              -26   02/01/1950
HIGHEST            42   02/22        MM      MM       56  02/27
                        02/10
LOWEST              3   02/14        MM      MM       14  02/02
AVG. MAXIMUM     32.8              40.3    -7.5     42.4
AVG. MINIMUM     19.8              23.4    -3.6     28.1
MEAN             26.3              31.8    -5.5     35.2
DAYS MAX >= 90      0               0.0     0.0        0
DAYS MAX <= 32     12               3.0     9.0        4
DAYS MIN <= 32     23              24.6    -1.6       19
DAYS MIN <= 0       0               0.1    -0.1        0

PRECIPITATION (INCHES)
RECORD
 MAXIMUM         3.39   1940
 MINIMUM         0.04   1932
TOTALS           1.63              1.41    0.22     0.91
DAILY AVG.       0.06              0.05    0.01     0.03
DAYS >= .01        11                MM      MM        9
DAYS >= .10         5                MM      MM        4
DAYS >= .50         1                MM      MM        0
DAYS >= 1.00        0                MM      MM        0
GREATEST
 24 HR. TOTAL    0.88   02/15 TO 02/16           02/17 TO 02/18
                                                          02/18 TO 02/18
                                                          02/18 TO 02/18

SNOWFALL (INCHES)
RECORDS
 TOTAL           31.5   1938
TOTALS            0.0                MM      MM       MM
SINCE 7/1         0.0                MM      MM       MM
SNOWDEPTH AVG.      0                MM      MM       MM
DAYS >= 1.0         0                MM      MM        0
GREATEST
 SNOW DEPTH         0   MM                            MM  MM
 24 HR TOTAL      0.0   02/02 TO 02/02                MM

DEGREE_DAYS
HEATING TOTAL    1078               928     150      827
 SINCE 7/1       4935              4861      74     4406
COOLING TOTAL       0                 0       0        0
 SINCE 1/1          0                 0       0        0
.........................................................

WIND (MPH)
AVERAGE WIND SPEED              6.5
HIGHEST WIND SPEED/DIRECTION    26/010    DATE  02/06
HIGHEST GUST SPEED/DIRECTION    33/010    DATE  02/06

SKY COVER
POSSIBLE SUNSHINE (PERCENT)   MM
AVERAGE SKY COVER           0.50
NUMBER OF DAYS FAIR           12
NUMBER OF DAYS PC              3
NUMBER OF DAYS CLOUDY         13

AVERAGE RH (PERCENT)     73

WEATHER CONDITIONS. NUMBER OF DAYS WITH
THUNDERSTORM              0     MIXED PRECIP               0
HEAVY RAIN                0     RAIN                       1
LIGHT RAIN                5     FREEZING RAIN              0
LT FREEZING RAIN          1     HAIL                       0
HEAVY SNOW                0     SNOW                       1
LIGHT SNOW                9     SLEET                      0
FOG                      18     FOG W/VIS <= 1/4 MILE      8
HAZE                      7

-  INDICATES NEGATIVE NUMBERS.
R  INDICATES RECORD WAS SET OR TIED.
MM INDICATES DATA IS MISSING.
T  INDICATES TRACE AMOUNT.

$$
