000
CXUS51 KAKQ 020031
CLMORF


CLIMATE REPORT
NATIONAL WEATHER SERVICE WAKEFIELD, VA
827 PM EDT FRI AUG 1 2014

...................................

...THE NORFOLK VA CLIMATE SUMMARY FOR THE MONTH OF JULY 2014...

CLIMATE NORMAL PERIOD 1981 TO 2010
CLIMATE RECORD PERIOD 1871 TO 2014

WEATHER         OBSERVED          NORMAL  DEPART  LAST YEAR`S
                 VALUE   DATE(S)  VALUE   FROM    VALUE  DATE(S)
                                          NORMAL
................................................................
TEMPERATURE (F)
RECORD
 HIGH             105   07/25/2010
                        07/24/2010
                        06/06/3755
 LOW               54   07/07/1979
                        07/13/1978
HIGHEST            97   07/02        86      11       94  07/19
LOWEST             62   07/06        70      -8       66  07/27
AVG. MAXIMUM     86.1              87.4    -1.3     88.2
AVG. MINIMUM     71.2              71.9    -0.7     73.5
MEAN             78.6              79.6    -1.0     80.8
DAYS MAX >= 90     10              10.9    -0.9       14
DAYS MAX <= 32      0               0.0     0.0        0
DAYS MIN <= 32      0               0.0     0.0        0
DAYS MIN <= 0       0               0.0     0.0        0

PRECIPITATION (INCHES)
RECORD
 MAXIMUM        14.37   1994
 MINIMUM         0.37   1993
TOTALS           7.87              5.14    2.73     8.19
DAILY AVG.       0.25              0.17    0.08     0.26
DAYS >= .01         8              11.1    -3.1        9
DAYS >= .10         6               7.2    -1.2        8
DAYS >= .50         5               3.2     1.8        4
DAYS >= 1.00        4               1.7     2.3        4
GREATEST
 24 HR. TOTAL    3.58   07/09 TO 07/10

SNOWFALL (INCHES)
RECORDS
 TOTAL            0.0   5
                        0
                        -26215
TOTALS            0.0
SINCE 7/1         0.0               0.0     0.0      0.0
SNOWDEPTH AVG.      0                MM      MM        0
DAYS >= 1.0         0               0.0     0.0        0
GREATEST
 SNOW DEPTH         0   MM                             0  MM
 24 HR TOTAL      0.0   07/31 TO 07/31           07/31 TO 07/31
                                                          07/22 TO 07/22
                                                          07/22 TO 07/22

DEGREE_DAYS
HEATING TOTAL       0
 SINCE 7/1          0                 0       0        0
COOLING TOTAL     432               454     -22      499
 SINCE 1/1        992               935      57     1082
...................................................

WIND (MPH)
AVERAGE WIND SPEED              9.1
HIGHEST WIND SPEED/DIRECTION    35/190    DATE  07/15
HIGHEST GUST SPEED/DIRECTION    45/210    DATE  07/15

SKY COVER
POSSIBLE SUNSHINE (PERCENT)   MM
AVERAGE SKY COVER           0.30

AVERAGE RH (PERCENT)     68

WEATHER CONDITIONS. NUMBER OF DAYS WITH
THUNDERSTORM              1     MIXED PRECIP               0
HEAVY RAIN                6     RAIN                       7
LIGHT RAIN               11     FREEZING RAIN              0
LT FREEZING RAIN          0     HAIL                       0
HEAVY SNOW                0     SNOW                       0
LIGHT SNOW                0     SLEET                      0
FOG                       6     FOG W/VIS <= 1/4 MILE      0
HAZE                      1

-  INDICATES NEGATIVE NUMBERS.
R  INDICATES RECORD WAS SET OR TIED.
MM INDICATES DATA IS MISSING.
T  INDICATES TRACE AMOUNT.

$$
