000
CXUS51 KAKQ 051740 CCA
CLMORF

CLIMATE REPORT...CORRECTED
NATIONAL WEATHER SERVICE WAKEFIELD, VA
140 PM EDT TUE SEP 5 2017

...................................

...THE NORFOLK VA CLIMATE SUMMARY FOR THE MONTH OF AUGUST 2017...

CLIMATE NORMAL PERIOD 1981 TO 2010
CLIMATE RECORD PERIOD 1871 TO 2017

WEATHER         OBSERVED          NORMAL  DEPART  LAST YEAR`S
                 VALUE   DATE(S)  VALUE   FROM    VALUE  DATE(S)
                                          NORMAL
................................................................
TEMPERATURE (F)
RECORD
 HIGH             105   08/07/1918
 LOW               49   08/30/1982
HIGHEST            96   08/18        96       0       96  08/17
                                                          08/14
                                                          08/13
LOWEST             65   08/01        62       3       66  08/24
AVG. MAXIMUM     85.3              85.1     0.2     88.0
AVG. MINIMUM     72.5              70.7     1.8     74.7
MEAN             78.9              77.9     1.0     81.4
DAYS MAX >= 90      7               7.0     0.0       12
DAYS MAX <= 32      0               0.0     0.0        0
DAYS MIN <= 32      0               0.0     0.0        0
DAYS MIN <= 0       0               0.0     0.0        0

PRECIPITATION (INCHES)
RECORD
 MAXIMUM        15.61   1942
 MINIMUM         0.64   1930
TOTALS           9.04              5.52    3.52     4.75
DAILY AVG.       0.29              0.18    0.11     0.15
DAYS >= .01        12              10.1     1.9        9
DAYS >= .10         8               6.9     1.1        5
DAYS >= .50         4               3.5     0.5        4
DAYS >= 1.00        3               1.7     1.3        2
GREATEST
 24 HR. TOTAL    3.93   08/29 TO 08/29

SNOWFALL (INCHES)
RECORDS
 TOTAL            0.0   5
                        0
                        -26215
TOTALS            0.0
SINCE 7/1         0.0               0.0     0.0      0.0
SNOWDEPTH AVG.      0                MM      MM        0
DAYS >= 1.0         0               0.0     0.0        0
GREATEST
 SNOW DEPTH         0   MM                             0  MM
 24 HR TOTAL      0.0   08/31 TO 08/31           08/31 TO 08/31
                                                          08/31 TO 08/31
                                                          08/31 TO 08/31

DEGREE_DAYS
HEATING TOTAL       0
 SINCE 7/1          0                 0       0        0
COOLING TOTAL     441               400      41      517
 SINCE 1/1       1692              1335     357     1552
..................................................

WIND (MPH)
AVERAGE WIND SPEED              8.4
HIGHEST WIND SPEED/DIRECTION    36/010    DATE  08/29
HIGHEST GUST SPEED/DIRECTION    49/020    DATE  08/29

SKY COVER
POSSIBLE SUNSHINE (PERCENT)   MM
AVERAGE SKY COVER           0.40

AVERAGE RH (PERCENT)     75

WEATHER CONDITIONS. NUMBER OF DAYS WITH
THUNDERSTORM              0     MIXED PRECIP               0
HEAVY RAIN                6     RAIN                       9
LIGHT RAIN               13     FREEZING RAIN              0
LT FREEZING RAIN          0     HAIL                       0
HEAVY SNOW                0     SNOW                       0
LIGHT SNOW                0     SLEET                      0
FOG                      12     FOG W/VIS <= 1/4 MILE      0
HAZE                      3

-  INDICATES NEGATIVE NUMBERS.
R  INDICATES RECORD WAS SET OR TIED.
MM INDICATES DATA IS MISSING.
T  INDICATES TRACE AMOUNT.

$$
