000
CXUS51 KAKQ 131507
CLMORF


CLIMATE REPORT
NATIONAL WEATHER SERVICE WAKEFIELD, VA
1106 AM EDT MON JUL 13 2015

...................................

...THE NORFOLK VA CLIMATE SUMMARY FOR THE MONTH OF JUNE 2015...

CLIMATE NORMAL PERIOD 1981 TO 2010
CLIMATE RECORD PERIOD 1871 TO 2015

WEATHER         OBSERVED          NORMAL  DEPART  LAST YEAR`S
                 VALUE   DATE(S)  VALUE   FROM    VALUE  DATE(S)
                                          NORMAL
................................................................
TEMPERATURE (F)
RECORD
 HIGH             102   06/09/1874
 LOW               45   06/02/1967
HIGHEST            99   06/23        83      16       97  06/18
LOWEST             60   06/08        65      -5       51  06/02
AVG. MAXIMUM     86.4              83.5     2.9     85.0
AVG. MINIMUM     71.0              67.1     3.9     68.2
MEAN             78.7              75.3     3.4     76.6
DAYS MAX >= 90     14               5.9     8.1        6
DAYS MAX <= 32      0               0.0     0.0        0
DAYS MIN <= 32      0               0.0     0.0        0
DAYS MIN <= 0       0               0.0     0.0        0

PRECIPITATION (INCHES)
RECORD
 MAXIMUM        10.53   2006
 MINIMUM         0.37   1954
TOTALS           8.34              4.26    4.08     1.91
DAILY AVG.       0.28              0.14    0.14     0.06
DAYS >= .01        12               9.9     2.1        6
DAYS >= .10         9               6.4     2.6        5
DAYS >= .50         6               2.6     3.4        1
DAYS >= 1.00        3               1.3     1.7        0
GREATEST
 24 HR. TOTAL    3.01   06/02 TO 06/02

SNOWFALL (INCHES)
RECORDS
 TOTAL            0.0   5
                        0
                        -26215
TOTALS            0.0
SINCE 7/1        12.7               5.8     6.9     15.5
SNOWDEPTH AVG.      0                MM      MM        0
DAYS >= 1.0         0               0.0     0.0        0
GREATEST
 SNOW DEPTH         0   MM                             0  MM
 24 HR TOTAL      0.0   06/30 TO 06/30           06/30 TO 06/30
                                                          06/12 TO 06/12
                                                          06/12 TO 06/12

DEGREE_DAYS
HEATING TOTAL       0
 SINCE 7/1       3599              3377     222     3446
COOLING TOTAL     418               315     103      358
 SINCE 1/1        654               481     173      560
...................................................

WIND (MPH)
AVERAGE WIND SPEED              8.7
HIGHEST WIND SPEED/DIRECTION    32/240    DATE  06/20
HIGHEST GUST SPEED/DIRECTION    49/260    DATE  06/20

SKY COVER
POSSIBLE SUNSHINE (PERCENT)   MM
AVERAGE SKY COVER           0.30

AVERAGE RH (PERCENT)     69

WEATHER CONDITIONS. NUMBER OF DAYS WITH
THUNDERSTORM              0     MIXED PRECIP               0
HEAVY RAIN                6     RAIN                       3
LIGHT RAIN               11     FREEZING RAIN              0
LT FREEZING RAIN          0     HAIL                       0
HEAVY SNOW                0     SNOW                       0
LIGHT SNOW                0     SLEET                      0
FOG                      11     FOG W/VIS <= 1/4 MILE      2
HAZE                      4

-  INDICATES NEGATIVE NUMBERS.
R  INDICATES RECORD WAS SET OR TIED.
MM INDICATES DATA IS MISSING.
T  INDICATES TRACE AMOUNT.

$$
