000
CXUS51 KAKQ 011037
CLMORF


CLIMATE REPORT
NATIONAL WEATHER SERVICE WAKEFIELD, VA
628 AM EDT WED NOV 1 2017

...................................

...THE NORFOLK VA CLIMATE SUMMARY FOR THE MONTH OF OCTOBER 2017...

CLIMATE NORMAL PERIOD 1981 TO 2010
CLIMATE RECORD PERIOD 1871 TO 2017

WEATHER         OBSERVED          NORMAL  DEPART  LAST YEAR`S
                 VALUE   DATE(S)  VALUE   FROM    VALUE  DATE(S)
                                          NORMAL
................................................................
TEMPERATURE (F)
RECORD
 HIGH              95   10/04/1954
 LOW               27   10/29/1976
HIGHEST            88   10/09        86       2       87  10/19
                        10/08
LOWEST             42   10/27        40       2       45  10/29
AVG. MAXIMUM     75.4              70.1     5.3     73.5
AVG. MINIMUM     58.2              54.0     4.2     57.5
MEAN             66.8              62.1     4.7     65.5
DAYS MAX >= 90      0               0.1    -0.1        0
DAYS MAX <= 32      0               0.0     0.0        0
DAYS MIN <= 32      0               0.0     0.0        0
DAYS MIN <= 0       0               0.0     0.0        0

PRECIPITATION (INCHES)
RECORD
 MAXIMUM        10.12   1971
 MINIMUM         0.01   2000
TOTALS           5.06              3.42    1.64     9.43
DAILY AVG.       0.16              0.11    0.05     0.30
DAYS >= .01         9               7.6     1.4        7
DAYS >= .10         7               5.1     1.9        2
DAYS >= .50         2               2.3    -0.3        2
DAYS >= 1.00        2               0.8     1.2        2
GREATEST
 24 HR. TOTAL    2.09   10/29 TO 10/29

SNOWFALL (INCHES)
RECORDS
 TOTAL            0.0   5
                        0
                        -26215
TOTALS            0.0
SINCE 7/1         0.0               0.0     0.0      0.0
SNOWDEPTH AVG.      0                MM      MM        0
DAYS >= 1.0         0               0.0     0.0        0
GREATEST
 SNOW DEPTH         0   MM                             0  MM
 24 HR TOTAL      0.0   10/31 TO 10/31           10/31 TO 10/31
                                                          10/31 TO 10/31
                                                          10/31 TO 10/31

DEGREE_DAYS
HEATING TOTAL      74
 SINCE 7/1         74               157     -83       84
COOLING TOTAL     136                55      81      104
 SINCE 1/1       2095              1620     475     1987
..................................................

WIND (MPH)
AVERAGE WIND SPEED              8.0
HIGHEST WIND SPEED/DIRECTION    28/060    DATE  10/12
HIGHEST GUST SPEED/DIRECTION    36/170    DATE  10/23

SKY COVER
POSSIBLE SUNSHINE (PERCENT)   MM
AVERAGE SKY COVER           0.40

AVERAGE RH (PERCENT)     76

WEATHER CONDITIONS. NUMBER OF DAYS WITH
THUNDERSTORM              0     MIXED PRECIP               0
HEAVY RAIN                6     RAIN                       6
LIGHT RAIN               12     FREEZING RAIN              0
LT FREEZING RAIN          0     HAIL                       0
HEAVY SNOW                0     SNOW                       0
LIGHT SNOW                0     SLEET                      0
FOG                      14     FOG W/VIS <= 1/4 MILE      1
HAZE                      0

-  INDICATES NEGATIVE NUMBERS.
R  INDICATES RECORD WAS SET OR TIED.
MM INDICATES DATA IS MISSING.
T  INDICATES TRACE AMOUNT.

$$
