157
CXUS51 KAKQ 011208
CLMORF


CLIMATE REPORT
NATIONAL WEATHER SERVICE WAKEFIELD, VA
808 AM EDT SAT JUL 1 2017

...................................

...THE NORFOLK VA CLIMATE SUMMARY FOR THE MONTH OF JUNE 2017...

CLIMATE NORMAL PERIOD 1981 TO 2010
CLIMATE RECORD PERIOD 1871 TO 2017

WEATHER         OBSERVED          NORMAL  DEPART  LAST YEAR`S
                 VALUE   DATE(S)  VALUE   FROM    VALUE  DATE(S)
                                          NORMAL
................................................................
TEMPERATURE (F)
RECORD
 HIGH             102   06/09/1874
 LOW               45   06/02/1967
HIGHEST            94   06/12        96      -2       93  06/12
LOWEST             55   06/09        56      -1       60  06/19
AVG. MAXIMUM     86.1              83.5     2.6     83.0
AVG. MINIMUM     68.9              67.1     1.8     68.2
MEAN             77.5              75.3     2.2     75.6
DAYS MAX >= 90     12               5.9     6.1        4
DAYS MAX <= 32      0               0.0     0.0        0
DAYS MIN <= 32      0               0.0     0.0        0
DAYS MIN <= 0       0               0.0     0.0        0

PRECIPITATION (INCHES)
RECORD
 MAXIMUM        10.53   2006
 MINIMUM         0.37   1954
TOTALS           3.27              4.26   -0.99     5.06
DAILY AVG.       0.11              0.14   -0.03     0.17
DAYS >= .01         7               9.9    -2.9        9
DAYS >= .10         5               6.4    -1.4        6
DAYS >= .50         3               2.6     0.4        5
DAYS >= 1.00        0               1.3    -1.3        1
GREATEST
 24 HR. TOTAL    0.95   06/16 TO 06/16

SNOWFALL (INCHES)
RECORDS
 TOTAL            0.0   5
                        0
                        -26215
TOTALS            0.0
SINCE 7/1         5.4               5.8    -0.4      5.0
SNOWDEPTH AVG.      0                MM      MM        0
DAYS >= 1.0         0               0.0     0.0        0
GREATEST
 SNOW DEPTH         0   MM                             0  MM
 24 HR TOTAL      0.0   06/30 TO 06/30           06/30 TO 06/30
                                                          06/30 TO 06/30
                                                          06/30 TO 06/30

DEGREE_DAYS
HEATING TOTAL       2
 SINCE 7/1       2667              3377    -710     2522
COOLING TOTAL     384               315      69      324
 SINCE 1/1        705               481     224      481
.................................................

WIND (MPH)
AVERAGE WIND SPEED              9.2
HIGHEST WIND SPEED/DIRECTION    30/210    DATE  06/24
HIGHEST GUST SPEED/DIRECTION    39/220    DATE  06/24

SKY COVER
POSSIBLE SUNSHINE (PERCENT)   MM
AVERAGE SKY COVER           0.30

AVERAGE RH (PERCENT)     67

WEATHER CONDITIONS. NUMBER OF DAYS WITH
THUNDERSTORM              0     MIXED PRECIP               0
HEAVY RAIN                5     RAIN                       5
LIGHT RAIN                6     FREEZING RAIN              0
LT FREEZING RAIN          0     HAIL                       0
HEAVY SNOW                0     SNOW                       0
LIGHT SNOW                0     SLEET                      0
FOG                       7     FOG W/VIS <= 1/4 MILE      0
HAZE                      1

-  INDICATES NEGATIVE NUMBERS.
R  INDICATES RECORD WAS SET OR TIED.
MM INDICATES DATA IS MISSING.
T  INDICATES TRACE AMOUNT.

$$
