000
CXUS51 KAKQ 011252
CLMORF


CLIMATE REPORT
NATIONAL WEATHER SERVICE WAKEFIELD, VA
749 AM EST THU FEB 1 2018

...................................

...THE NORFOLK VA CLIMATE SUMMARY FOR THE MONTH OF JANUARY 2018...

CLIMATE NORMAL PERIOD 1981 TO 2010
CLIMATE RECORD PERIOD 1871 TO 2018

WEATHER         OBSERVED          NORMAL  DEPART  LAST YEAR`S
                 VALUE   DATE(S)  VALUE   FROM    VALUE  DATE(S)
                                          NORMAL
................................................................
TEMPERATURE (F)
RECORD
 HIGH              80   01/30/2002
 LOW               -3   01/21/1985
HIGHEST            74   01/23        71       3       73  01/12
LOWEST             10   01/08        18      -8       16  01/10
                        01/07
AVG. MAXIMUM     46.4              48.1    -1.7     52.6
AVG. MINIMUM     27.8              32.7    -4.9     37.7
MEAN             37.1              40.4    -3.3     45.1
DAYS MAX >= 90      0               0.0     0.0        0
DAYS MAX <= 32      7               2.1     4.9        3
DAYS MIN <= 32     23              14.8     8.2        8
DAYS MIN <= 0       0               0.0     0.0        0

PRECIPITATION (INCHES)
RECORD
 MAXIMUM           MM   MM
 MINIMUM           MM   MM
TOTALS           3.51              3.40    0.11     4.41
DAILY AVG.       0.11              0.11    0.00     0.14
DAYS >= .01        11              10.4     0.6       14
DAYS >= .10         6               6.7    -0.7        6
DAYS >= .50         3               2.4     0.6        2
DAYS >= 1.00        0               0.6    -0.6        2
GREATEST
 24 HR. TOTAL    0.92   01/29 TO 01/29

SNOWFALL (INCHES)
RECORDS
 TOTAL             MM
TOTALS           13.1
SINCE 7/1        13.1               3.6     9.5      5.3
SNOWDEPTH AVG.      2                MM      MM        1
DAYS >= 1.0         3               0.8     2.2        1
GREATEST
 SNOW DEPTH        10   01/05                          5  01/10
                                                          01/09
                                                          01/08
 24 HR TOTAL      5.2   01/03 TO 01/03           01/02 TO 01/02
                                                          01/02 TO 01/02
                                                          01/02 TO 01/02

DEGREE_DAYS
HEATING TOTAL     859
 SINCE 7/1       1959              1942      17     1678
COOLING TOTAL       1                 0       1        0
 SINCE 1/1          1                 0       1        0
...................................................

WIND (MPH)
AVERAGE WIND SPEED              9.3
HIGHEST WIND SPEED/DIRECTION    33/220    DATE  01/23
HIGHEST GUST SPEED/DIRECTION    46/340    DATE  01/04

SKY COVER
POSSIBLE SUNSHINE (PERCENT)   MM
AVERAGE SKY COVER           0.30

AVERAGE RH (PERCENT)     66

WEATHER CONDITIONS. NUMBER OF DAYS WITH
THUNDERSTORM              0     MIXED PRECIP               0
HEAVY RAIN                2     RAIN                       4
LIGHT RAIN                8     FREEZING RAIN              0
LT FREEZING RAIN          0     HAIL                       0
HEAVY SNOW                2     SNOW                       3
LIGHT SNOW                7     SLEET                      0
FOG                      14     FOG W/VIS <= 1/4 MILE      4
HAZE                      3

-  INDICATES NEGATIVE NUMBERS.
R  INDICATES RECORD WAS SET OR TIED.
MM INDICATES DATA IS MISSING.
T  INDICATES TRACE AMOUNT.

$$
