000
CXUS51 KBOX 031255
CLMORH


CLIMATE REPORT
NATIONAL WEATHER SERVICE TAUNTON MA
723 AM EST TUE MAR 3 2015

...................................

...THE WORCESTER MA CLIMATE SUMMARY FOR THE MONTH OF FEBRUARY 2015...

CLIMATE NORMAL PERIOD 1981 TO 2010
CLIMATE RECORD PERIOD 1892 TO 2015

WEATHER         OBSERVED          NORMAL  DEPART
                 VALUE   DATE(S)  VALUE   FROM
                                          NORMAL
................................................
TEMPERATURE (F)
RECORD
 HIGH              67   02/24/1985
 LOW              -24   02/16/1943
HIGHEST            37R  02/22
LOWEST             -9   02/16
AVG. MAXIMUM     23.3              34.6   -11.3
AVG. MINIMUM      5.1              19.4   -14.3
MEAN             14.2R             27.0   -12.8
DAYS MAX >= 90      0               0.0     0.0
DAYS MAX <= 32     25              11.4    13.6
DAYS MIN <= 32     28              25.1     2.9
DAYS MIN <= 0      10               0.6     9.4

PRECIPITATION (INCHES)
RECORD
 MAXIMUM         9.68   2008
 MINIMUM         0.25   1987
TOTALS           3.28              3.23    0.05
DAYS >= .01        13              10.5     2.5
DAYS >= .10         8               6.1     1.9
DAYS >= .50         2               2.2    -0.2
DAYS >= 1.00        0               0.8    -0.8
GREATEST
 24 HR. TOTAL    0.95   02/02 TO 02/02

SNOWFALL (INCHES)
RECORDS
 TOTAL           53.4   2015
 SNOW DEPTH         M   MM
TOTALS           53.4R             15.6    37.8
SINCE 7/1       108.6              49.9    58.7
SNOWDEPTH AVG.      M
GREATEST
 SNOW DEPTH         M   MM
 24 HR TOTAL     17.4   02/02 TO 02/02

DEGREE_DAYS
HEATING TOTAL    1414              1064     350
 SINCE 7/1       5114              4837     277
COOLING TOTAL       0                 0       0
 SINCE 1/1          0                 0       0
.................................................

WIND (MPH)
AVERAGE WIND SPEED              11.7
RESULTANT WIND SPEED/DIRECTION   7/292
HIGHEST WIND SPEED/DIRECTION    37/290    DATE   02/16
HIGHEST GUST SPEED/DIRECTION    50/290    DATE   02/16

SKY COVER
POSSIBLE SUNSHINE (PERCENT)   MM
AVERAGE SKY COVER           0.50
NUMBER OF DAYS FAIR           12
NUMBER OF DAYS PC             10
NUMBER OF DAYS CLOUDY          6

AVERAGE RH (PERCENT)     64

WEATHER CONDITIONS. NUMBER OF DAYS WITH
THUNDERSTORM              0     MIXED PRECIP               0
HEAVY RAIN                0     RAIN                       0
LIGHT RAIN                1     FREEZING RAIN              0
LT FREEZING RAIN          0     HAIL                       0
HEAVY SNOW                2     SNOW                       7
LIGHT SNOW               18     SLEET                      0
FOG                      14     FOG W/VIS <= 1/4 MILE      3
HAZE                      9

-  INDICATES NEGATIVE NUMBERS.
R  INDICATES RECORD WAS SET OR TIED.
MM INDICATES DATA IS MISSING.
T  INDICATES TRACE AMOUNT.

$$

SIPPRELL
