000
CXUS51 KBOX 031336
CLMORH


CLIMATE REPORT
NATIONAL WEATHER SERVICE TAUNTON MA
923 AM EDT MON JUL 3 2017

...................................

...THE WORCESTER MA CLIMATE SUMMARY FOR THE MONTH OF JUNE 2017...

CLIMATE NORMAL PERIOD 1981 TO 2010
CLIMATE RECORD PERIOD 1892 TO 2017

WEATHER         OBSERVED          NORMAL  DEPART
                 VALUE   DATE(S)  VALUE   FROM
                                          NORMAL
................................................
TEMPERATURE (F)
RECORD
 HIGH              98   06/26/1952
 LOW               33   06/17/1926
HIGHEST            90   06/12
LOWEST             45   06/06
                        06/03
                        06/02
AVG. MAXIMUM     74.4              74.1     0.3
AVG. MINIMUM     56.4              56.0     0.4
MEAN             65.4              65.0     0.4
DAYS MAX >= 90      1               0.4     0.6
DAYS MAX <= 32      0               0.0     0.0
DAYS MIN <= 32      0               0.0     0.0
DAYS MIN <= 0       0               0.0     0.0

PRECIPITATION (INCHES)
RECORD
 MAXIMUM        12.17   1982
 MINIMUM         0.32   1999
TOTALS           4.33              4.19    0.14
DAYS >= .01        15              12.3     2.7
DAYS >= .10         8               7.4     0.6
DAYS >= .50         3               2.6     0.4
DAYS >= 1.00        1               0.9     0.1
GREATEST
 24 HR. TOTAL    1.07   06/06 TO 06/06

SNOWFALL (INCHES)
RECORDS
 TOTAL            0.0
 SNOW DEPTH         0
TOTALS            0.0               0.0     0.0
SINCE 7/1        78.3              64.1    14.2
SNOWDEPTH AVG.     MM
GREATEST
 SNOW DEPTH        MM
 24 HR TOTAL      0.0   06/30 TO 06/30

DEGREE_DAYS
HEATING TOTAL      86                83       3
 SINCE 7/1       6271              6717    -446
COOLING TOTAL     106                84      22
 SINCE 1/1        140               106      34
.................................................

WIND (MPH)
AVERAGE WIND SPEED              10.4
RESULTANT WIND SPEED/DIRECTION   7/246
HIGHEST WIND SPEED/DIRECTION    29/270    DATE  06/27
HIGHEST GUST SPEED/DIRECTION    37/250    DATE  06/27

SKY COVER
POSSIBLE SUNSHINE (PERCENT)   MM
AVERAGE SKY COVER           0.40
NUMBER OF DAYS FAIR           16
NUMBER OF DAYS PC              8
NUMBER OF DAYS CLOUDY          6

AVERAGE RH (PERCENT)     65

WEATHER CONDITIONS. NUMBER OF DAYS WITH
THUNDERSTORM              5     MIXED PRECIP               0
HEAVY RAIN                7     RAIN                      10
LIGHT RAIN               18     FREEZING RAIN              0
LT FREEZING RAIN          0     HAIL                       0
HEAVY SNOW                0     SNOW                       0
LIGHT SNOW                0     SLEET                      0
FOG                      14     FOG W/VIS <= 1/4 MILE      4
HAZE                      1

-  INDICATES NEGATIVE NUMBERS.
R  INDICATES RECORD WAS SET OR TIED.
MM INDICATES DATA IS MISSING.
T  INDICATES TRACE AMOUNT.

$$

SIPPRELL
