000
CXUS51 KBOX 021458
CLMORH


CLIMATE REPORT
NATIONAL WEATHER SERVICE TAUNTON MA
1050 AM EDT THU JUL 2 2015

...................................

...THE WORCESTER MA CLIMATE SUMMARY FOR THE MONTH OF JUNE 2015...

CLIMATE NORMAL PERIOD 1981 TO 2010
CLIMATE RECORD PERIOD 1892 TO 2015

WEATHER         OBSERVED          NORMAL  DEPART
                 VALUE   DATE(S)  VALUE   FROM
                                          NORMAL
................................................
TEMPERATURE (F)
RECORD
 HIGH              98   06/26/1952
 LOW               33   06/17/1926
HIGHEST            86   06/23
LOWEST             42   06/03
AVG. MAXIMUM     73.1              74.1    -1.0
AVG. MINIMUM     55.7              56.0    -0.3
MEAN             64.4              65.0    -0.6
DAYS MAX >= 90      0               0.4    -0.4
DAYS MAX <= 32      0               0.0     0.0
DAYS MIN <= 32      0               0.0     0.0
DAYS MIN <= 0       0               0.0     0.0

PRECIPITATION (INCHES)
RECORD
 MAXIMUM        12.17   1982
 MINIMUM         0.32   1999
TOTALS           6.35              4.19    2.16
DAYS >= .01        11              12.3    -1.3
DAYS >= .10         8               7.4     0.6
DAYS >= .50         6               2.6     3.4
DAYS >= 1.00        2               0.9     1.1
GREATEST
 24 HR. TOTAL    1.50   06/20 TO 06/21

SNOWFALL (INCHES)
RECORDS
 TOTAL            0.0   MM
 SNOW DEPTH         0   MM
TOTALS            0.0               0.0     0.0
SINCE 7/1       119.7              64.1    55.6
SNOWDEPTH AVG.     MM
GREATEST
 SNOW DEPTH        MM
 24 HR TOTAL      0.0   06/30 TO 06/30

DEGREE_DAYS
HEATING TOTAL      94                83      11
 SINCE 7/1       6986              6717     269
COOLING TOTAL      84                84       0
 SINCE 1/1        150               106      44
.................................................

WIND (MPH)
AVERAGE WIND SPEED              9.0
RESULTANT WIND SPEED/DIRECTION   3/254
HIGHEST WIND SPEED/DIRECTION    28/230    DATE  06/23
HIGHEST GUST SPEED/DIRECTION    37/280    DATE  06/09

SKY COVER
POSSIBLE SUNSHINE (PERCENT)   MM
AVERAGE SKY COVER           0.40
NUMBER OF DAYS FAIR           16
NUMBER OF DAYS PC              8
NUMBER OF DAYS CLOUDY          6

AVERAGE RH (PERCENT)     68

WEATHER CONDITIONS. NUMBER OF DAYS WITH
THUNDERSTORM              0     MIXED PRECIP               0
HEAVY RAIN                6     RAIN                       6
LIGHT RAIN               16     FREEZING RAIN              0
LT FREEZING RAIN          0     HAIL                       0
HEAVY SNOW                0     SNOW                       0
LIGHT SNOW                0     SLEET                      0
FOG                      12     FOG W/VIS <= 1/4 MILE      5
HAZE                      1

-  INDICATES NEGATIVE NUMBERS.
R  INDICATES RECORD WAS SET OR TIED.
MM INDICATES DATA IS MISSING.
T  INDICATES TRACE AMOUNT.

$$

SIPPRELL
