000
CXUS51 KBOX 011419 CCA
CLMORH

CLIMATE REPORT
NATIONAL WEATHER SERVICE TAUNTON MA
909 AM EST WED MAR 1 2017

...................................

...THE WORCESTER MA CLIMATE SUMMARY FOR THE MONTH OF FEBRUARY 2017...

CLIMATE NORMAL PERIOD 1981 TO 2010
CLIMATE RECORD PERIOD 1892 TO 2017

WEATHER         OBSERVED          NORMAL  DEPART
                 VALUE   DATE(S)  VALUE   FROM
                                          NORMAL
................................................
TEMPERATURE (F)
RECORD
 HIGH              69R  02/24/2017
 LOW              -24   12/31/1999
HIGHEST            69R  02/24
LOWEST              4   02/10
AVG. MAXIMUM     40.4              34.6     5.8
AVG. MINIMUM     23.8              19.4     4.4
MEAN             32.1              27.0     5.1
DAYS MAX >= 90      0               0.0     0.0
DAYS MAX <= 32     10              11.4    -1.4
DAYS MIN <= 32     22              25.1    -3.1
DAYS MIN <= 0       0               0.6    -0.6

PRECIPITATION (INCHES)
RECORD
 MAXIMUM         9.68   2008
 MINIMUM         0.25   1987
TOTALS           2.44              3.23   -0.79
DAYS >= .01        10              10.5    -0.5
DAYS >= .10         6               6.1    -0.1
DAYS >= .50         2               2.2    -0.2
DAYS >= 1.00        0               0.8    -0.8
GREATEST
 24 HR. TOTAL    0.74   02/12 TO 02/13

SNOWFALL (INCHES)
RECORDS
 TOTAL           55.0   1893
 SNOW DEPTH         0   MM
TOTALS           25.4              15.6     9.8
SINCE 7/1        57.8              49.9     7.9
SNOWDEPTH AVG.     MM
GREATEST
 SNOW DEPTH        MM
 24 HR TOTAL     13.0   02/09 TO 02/09

DEGREE_DAYS
HEATING TOTAL     916              1064    -148
 SINCE 7/1       4277              4837    -560
COOLING TOTAL       0                 0       0
 SINCE 1/1          0                 0       0
.................................................

WIND (MPH)
AVERAGE WIND SPEED              12.5
RESULTANT WIND SPEED/DIRECTION   8/270
HIGHEST WIND SPEED/DIRECTION    44/310    DATE  02/13
HIGHEST GUST SPEED/DIRECTION    60/010    DATE  02/09

SKY COVER
POSSIBLE SUNSHINE (PERCENT)   MM
AVERAGE SKY COVER           0.40
NUMBER OF DAYS FAIR           14
NUMBER OF DAYS PC              6
NUMBER OF DAYS CLOUDY          8

AVERAGE RH (PERCENT)     63

WEATHER CONDITIONS. NUMBER OF DAYS WITH
THUNDERSTORM              1     MIXED PRECIP               0
HEAVY RAIN                2     RAIN                       1
LIGHT RAIN                4     FREEZING RAIN              1
LT FREEZING RAIN          2     HAIL                       0
HEAVY SNOW                2     SNOW                       2
LIGHT SNOW               10     SLEET                      0
FOG                      12     FOG W/VIS <= 1/4 MILE      7
HAZE                      1

-  INDICATES NEGATIVE NUMBERS.
R  INDICATES RECORD WAS SET OR TIED.
MM INDICATES DATA IS MISSING.
T  INDICATES TRACE AMOUNT.

$$

SIPPRELL/CORREIA
