409
CXAK59 PAFG 012135
CLMOTZ


CLIMATE REPORT
NATIONAL WEATHER SERVICE FAIRBANKS, AK
126 PM AKDT SAT JUL 1 2017

...................................

...THE KOTZEBUE AK CLIMATE SUMMARY FOR THE MONTH OF JUNE 2017...

CLIMATE NORMAL PERIOD 1981 TO 2010
CLIMATE RECORD PERIOD 1920 TO 2017

WEATHER         OBSERVED          NORMAL  DEPART  LAST YEAR`S
                 VALUE   DATE(S)  VALUE   FROM    VALUE  DATE(S)
                                          NORMAL
................................................................
TEMPERATURE (F)
RECORD
 HIGH              85   06/19/2013
                        06/22/1991
 LOW               20   06/04/1948
HIGHEST            78   06/07        MM      MM       74  06/17
LOWEST             29   06/01        MM      MM       33  06/04
AVG. MAXIMUM     57.2              51.5     5.7     57.3
AVG. MINIMUM     44.9              39.9     5.0     45.1
MEAN             51.1              45.7     5.4     51.2
DAYS MAX >= 90      0               0.0     0.0        0
DAYS MAX <= 32      0               0.0     0.0        0
DAYS MIN <= 32      1               3.0    -2.0        0
DAYS MIN <= 0       0               0.0     0.0        0

PRECIPITATION (INCHES)
RECORD
 MAXIMUM         1.76   1998
 MINIMUM            T   1938
                        1937
TOTALS           0.20              0.58   -0.38     0.25
DAILY AVG.       0.01              0.02   -0.01     0.01
DAYS >= .01         6               5.8     0.2        5
DAYS >= .10         0               1.8    -1.8        0
DAYS >= .50         0               0.2    -0.2        0
DAYS >= 1.00        0               0.0     0.0        0
GREATEST
 24 HR. TOTAL    0.07   06/17 TO 06/17           06/13 TO 06/13

SNOWFALL (INCHES)
RECORDS
 TOTAL            2.4   1963
 24 HR TOTAL       MM
 SNOW DEPTH         8   06/02/1966
                        06/01/1966
TOTALS            0.0               0.0     0.0      0.0
SINCE 7/1        52.6              59.8    -7.2     26.0
SNOWDEPTH AVG.      0                 0       0        0
DAYS >= TRACE       0               0.1    -0.1        0
DAYS >= 1.0         0               0.0     0.0        0
GREATEST
 SNOW DEPTH         0   MM                             0  MM
 24 HR TOTAL      0.0   06/30 TO 06/30           06/30 TO 06/30

DEGREE_DAYS
HEATING TOTAL     411               580    -169      404
 SINCE 7/1      13579             15384   -1805    13011
COOLING TOTAL       0                 1      -1        0
 SINCE 1/1          0                 1      -1        0
.................................................

WIND (MPH)
AVERAGE WIND SPEED              9.7
HIGHEST WIND SPEED/DIRECTION    29/160    DATE  06/28
HIGHEST GUST SPEED/DIRECTION    34/280    DATE  06/12

SKY COVER
AVERAGE SKY COVER           0.50


WEATHER CONDITIONS. NUMBER OF DAYS WITH
THUNDERSTORM              0     MIXED PRECIP               0
HEAVY RAIN                0     RAIN                       0
LIGHT RAIN               12     FREEZING RAIN              0
LT FREEZING RAIN          0     HAIL                       0
HEAVY SNOW                0     SNOW                       0
LIGHT SNOW                0     SLEET                      0
FOG                      13     FOG W/VIS <= 1/4 MILE      6
HAZE                     15

-  INDICATES NEGATIVE NUMBERS.
R  INDICATES RECORD WAS SET OR TIED.
MM INDICATES DATA IS MISSING.
T  INDICATES TRACE AMOUNT.

$$
