000
CXAK59 PAFG 011224
CLMOTZ


CLIMATE REPORT
NATIONAL WEATHER SERVICE FAIRBANKS, AK
418 AM AKDT FRI SEP 1 2017

...................................

...THE KOTZEBUE AK CLIMATE SUMMARY FOR THE MONTH OF AUGUST 2017...

CLIMATE NORMAL PERIOD 1981 TO 2010
CLIMATE RECORD PERIOD 1920 TO 2017

WEATHER         OBSERVED          NORMAL  DEPART  LAST YEAR`S
                 VALUE   DATE(S)  VALUE   FROM    VALUE  DATE(S)
                                          NORMAL
................................................................
TEMPERATURE (F)
RECORD
 HIGH              80   08/06/1968
 LOW               28   08/30/1929
HIGHEST            66   08/04        MM      MM       71  08/12
LOWEST             34   08/30        MM      MM       44  08/02
AVG. MAXIMUM     54.6              56.1    -1.5     62.0
AVG. MINIMUM     45.3              47.3    -2.0     51.9
MEAN             50.0              51.7    -1.7     57.0
DAYS MAX >= 90      0               0.0     0.0        0
DAYS MAX <= 32      0               0.0     0.0        0
DAYS MIN <= 32      0               0.1    -0.1        0
DAYS MIN <= 0       0               0.0     0.0        0

PRECIPITATION (INCHES)
RECORD
 MAXIMUM         5.26   1998
 MINIMUM         0.02   1935
TOTALS           1.55              2.18   -0.63     1.92
DAILY AVG.       0.05              0.07   -0.02     0.06
DAYS >= .01        12              14.1    -2.1       14
DAYS >= .10         8               6.3     1.7        6
DAYS >= .50         0               0.9    -0.9        1
DAYS >= 1.00        0               0.1    -0.1        0
GREATEST
 24 HR. TOTAL    0.34   08/01 TO 08/01           08/19 TO 08/20

SNOWFALL (INCHES)
RECORDS
 TOTAL            0.3   1962
 24 HR TOTAL       MM
 SNOW DEPTH         0   MM
TOTALS            0.0               0.0     0.0      0.0
SINCE 7/1         0.0               0.0     0.0      0.0
SNOWDEPTH AVG.      0                 0       0        0
DAYS >= TRACE       0               0.0     0.0        0
DAYS >= 1.0         0               0.0     0.0        0
GREATEST
 SNOW DEPTH         0   MM                             0  MM
 24 HR TOTAL      0.0   08/31 TO 08/31           08/31 TO 08/31

DEGREE_DAYS
HEATING TOTAL     458               413      45      239
 SINCE 7/1        687               738     -51      492
COOLING TOTAL       0                 1      -1        0
 SINCE 1/1          1                 5      -4        5
..................................................

WIND (MPH)
AVERAGE WIND SPEED              9.6
HIGHEST WIND SPEED/DIRECTION    28/230    DATE  08/01
HIGHEST GUST SPEED/DIRECTION    32/070    DATE  08/13

SKY COVER
AVERAGE SKY COVER           0.60


WEATHER CONDITIONS. NUMBER OF DAYS WITH
THUNDERSTORM              0     MIXED PRECIP               0
HEAVY RAIN                0     RAIN                       6
LIGHT RAIN               14     FREEZING RAIN              0
LT FREEZING RAIN          0     HAIL                       0
HEAVY SNOW                0     SNOW                       0
LIGHT SNOW                0     SLEET                      0
FOG                      15     FOG W/VIS <= 1/4 MILE      0
HAZE                      4

-  INDICATES NEGATIVE NUMBERS.
R  INDICATES RECORD WAS SET OR TIED.
MM INDICATES DATA IS MISSING.
T  INDICATES TRACE AMOUNT.

$$
