000
CXUS53 KDDC 021615
CLMP28

CLIMATE REPORT
NATIONAL WEATHER SERVICE DODGE CITY KS
848 AM CDT FRI MAY 1 2015

...................................

...THE MEDICINE LODGE KS CLIMATE SUMMARY FOR THE MONTH OF APRIL 2015...

CLIMATE NORMAL PERIOD 1981 TO 2010
CLIMATE RECORD PERIOD 1893 TO 2015

WEATHER         OBSERVED          NORMAL  DEPART  LAST YEAR`S
                 VALUE   DATE(S)  VALUE   FROM    VALUE  DATE(S)
                                          NORMAL
................................................................
TEMPERATURE (F)
RECORD
 HIGH             100   04/13/2006
                        04/29/1910
 LOW               14   04/03/1975
HIGHEST            93   04/06        MM      MM       94  04/12
LOWEST             24   04/04        MM      MM       25  04/15
AVG. MAXIMUM     72.7              68.5     4.2     71.8
AVG. MINIMUM     46.8              43.8     3.0     41.8
MEAN             59.8              56.1     3.7     56.8
DAYS MAX >= 90      1               0.5     0.5        1
DAYS MAX <= 32      0               0.0     0.0        0
DAYS MIN <= 32      2               3.2    -1.2        7
DAYS MIN <= 0       0               0.0     0.0        0

PRECIPITATION (INCHES)
RECORD
 MAXIMUM         7.67   1947
 MINIMUM         0.00   1893
TOTALS           3.48              2.43    1.05     0.63
DAYS >= .01        12               8.3     3.7        7
DAYS >= .10         6               4.3     1.7        1
DAYS >= .50         2               2.1    -0.1        0
DAYS >= 1.00        1               0.7     0.3        0
GREATEST
 24 HR. TOTAL    1.73   04/16 TO 04/17           04/20 TO 04/20
                                                          04/14 TO 04/14
                                                          04/14 TO 04/14

DEGREE_DAYS
HEATING TOTAL     183               288    -105      264
 SINCE 7/1       4217              4385    -168     4939
COOLING TOTAL      32                22      10       29
 SINCE 1/1         32                24       8       29
.....................................................

WIND (MPH)
AVERAGE WIND SPEED              10.2
HIGHEST WIND SPEED/DIRECTION    44/010    DATE  04/03
HIGHEST GUST SPEED/DIRECTION    54/010    DATE  04/03



-  INDICATES NEGATIVE NUMBERS.
R  INDICATES RECORD WAS SET OR TIED.
MM INDICATES DATA IS MISSING.
T  INDICATES TRACE AMOUNT.

$$
