254
CXUS53 KDDC 011357
CLMP28


CLIMATE REPORT
NATIONAL WEATHER SERVICE DODGE CITY KS
851 AM CDT FRI SEP 1 2017

...................................

...THE MEDICINE LODGE KS CLIMATE SUMMARY FOR THE MONTH OF AUGUST 2017...

CLIMATE NORMAL PERIOD 1981 TO 2010
CLIMATE RECORD PERIOD 1893 TO 2017

WEATHER         OBSERVED          NORMAL  DEPART  LAST YEAR`S
                 VALUE   DATE(S)  VALUE   FROM    VALUE  DATE(S)
                                          NORMAL
................................................................
TEMPERATURE (F)
RECORD
 HIGH             118   08/12/1936
 LOW               40   08/27/1906
HIGHEST           101   08/05        MM      MM      102  08/03
LOWEST             53   08/30        MM      MM       51  08/21
                        08/29
AVG. MAXIMUM     87.5              92.7    -5.2     89.6
AVG. MINIMUM     63.5              67.9    -4.4     67.4
MEAN             75.5              80.3    -4.8     78.5
DAYS MAX >= 90      8              20.0   -12.0       13
DAYS MAX <= 32      0               0.0     0.0        0
DAYS MIN <= 32      0               0.0     0.0        0
DAYS MIN <= 0       0               0.0     0.0        0

PRECIPITATION (INCHES)
RECORD
 MAXIMUM         8.77   1927
 MINIMUM         0.01   2000
TOTALS           3.61              3.12    0.49     7.16
DAYS >= .01        10               7.9     2.1       13
DAYS >= .10         5               5.2    -0.2        8
DAYS >= .50         1               1.9    -0.9        5
DAYS >= 1.00        1               0.8     0.2        3
GREATEST
 24 HR. TOTAL    2.57   08/09 TO 08/09           08/11 TO 08/12

DEGREE_DAYS
HEATING TOTAL       0                 0       0        0
 SINCE 7/1          0                 0       0        0
COOLING TOTAL     333               474    -141      428
 SINCE 1/1       1359              1511    -152     1600
..................................................

WIND (MPH)
AVERAGE WIND SPEED              6.8
HIGHEST WIND SPEED/DIRECTION    40/190    DATE  08/19
HIGHEST GUST SPEED/DIRECTION    58/180    DATE  08/19



-  INDICATES NEGATIVE NUMBERS.
R  INDICATES RECORD WAS SET OR TIED.
MM INDICATES DATA IS MISSING.
T  INDICATES TRACE AMOUNT.

$$
