000
CXUS53 KDDC 011734
CLMP28


CLIMATE REPORT
NATIONAL WEATHER SERVICE DODGE CITY KS
1228 PM CDT MON MAY 1 2017

...................................

...THE MEDICINE LODGE KS CLIMATE SUMMARY FOR THE MONTH OF APRIL 2017...

CLIMATE NORMAL PERIOD 1981 TO 2010
CLIMATE RECORD PERIOD 1893 TO 2017

WEATHER         OBSERVED          NORMAL  DEPART  LAST YEAR`S
                 VALUE   DATE(S)  VALUE   FROM    VALUE  DATE(S)
                                          NORMAL
................................................................
TEMPERATURE (F)
RECORD
 HIGH             100   04/13/2006
                        04/29/1910
 LOW               14   04/03/1975
HIGHEST            87   04/09        MM      MM       89  04/10
                                                          04/05
LOWEST             30   04/06        MM      MM       25  04/02
AVG. MAXIMUM     69.5              68.5     1.0     73.1
AVG. MINIMUM     46.1              43.8     2.3     45.6
MEAN             57.8              56.1     1.7     59.3
DAYS MAX >= 90      0               0.5    -0.5        0
DAYS MAX <= 32      0               0.0     0.0        0
DAYS MIN <= 32      2               3.2    -1.2        2
DAYS MIN <= 0       0               0.0     0.0        0

PRECIPITATION (INCHES)
RECORD
 MAXIMUM         1.67   1947
 MINIMUM            0   1893
TOTALS           4.22              2.43    1.79     4.94
DAYS >= .01        14               8.3     5.7        8
DAYS >= .10         7               4.3     2.7        7
DAYS >= .50         4               2.1     1.9        4
DAYS >= 1.00        1               0.7     0.3        1
GREATEST
 24 HR. TOTAL    1.33   04/29 TO 04/29           04/16 TO 04/17
                                                          04/30 TO 04/30
                                                          04/30 TO 04/30

DEGREE_DAYS
HEATING TOTAL     229               288     -59      192
 SINCE 7/1       3674              4385    -711     3492
COOLING TOTAL      28                22       6       26
 SINCE 1/1         40                24      16       36
.................................................

WIND (MPH)
AVERAGE WIND SPEED              11.5
HIGHEST WIND SPEED/DIRECTION    37/070    DATE  04/21
HIGHEST GUST SPEED/DIRECTION    52/030    DATE  04/29



-  INDICATES NEGATIVE NUMBERS.
R  INDICATES RECORD WAS SET OR TIED.
MM INDICATES DATA IS MISSING.
T  INDICATES TRACE AMOUNT.

$$
