000
CXUS53 KDDC 231415
CLMP28

CLIMATE REPORT...CORRECTED PRECIPITATION
NATIONAL WEATHER SERVICE DODGE CITY KS
932 AM CST THU JAN 1 2015

...................................

...THE MEDICINE LODGE KS CLIMATE SUMMARY FOR THE MONTH OF DECEMBER 2014...

CLIMATE NORMAL PERIOD 1981 TO 2010
CLIMATE RECORD PERIOD 1893 TO 2014

WEATHER         OBSERVED          NORMAL  DEPART  LAST YEAR`S
                 VALUE   DATE(S)  VALUE   FROM    VALUE  DATE(S)
                                          NORMAL
................................................................
TEMPERATURE (F)
RECORD
 HIGH              85   12/24/1955
 LOW              -18   12/23/1989
HIGHEST            61   12/14        MM      MM       69  12/18
                        12/08                             12/16
LOWEST              7   12/31        MM      MM        1  12/23
AVG. MAXIMUM     44.6              46.2    -1.6     43.8
AVG. MINIMUM     29.5              23.1     6.4     17.4
MEAN             37.1              34.7     2.4     30.6
DAYS MAX >= 90      0               0.0     0.0        0
DAYS MAX <= 32      3               4.4    -1.4       10
DAYS MIN <= 32     17              26.8    -9.8       31
DAYS MIN <= 0       0               0.1    -0.1        0

PRECIPITATION (INCHES)
RECORD
 MAXIMUM         3.15   2011
 MINIMUM         0.14   2010
TOTALS           1.32              0.92    0.40     0.51
DAYS >= .01         8               4.5     3.5        3
DAYS >= .10         3               2.1     0.9        1
DAYS >= .50         0               0.5    -0.5        0
DAYS >= 1.00        0               0.2    -0.2        0
GREATEST
 24 HR. TOTAL    0.82   12/04 TO 12/05           12/21 TO 12/22

DEGREE_DAYS
HEATING TOTAL     859               941     -82     1060
 SINCE 7/1       1764              1799     -35     1998
COOLING TOTAL       0                 0       0        0
 SINCE 1/1       1802              1770      32     1786
..................................................

WIND (MPH)
AVERAGE WIND SPEED              8.6
HIGHEST WIND SPEED/DIRECTION    30/320    DATE  12/15
HIGHEST GUST SPEED/DIRECTION    41/320    DATE  12/15



-  INDICATES NEGATIVE NUMBERS.
R  INDICATES RECORD WAS SET OR TIED.
MM INDICATES DATA IS MISSING.
T  INDICATES TRACE AMOUNT.

$$
