000
CXUS53 KDDC 032022
CLMP28


CLIMATE REPORT
NATIONAL WEATHER SERVICE DODGE CITY KS
317 PM CDT MON JUL 3 2017

...................................

...THE MEDICINE LODGE KS CLIMATE SUMMARY FOR THE MONTH OF JUNE 2017...

CLIMATE NORMAL PERIOD 1981 TO 2010
CLIMATE RECORD PERIOD 1893 TO 2017

WEATHER         OBSERVED          NORMAL  DEPART  LAST YEAR`S
                 VALUE   DATE(S)  VALUE   FROM    VALUE  DATE(S)
                                          NORMAL
................................................................
TEMPERATURE (F)
RECORD
 HIGH             113   06/25/1911
 LOW               39   06/13/1903
HIGHEST            99   06/17        MM      MM      104  06/15
LOWEST             56   06/19        MM      MM       53  06/06
                                                          06/05
AVG. MAXIMUM     90.0              88.7     1.3     93.4
AVG. MINIMUM     64.2              64.6    -0.4     66.6
MEAN             77.1              76.6     0.5     80.0
DAYS MAX >= 90     15              13.4     1.6       23
DAYS MAX <= 32      0               0.0     0.0        0
DAYS MIN <= 32      0               0.0     0.0        0
DAYS MIN <= 0       0               0.0     0.0        0

PRECIPITATION (INCHES)
RECORD
 MAXIMUM         9.63   1915
 MINIMUM         0.14   1911
TOTALS           1.99              4.11   -2.12     1.90
DAYS >= .01        11               9.4     1.6        6
DAYS >= .10         6               6.2    -0.2        2
DAYS >= .50         1               3.6    -2.6        1
DAYS >= 1.00        0               1.3    -1.3        1
GREATEST
 24 HR. TOTAL    0.74   06/14 TO 06/14           06/18 TO 06/18

DEGREE_DAYS
HEATING TOTAL       0                 3      -3        0
 SINCE 7/1       3711              4458    -747     3601
COOLING TOTAL     372               353      19      459
 SINCE 1/1        470               509     -39      596
.................................................

WIND (MPH)
AVERAGE WIND SPEED              9.0
HIGHEST WIND SPEED/DIRECTION    44/220    DATE  06/15
HIGHEST GUST SPEED/DIRECTION    61/280    DATE  06/14



-  INDICATES NEGATIVE NUMBERS.
R  INDICATES RECORD WAS SET OR TIED.
MM INDICATES DATA IS MISSING.
T  INDICATES TRACE AMOUNT.

$$
