000
CXUS53 KPAH 011156
CLMPAH

SDFCLMPAA 000
TTAA00 KPAH 011148


CLIMATE REPORT
NATIONAL WEATHER SERVICE PADUCAH KY
646 AM CDT THU JUN 1 2017

...................................

...THE PADUCAH ASOS CLIMATE SUMMARY FOR THE MONTH OF MAY 2017...

CLIMATE NORMAL PERIOD 1981 TO 2010
CLIMATE RECORD PERIOD 1937 TO 2017

WEATHER         OBSERVED          NORMAL  DEPART  LAST YEAR`S
                 VALUE   DATE(S)  VALUE   FROM    VALUE  DATE(S)
                                          NORMAL
................................................................
TEMPERATURE (F)
RECORD
 HIGH              96   05/26/1953
                        05/26/1944
                        05/22/1941
 LOW               32   05/07/1944
HIGHEST            87   05/31        77      10       90  05/30
                        05/30
                        05/26
LOWEST             43   05/07        56     -13       40  05/15
AVG. MAXIMUM     78.6              78.0     0.6     76.4
AVG. MINIMUM     57.3              56.3     1.0     54.6
MEAN             67.9              67.2     0.7     65.5
DAYS MAX >= 90      0               0.7    -0.7        1
DAYS MAX <= 32      0               0.0     0.0        0
DAYS MIN <= 32      0               0.0     0.0        0
DAYS MIN <= 0       0               0.0     0.0        0

PRECIPITATION (INCHES)
RECORD
 MAXIMUM         9.87   1957
 MINIMUM         0.39   2012
TOTALS           4.95              4.94    0.01     5.27
DAILY AVG.       0.16              0.16    0.00     0.17
DAYS >= .01        10              11.3    -1.3       11
DAYS >= .10         5               7.9    -2.9        8
DAYS >= .50         5               3.2     1.8        4
DAYS >= 1.00        3               1.5     1.5        3
GREATEST
 24 HR. TOTAL    2.77   04/30 TO 05/01
                        05/01 TO 05/02
                        05/02 TO 05/03
 STORM TOTAL       MM
 (MM/DD(HH))            MM

DEGREE_DAYS
COOLING TOTAL     155               130      25      114
 SINCE 1/1        231               172      59      150

FREEZE DATES
RECORD
 EARLIEST     10/01/1984
 LATEST       04/28/1992
EARLIEST                        10/26
LATEST                          04/04
.................................................................

WIND (MPH)
AVERAGE WIND SPEED              7.4
HIGHEST WIND SPEED/DIRECTION    30/300    DATE  05/27
HIGHEST GUST SPEED/DIRECTION    42/280    DATE  05/27

SKY COVER
POSSIBLE SUNSHINE (PERCENT)   MM
AVERAGE SKY COVER           0.30
NUMBER OF DAYS FAIR           20
NUMBER OF DAYS PC              9
NUMBER OF DAYS CLOUDY          2

AVERAGE RH (PERCENT)     65

WEATHER CONDITIONS. NUMBER OF DAYS WITH
THUNDERSTORM              0     MIXED PRECIP               0
HEAVY RAIN                4     RAIN                       6
LIGHT RAIN               11     FREEZING RAIN              0
LT FREEZING RAIN          0     HAIL                       0
HEAVY SNOW                0     SNOW                       0
LIGHT SNOW                0     SLEET                      0
FOG                      11     FOG W/VIS <= 1/4 MILE      0
HAZE                      4

-  INDICATES NEGATIVE NUMBERS.
R  INDICATES RECORD WAS SET OR TIED.
MM INDICATES DATA IS MISSING.
T  INDICATES TRACE AMOUNT.

$$
