000
CXUS53 KPAH 010703
CLMPAH

CLIMATE REPORT
NATIONAL WEATHER SERVICE PADUCAH KY
202 AM CDT TUE JUL 1 2014

...................................

...THE PADUCAH ASOS CLIMATE SUMMARY FOR THE MONTH OF JUNE 2014...

CLIMATE NORMAL PERIOD 1981 TO 2010
CLIMATE RECORD PERIOD 1937 TO 2014

WEATHER         OBSERVED          NORMAL  DEPART  LAST YEAR`S
                 VALUE   DATE(S)  VALUE   FROM    VALUE  DATE(S)
                                          NORMAL
................................................................
TEMPERATURE (F)
RECORD
 HIGH             108   06/29/2012
 LOW               44   06/01/1993
HIGHEST            94   06/20        86       8       94  06/27
LOWEST             53   06/14        65     -12       52  06/04
AVG. MAXIMUM     86.7              86.2     0.5     85.6
AVG. MINIMUM     69.9              64.9     5.0     64.9
MEAN             78.3              75.6     2.7     75.3
DAYS MAX >= 90     11               9.1     1.9        9
DAYS MAX <= 32      0               0.0     0.0        0
DAYS MIN <= 32      0               0.0     0.0        0
DAYS MIN <= 0       0               0.0     0.0        0

PRECIPITATION (INCHES)
RECORD
 MAXIMUM        10.98   1998
 MINIMUM         0.41   1988
TOTALS           6.69              4.06    2.63     9.11
DAILY AVG.       0.22              0.14    0.08     0.30
DAYS >= .01        16               9.1     6.9       11
DAYS >= .10        11               6.4     4.6        7
DAYS >= .50         4               2.7     1.3        4
DAYS >= 1.00        1               1.0     0.0        2
GREATEST
 24 HR. TOTAL    2.75   06/04 TO 06/04
 STORM TOTAL       MM
 (MM/DD(HH))            MM

DEGREE_DAYS
COOLING TOTAL     405               320      85      317
 SINCE 1/1        683               492     191      495

FREEZE DATES
RECORD
 EARLIEST     10/01/1984
 LATEST       04/28/1992
EARLIEST      10/24             10/26
LATEST        04/16             04/04
.................................................................

WIND (MPH)
AVERAGE WIND SPEED              6.2
HIGHEST WIND SPEED/DIRECTION    28/280    DATE  06/20
HIGHEST GUST SPEED/DIRECTION    37/270    DATE  06/20

SKY COVER
POSSIBLE SUNSHINE (PERCENT)   MM
AVERAGE SKY COVER           0.40
NUMBER OF DAYS FAIR           16
NUMBER OF DAYS PC             11
NUMBER OF DAYS CLOUDY          3

AVERAGE RH (PERCENT)     72

WEATHER CONDITIONS. NUMBER OF DAYS WITH
THUNDERSTORM              0     MIXED PRECIP               0
HEAVY RAIN               11     RAIN                       8
LIGHT RAIN               17     FREEZING RAIN              0
LT FREEZING RAIN          0     HAIL                       0
HEAVY SNOW                0     SNOW                       0
LIGHT SNOW                0     SLEET                      0
FOG                      17     FOG W/VIS <= 1/4 MILE      2
HAZE                      8

-  INDICATES NEGATIVE NUMBERS.
R  INDICATES RECORD WAS SET OR TIED.
MM INDICATES DATA IS MISSING.
T  INDICATES TRACE AMOUNT.

$$
