000
CXUS54 KLZK 021337
CLMPBF


CLIMATE REPORT
NATIONAL WEATHER SERVICE LITTLE ROCK AR
832 AM CDT THU OCT 2 2014

...................................

...THE PINE BLUFF CLIMATE SUMMARY FOR THE MONTH OF SEPTEMBER 2014...

CLIMATE NORMAL PERIOD 1981 TO 2010
CLIMATE RECORD PERIOD 1883 TO 2014

WEATHER         OBSERVED          NORMAL  DEPART  LAST YEAR`S
                 VALUE   DATE(S)  VALUE   FROM    VALUE  DATE(S)
                                          NORMAL
................................................................
TEMPERATURE (F)
RECORD
 HIGH             110   09/06/1925
                        09/05/1925
 LOW               38   09/29/1967
HIGHEST            95   09/05        85      10      101  09/01
LOWEST             51   09/24        64     -13       50  09/15
AVG. MAXIMUM     86.0              85.6     0.4     90.2
AVG. MINIMUM     63.5              62.7     0.8     65.3
MEAN             74.7              74.1     0.6     77.7
DAYS MAX >= 90      9               8.7     0.3       18
DAYS MAX <= 32      0               0.0     0.0        0
DAYS MIN <= 32      0               0.0     0.0        0
DAYS MIN <= 0       0               0.0     0.0        0

PRECIPITATION (INCHES)
RECORD
 MAXIMUM        15.44   1913
 MINIMUM         0.11   2001
TOTALS           0.79              2.69   -1.90     4.48
DAILY AVG.       0.03              0.09   -0.06     0.15
DAYS >= .01         5               7.4    -2.4        4
DAYS >= .10         1                                  2
DAYS >= .50         1                                  1
DAYS >= 1.00        0               0.9    -0.9        1
GREATEST
 24 HR. TOTAL    0.69   09/11 TO 09/12

SNOWFALL (INCHES)
TOTALS            0.0               0.0     0.0      0.0
 LIQUID EQUIV    0.00              0.00    0.00     0.00
SINCE 7/1         0.0               0.0     0.0      0.0
 LIQUID 7/1      0.00              0.00    0.00     0.00
SNOWDEPTH AVG.      0
DAYS >= TRACE       0               0.0     0.0        0
DAYS >= 1.0         0                                  0
GREATEST
 SNOW DEPTH         0   MM
 24 HR TOTAL      0.0

DEGREE_DAYS
HEATING TOTAL       3                11      -8        0
 SINCE 7/1          4                11      -7        0
COOLING TOTAL     305               286      19      388
 SINCE 1/1       1806              2044    -238     2052

FREEZE DATES
RECORD
 EARLIEST     10/10/2000
 LATEST       04/25/1910
EARLIEST                        11/12
LATEST                          03/16
..................................................

WIND (MPH)
AVERAGE WIND SPEED              5.1
HIGHEST WIND SPEED/DIRECTION    21/010    DATE  09/13
HIGHEST GUST SPEED/DIRECTION    32/010    DATE  09/13

SKY COVER
POSSIBLE SUNSHINE (PERCENT)   MM
AVERAGE SKY COVER           0.20
NUMBER OF DAYS FAIR           25
NUMBER OF DAYS PC              4
NUMBER OF DAYS CLOUDY          1

AVERAGE RH (PERCENT)     72

WEATHER CONDITIONS. NUMBER OF DAYS WITH
THUNDERSTORM              0     MIXED PRECIP               0
HEAVY RAIN                2     RAIN                       1
LIGHT RAIN                8     FREEZING RAIN              0
LT FREEZING RAIN          0     HAIL                       0
HEAVY SNOW                0     SNOW                       0
LIGHT SNOW                0     SLEET                      0
FOG                      16     FOG W/VIS <= 1/4 MILE      2
HAZE                      4

-  INDICATES NEGATIVE NUMBERS.
R  INDICATES RECORD WAS SET OR TIED.
MM INDICATES DATA IS MISSING.
T  INDICATES TRACE AMOUNT.

&&

...DATA FOR PINE BLUFF FOR SEPTEMBER 2014...

.SUMMARY...
AT PINE BLUFF...SEPTEMBER WAS ABOVE THE 30-YEAR AVERAGE IN TERMS OF
TEMPERATURES...ALBEIT ONLY 0.6 DEGREES.

THE COOLEST PERIOD WAS DURING THE MIDDLE OF THE MONTH...ROUGHLY FROM
THE 11TH THROUGH 15TH...WHEN AVERAGE TEMPERATURES WERE AS MUCH AS 10 TO
12 DEGREES BELOW NORMAL. THE HOTTEST TEMPERATURES WERE AT THE
BEGINNING OF THE MONTH...WITH HIGHS IN THE 90S MUCH OF THE FIRST TEN
DAYS. THIS WAS THE FIRST SEPTEMBER SINCE 2012 WITHOUT TRIPLE-DIGIT
TEMPERATURES.

RAINFALL WAS WELL BELOW THE 30-YEAR AVERAGE...MAKING IT THE DRIEST
SEPTEMBER IN TEN YEARS.

.MONTHLY TEMPERATURES...
THE AVERAGE HIGH...LOW...AND MONTHLY TEMPERATURES WERE THE COOLEST
SINCE 2011.

.DAILY AVERAGE TEMPERATURES...

ABOVE NORMAL ON 20 DAYS...NORMAL ON THREE DAYS...AND BELOW NORMAL ON
SEVEN DAYS.

.NUMBER OF DAYS WITH TEMPERATURES...

AT OR ABOVE 100....0...LEAST SINCE 2012
AT OR ABOVE  90....9...LEAST SINCE 2012
AT OR BELOW  60...12...MOST SINCE 2012

.DAILY TEMPERATURE RECORDS TIED OR BROKEN DURING THE MONTH...

DATE  RECORD TYPE              NEW RECORD     PREVIOUS RECORD
12TH  LOWEST HIGH TEMPERATURE  67 IN 2014    70 IN 1902...1894

.RAINFALL...

IT WAS THE DRIEST SEPTEMBER SINCE 2004...AND THE 13TH DRIEST ON
RECORD.

.DAILY RAINFALL RECORDS TIED OR BROKEN DURING THE MONTH...

NONE.

$$

57
