000
CXUS54 KLZK 020012
CLMPBF


CLIMATE REPORT
NATIONAL WEATHER SERVICE LITTLE ROCK AR
607 PM CST WED FEB 1 2017

...................................

...THE PINE BLUFF CLIMATE SUMMARY FOR THE MONTH OF JANUARY 2017...

CLIMATE NORMAL PERIOD 1981 TO 2010
CLIMATE RECORD PERIOD 1883 TO 2017

WEATHER         OBSERVED          NORMAL  DEPART  LAST YEAR`S
                 VALUE   DATE(S)  VALUE   FROM    VALUE  DATE(S)
                                          NORMAL
................................................................
TEMPERATURE (F)
RECORD
 HIGH              83   01/11/1928
 LOW               -6   01/13/1918
                        01/12/1918
HIGHEST            76   01/12        50      26       75  01/31
LOWEST             14   01/07        32     -18       23  01/18
                                                          01/11
AVG. MAXIMUM     56.9              51.7     5.2     51.4
AVG. MINIMUM     40.6              32.9     7.7     33.1
MEAN             48.7              42.3     6.4     42.3
DAYS MAX >= 90      0               0.0     0.0        0
DAYS MAX <= 32      2               1.4     0.6        0
DAYS MIN <= 32      8              15.3    -7.3       19
DAYS MIN <= 0       0               0.0     0.0        0

PRECIPITATION (INCHES)
RECORD
 MAXIMUM        15.50   1937
 MINIMUM         0.19   2003
TOTALS           2.87              3.76   -0.89     1.93
DAILY AVG.       0.09              0.12   -0.03     0.06
DAYS >= .01         9               9.8    -0.8        6
DAYS >= .10         7                                  5
DAYS >= .50         3                                  2
DAYS >= 1.00        0               1.1    -1.1        0
GREATEST
 24 HR. TOTAL    0.81   01/21 TO 01/22

SNOWFALL (INCHES)
RECORDS
 TOTAL           20.5   1966
 24 HR TOTAL     12.0   01/28/1966 TO 01/28/1966
 SNOW DEPTH        12   01/28/1966
TOTALS            1.5               2.3    -0.8      3.6
 LIQUID EQUIV    0.15              0.10    0.05     0.36
SINCE 7/1         1.5               2.5    -1.0      3.6
 LIQUID 7/1      0.15              0.20   -0.05     0.36
SNOWDEPTH AVG.      0
DAYS >= TRACE       1               0.3     0.7        3
DAYS >= 1.0         1                                  1
GREATEST
 SNOW DEPTH         1   01/07
                        01/06
 24 HR TOTAL      1.5   01/06 TO 01/06

DEGREE_DAYS
HEATING TOTAL     501               705    -204      701
 SINCE 7/1       1409              1858    -449     1443
COOLING TOTAL       5                 1       4        2
 SINCE 1/1          5                 0       5        2

FREEZE DATES
RECORD
 EARLIEST     10/10/2000
 LATEST       04/25/1910
EARLIEST                        11/12
LATEST                          03/16
...................................................

WIND (MPH)
AVERAGE WIND SPEED              8.7
HIGHEST WIND SPEED/DIRECTION    33/240    DATE  01/16
HIGHEST GUST SPEED/DIRECTION    47/170    DATE  01/16

SKY COVER
POSSIBLE SUNSHINE (PERCENT)   MM
AVERAGE SKY COVER           0.50
NUMBER OF DAYS FAIR           12
NUMBER OF DAYS PC              5
NUMBER OF DAYS CLOUDY         14

AVERAGE RH (PERCENT)     75

WEATHER CONDITIONS. NUMBER OF DAYS WITH
THUNDERSTORM              0     MIXED PRECIP               0
HEAVY RAIN                5     RAIN                       6
LIGHT RAIN               12     FREEZING RAIN              0
LT FREEZING RAIN          0     HAIL                       0
HEAVY SNOW                0     SNOW                       1
LIGHT SNOW                1     SLEET                      0
FOG                      16     FOG W/VIS <= 1/4 MILE      6
HAZE                      0

-  INDICATES NEGATIVE NUMBERS.
R  INDICATES RECORD WAS SET OR TIED.
MM INDICATES DATA IS MISSING.
T  INDICATES TRACE AMOUNT.

&&

...DATA FOR PINE BLUFF FOR JANUARY 2017...

.SUMMARY...
DESPITE VERY COLD WEATHER IN THE FIRST WEEK OF THE MONTH...JANUARY
ENDED UP ALMOST SIX AND A HALF DEGREES ABOVE THE 30-YEAR AVERAGE.
ANOMALOUSLY WARM WEATHER RETURNED TO THE AREA...WITH DAILY
TEMPERATURES AS MUCH AS 10 TO AROUND 25 DEGREES ABOVE AVERAGE AT
TIMES...ESPECIALLY AT THE END OF THE SECOND WEEK AND END OF THE
THIRD.

RAINFALL AND SNOWFALL WERE BELOW AVERAGE.

.MONTHLY TEMPERATURES...
THE AVERAGE HIGH TEMPERATURE WAS THE WARMEST SINCE 2012. THE AVERAGE
LOW TEMPERATURE WAS THE WARMEST SINCE 1990...AND TIED 1990 FOR THE
5TH WARMEST ON RECORD. THE AVERAGE MONTHLY TEMPERATURE WAS THE
WARMEST SINCE 1990.

.DAILY TEMPERATURES...
DAILY TEMPERATURES WERE BELOW AVERAGE ON SEVEN DAYS...AND ABOVE
AVERAGE ON 24 DAYS.

.DAILY TEMPERATURE RECORDS TIED OR BROKEN DURING THE MONTH...
NONE.

.MONTHLY RAINFALL...
EVEN WITH RAINFALL NEARLY AN INCH BELOW AVERAGE...IT WAS THE WETTEST
JANUARY SINCE 2015.

.DAILY RAINFALL RECORDS TIED OR BROKEN...
NONE.

.MONTHLY SNOWFALL...
SNOWFALL WAS THE LEAST SINCE 2015...WAS BELOW AVERAGE FOR THE FIRST
TIME SINCE 2015.

.DAILY SNOWFALL RECORDS TIED OR BROKEN...
NONE.

$$

57
