764
CXUS54 KLZK 020009
CLMPBF


CLIMATE REPORT
NATIONAL WEATHER SERVICE LITTLE ROCK AR
703 PM CDT THU SEP 1 2016

...................................

...THE PINE BLUFF CLIMATE SUMMARY FOR THE MONTH OF AUGUST 2016...

CLIMATE NORMAL PERIOD 1981 TO 2010
CLIMATE RECORD PERIOD 1883 TO 2016

WEATHER         OBSERVED          NORMAL  DEPART  LAST YEAR`S
                 VALUE   DATE(S)  VALUE   FROM    VALUE  DATE(S)
                                          NORMAL
................................................................
TEMPERATURE (F)
RECORD
 HIGH             112   08/15/1943
 LOW               52   08/14/2004
                        08/29/1906
HIGHEST            99   08/05        92       7      100  08/07
LOWEST             69   08/22        71      -2       57  08/28
AVG. MAXIMUM     90.1              91.8    -1.7     91.6
AVG. MINIMUM     73.4              70.5     2.9     68.7
MEAN             81.8              81.1     0.7     80.2
DAYS MAX >= 90     20              20.2    -0.2       20
DAYS MAX <= 32      0               0.0     0.0        0
DAYS MIN <= 32      0               0.0     0.0        0
DAYS MIN <= 0       0               0.0     0.0        0

PRECIPITATION (INCHES)
RECORD
 MAXIMUM        10.70   2012
 MINIMUM         0.00   1886
TOTALS           7.06              2.48    4.58     1.96
DAILY AVG.       0.23              0.08    0.15     0.06
DAYS >= .01        13               6.6     6.4        7
DAYS >= .10         9                                  3
DAYS >= .50         2                                  1
DAYS >= 1.00        2               0.8     1.2        1
GREATEST
 24 HR. TOTAL    2.34   08/16 TO 08/16

SNOWFALL (INCHES)
TOTALS            0.0               0.0     0.0      0.0
 LIQUID EQUIV    0.00              0.00    0.00     0.00
SINCE 7/1         0.0               0.0     0.0      0.0
 LIQUID 7/1      0.00              0.00    0.00     0.00
SNOWDEPTH AVG.      0
DAYS >= TRACE       0               0.0     0.0        0
DAYS >= 1.0         0                                  0
GREATEST
 SNOW DEPTH         0   MM
 24 HR TOTAL      0.0

DEGREE_DAYS
HEATING TOTAL       0                 0       0        0
 SINCE 7/1          0                 0       0        0
COOLING TOTAL     529               501      28      478
 SINCE 1/1       1808              1758      50     1847

FREEZE DATES
RECORD
 EARLIEST     10/10/2000
 LATEST       04/25/1910
EARLIEST                        11/12
LATEST                          03/16
..........................................................

WIND (MPH)
AVERAGE WIND SPEED              4.5
HIGHEST WIND SPEED/DIRECTION    31/020    DATE  08/29
HIGHEST GUST SPEED/DIRECTION    45/030    DATE  08/29

SKY COVER
POSSIBLE SUNSHINE (PERCENT)   MM
AVERAGE SKY COVER           0.30
NUMBER OF DAYS FAIR           18
NUMBER OF DAYS PC             10
NUMBER OF DAYS CLOUDY          3

AVERAGE RH (PERCENT)     79

WEATHER CONDITIONS. NUMBER OF DAYS WITH
THUNDERSTORM              0     MIXED PRECIP               0
HEAVY RAIN                7     RAIN                       9
LIGHT RAIN               14     FREEZING RAIN              0
LT FREEZING RAIN          0     HAIL                       0
HEAVY SNOW                0     SNOW                       0
LIGHT SNOW                0     SLEET                      0
FOG                      24     FOG W/VIS <= 1/4 MILE      3
HAZE                      3

-  INDICATES NEGATIVE NUMBERS.
R  INDICATES RECORD WAS SET OR TIED.
MM INDICATES DATA IS MISSING.
T  INDICATES TRACE AMOUNT.

&&

...DATA FOR PINE BLUFF FOR AUGUST 2016...

.SUMMARY...
THE MEAN TEMPERATURE FOR THE MONTH OF AUGUST WAS CLOSE TO THE 30-YEAR AVERAGE.
RAINFALL WAS WELL ABOVE AVERAGE. IT WAS THE WETTEST AUGUST IN FOUR YEARS...
AND ONE OF THE WETTEST EVER RECORDED.

.MONTHLY TEMPERATURES...
THE AVERAGE HIGH TEMPERATURE WAS THE COOLEST SINCE 2014. THE AVERAGE LOW WAS
THE WARMEST SINCE 2010. THE AVERAGE TEMPERATURE WAS THE WARMEST SINCE 2011.

.DAILY TEMPERATURES...
AVERAGE ON TWO DAYS...ABOVE AVERAGE ON 18 DAYS...AND BELOW AVERAGE ON 11 DAYS.

.TEMPERATURE RECORDS TIED OR BROKEN DURING THE MONTH...
NONE.

.MONTHLY RAINFALL...
IT WAS THE WETTEST AUGUST SINCE 2012...AND THE 4TH WETTEST AUGUST ON RECORD.

.DAILY RAINFALL RECORDS TIED OR BROKEN...
NONE.

$$

57
