000
CXUS54 KLZK 012329
CLMPBF


CLIMATE REPORT
NATIONAL WEATHER SERVICE LITTLE ROCK AR
517 PM CST SUN JAN 1 2017

...................................

...THE PINE BLUFF CLIMATE SUMMARY FOR THE MONTH OF DECEMBER 2016...

CLIMATE NORMAL PERIOD 1981 TO 2010
CLIMATE RECORD PERIOD 1883 TO 2016

WEATHER         OBSERVED          NORMAL  DEPART  LAST YEAR`S
                 VALUE   DATE(S)  VALUE   FROM    VALUE  DATE(S)
                                          NORMAL
................................................................
TEMPERATURE (F)
RECORD
 HIGH              84   12/07/1939
 LOW               -2   12/24/1963
HIGHEST            77   12/26        54      23       79  12/26
LOWEST             18   12/19        34     -16       29  12/19
AVG. MAXIMUM     53.8              53.3     0.5     62.3
AVG. MINIMUM     36.5              34.9     1.6     41.9
MEAN             45.2              44.1     1.1     52.1
DAYS MAX >= 90      0               0.0     0.0        0
DAYS MAX <= 32      1               1.1    -0.1        0
DAYS MIN <= 32     11              12.4    -1.4        5
DAYS MIN <= 0       0               0.0     0.0        0

PRECIPITATION (INCHES)
RECORD
 MAXIMUM        15.02   1982
 MINIMUM         0.57   1896
TOTALS           4.58              5.44   -0.86     5.34
DAILY AVG.       0.15              0.18   -0.03     0.17
DAYS >= .01        13               8.9     4.1        9
DAYS >= .10         7                                  7
DAYS >= .50         3                                  4
DAYS >= 1.00        2               1.6     0.4        2
GREATEST
 24 HR. TOTAL    2.01   12/23 TO 12/24

SNOWFALL (INCHES)
RECORDS
 TOTAL           12.2   1963
 24 HR TOTAL     12.0   12/22/1963 TO 12/22/1963
 SNOW DEPTH        12   12/23/1963
TOTALS            0.0               0.2    -0.2      0.0
 LIQUID EQUIV    0.00              0.00    0.00     0.00
SINCE 7/1         0.0               0.2    -0.2      0.0
 LIQUID 7/1      0.00              0.00    0.00     0.00
SNOWDEPTH AVG.      0
DAYS >= TRACE       0               0.1    -0.1        0
DAYS >= 1.0         0                                  0
GREATEST
 SNOW DEPTH         0   MM
 24 HR TOTAL      0.0

DEGREE_DAYS
HEATING TOTAL     611               649     -38      403
 SINCE 7/1        908              1153    -245      742
COOLING TOTAL       5                 1       4       10
 SINCE 1/1       2333              2132     201     2297

FREEZE DATES
RECORD
 EARLIEST     10/10/2000
 LATEST       04/25/1910
EARLIEST                        11/12
LATEST                          03/16
..................................................

WIND (MPH)
AVERAGE WIND SPEED              8.1
HIGHEST WIND SPEED/DIRECTION    30/330    DATE  12/17
HIGHEST GUST SPEED/DIRECTION    40/330    DATE  12/17

SKY COVER
POSSIBLE SUNSHINE (PERCENT)   MM
AVERAGE SKY COVER           0.50
NUMBER OF DAYS FAIR           12
NUMBER OF DAYS PC              7
NUMBER OF DAYS CLOUDY         12

AVERAGE RH (PERCENT)     74

WEATHER CONDITIONS. NUMBER OF DAYS WITH
THUNDERSTORM              0     MIXED PRECIP               0
HEAVY RAIN                5     RAIN                       8
LIGHT RAIN               14     FREEZING RAIN              0
LT FREEZING RAIN          0     HAIL                       0
HEAVY SNOW                0     SNOW                       0
LIGHT SNOW                1     SLEET                      0
FOG                      17     FOG W/VIS <= 1/4 MILE      3
HAZE                      1

-  INDICATES NEGATIVE NUMBERS.
R  INDICATES RECORD WAS SET OR TIED.
MM INDICATES DATA IS MISSING.
T  INDICATES TRACE AMOUNT.

&&

...DATA FOR PINE BLUFF FOR DECEMBER 2016...

.SUMMARY...
AS FAR AS TEMPERATURES GO...ON THE WHOLE...DECEMBER WAS ABOVE
AVERAGE AT PINE BLUFF. HOWEVER...THIS PARTICULAR DECEMBER HAD SOME
SIGNIFICANT TEMPERATURE SWINGS. MUCH OF THE FIRST TWENTY DAYS OF THE
MONTH WERE SIGNIFICANTLY BELOW AVERAGE...WITH DAILY TEMPERATURES AS
COLD AS AROUND 15-20 DEGREES BELOW AVERAGE DURING PORTIONS OF THE
SECOND AND THIRD WEEKS. A STRONG ARCTIC FRONT MOVED THROUGH ON THE
17TH...DROPPING TEMPERATURES OVER 50 DEGREES IN LESS THAN 24 HOURS.

RAINFALL WAS SLIGHTLY BELOW AVERAGE FOR THE MONTH.

.MONTHLY TEMPERATURES...
THE AVERAGE HIGH TEMPERATURE WAS THE COOLEST SINCE 2014. THE AVERAGE LOW
TEMPERATURE WAS THE COOLEST SINCE 2013. THE AVERAGE MONTHLY TEMPERATURE
WAS THE COOLEST SINCE 2013.

.DAILY TEMPERATURES...
DAILY TEMPERATURES WERE ABOVE AVERAGE ON 18 DAYS...BELOW AVERAGE ON
12 DAYS AND AVERAGE ON ONE DAY.

.TEMPERATURE RECORDS TIED OR BROKEN DURING THE MONTH...

DATE  RECORD TYPE              NEW RECORD             PREVIOUS RECORD
26TH  WARMEST LOW TEMPERATURE  63 IN 2016                63 IN 1942

.MONTHLY RAINFALL...
IT WAS THE DRIEST DECEMBER SINCE 2014.

.DAILY RAINFALL RECORDS TIED OR BROKEN...
NONE.

.MONTHLY SNOWFALL...
NO SNOW FELL FOR THE THIRD DECEMBER IN A ROW.

.DAILY SNOWFALL RECORDS TIED OR BROKEN...
NONE.

$$

57
