000
CXUS54 KLZK 042131
CLMPBF


CLIMATE REPORT
NATIONAL WEATHER SERVICE LITTLE ROCK AR
326 PM CST SAT MAR 4 2017

...................................

...THE PINE BLUFF CLIMATE SUMMARY FOR THE MONTH OF FEBRUARY 2017...

CLIMATE NORMAL PERIOD 1981 TO 2010
CLIMATE RECORD PERIOD 1883 TO 2017

WEATHER         OBSERVED          NORMAL  DEPART  LAST YEAR`S
                 VALUE   DATE(S)  VALUE   FROM    VALUE  DATE(S)
                                          NORMAL
................................................................
TEMPERATURE (F)
RECORD
 HIGH              93   02/27/1918
 LOW               -5   02/12/1899
HIGHEST            81   02/28        56      25       75  02/02
                        02/11
                        02/07
LOWEST             29   02/04        36      -7       25  02/05
AVG. MAXIMUM     65.3              55.9     9.4     59.3
AVG. MINIMUM     43.6              36.4     7.2     38.4
MEAN             54.5              46.1     8.4     48.8
DAYS MAX >= 90      0               0.0     0.0        0
DAYS MAX <= 32      0               0.8    -0.8        0
DAYS MIN <= 32      4               9.0    -5.0       10
DAYS MIN <= 0       0               0.0     0.0        0

PRECIPITATION (INCHES)
RECORD
 MAXIMUM        16.69   1939
 MINIMUM         0.64   1999
TOTALS           3.43              4.06   -0.63     4.12
DAILY AVG.       0.12              0.14   -0.02     0.14
DAYS >= .01        11               9.4     1.6        5
DAYS >= .10         6                                  3
DAYS >= .50         3                                  3
DAYS >= 1.00        1               1.5    -0.5        2
GREATEST
 24 HR. TOTAL    1.52   02/20 TO 02/21

SNOWFALL (INCHES)
RECORDS
 TOTAL            9.2   1960
 24 HR TOTAL      7.2   02/24/1960 TO 02/24/1960
 SNOW DEPTH         5   02/26/2015
                        02/10/1980
TOTALS            0.0               0.6    -0.6      0.0
 LIQUID EQUIV    0.00              0.00    0.00     0.00
SINCE 7/1         1.5               3.1    -1.6      3.6
 LIQUID 7/1      0.15              0.30   -0.15     0.36
SNOWDEPTH AVG.      0
DAYS >= TRACE       0               0.5    -0.5        0
DAYS >= 1.0         0                                  0
GREATEST
 SNOW DEPTH         0   MM
 24 HR TOTAL      0.0

DEGREE_DAYS
HEATING TOTAL     302               530    -228      464
 SINCE 7/1       1711              2388    -677     1907
COOLING TOTAL      16                 2      14        2
 SINCE 1/1         21                 3      18        4

FREEZE DATES
RECORD
 EARLIEST     10/10/2000
 LATEST       04/25/1910
EARLIEST                        11/12
LATEST                          03/16
..........................................................

WIND (MPH)
AVERAGE WIND SPEED              9.0
HIGHEST WIND SPEED/DIRECTION    28/220    DATE  02/11
HIGHEST GUST SPEED/DIRECTION    36/220    DATE  02/11

SKY COVER
POSSIBLE SUNSHINE (PERCENT)   MM
AVERAGE SKY COVER           0.50
NUMBER OF DAYS FAIR           10
NUMBER OF DAYS PC             12
NUMBER OF DAYS CLOUDY          6

AVERAGE RH (PERCENT)     70

WEATHER CONDITIONS. NUMBER OF DAYS WITH
THUNDERSTORM              0     MIXED PRECIP               0
HEAVY RAIN                4     RAIN                       5
LIGHT RAIN               12     FREEZING RAIN              0
LT FREEZING RAIN          0     HAIL                       0
HEAVY SNOW                0     SNOW                       0
LIGHT SNOW                2     SLEET                      0
FOG                      15     FOG W/VIS <= 1/4 MILE      6
HAZE                      2

-  INDICATES NEGATIVE NUMBERS.
R  INDICATES RECORD WAS SET OR TIED.
MM INDICATES DATA IS MISSING.
T  INDICATES TRACE AMOUNT.

&&

...Data for Pine Bluff for February 2017...

.Summary...
To say this February was warm was an understatement. The monthly
temperature was over eight degrees above the 30-year average. This
made February 2017 the warmest in 41 years, and the one of
the warmest ever recorded in terms of average temperature. Three
times during the month, highs reached the 80-degree mark, and these
were the first 80-degree readings in February in since 2012, and
the most since 1986. There were a few scant cool periods during the
month, but these were few and far between.

Rainfall was below average. No snow fell.

.Monthly Temperatures...
The average monthly high temperature was the warmest since 1976,
and the 6th warmest on record. The average monthly low temperature
was the warmest since 1976, and the 5th warmest on record. The
average temperature was the warmest since 1976, and the 4th warmest
on record.

.Daily Temperatures...
Daily temperatures were average on one day, below average on five
days, and above average on 22 days.

.Daily Record Temperatures Tied or Broken During the Month...

Date(s)  Record Type                New Record      Previous Record
 7th     High temperature           81 in 2017         76 in 1926
11th     Highest low temperature    64 in 2017         59 in 1922

.Monthly Rainfall...
It was the driest February since 2015.

.Daily Rainfall Records Tied or Broken...
None.

.Monthly Snowfall...
No snow fell for the second February in a row.

.Daily Snowfall Records Tied or Broken...
None.

$$

57
