000
CXUS54 KLZK 011156
CLMPBF


CLIMATE REPORT
NATIONAL WEATHER SERVICE LITTLE ROCK AR
552 AM CST SUN MAR 1 2015

...................................

...THE PINE BLUFF CLIMATE SUMMARY FOR THE MONTH OF FEBRUARY 2015...

CLIMATE NORMAL PERIOD 1981 TO 2010
CLIMATE RECORD PERIOD 1883 TO 2015

WEATHER         OBSERVED          NORMAL  DEPART  LAST YEAR`S
                 VALUE   DATE(S)  VALUE   FROM    VALUE  DATE(S)
                                          NORMAL
................................................................
TEMPERATURE (F)
RECORD
 HIGH              93   02/27/1918
 LOW               -5   02/12/1899
HIGHEST            72   02/14        56      16       76  02/17
LOWEST             20   02/17        36     -16       19  02/27
AVG. MAXIMUM     46.2              55.9    -9.7     49.9
AVG. MINIMUM     28.3              36.4    -8.1     31.9
MEAN             37.3              46.1    -8.8     40.9
DAYS MAX >= 90      0               0.0     0.0        0
DAYS MAX <= 32      4               0.8     3.2        4
DAYS MIN <= 32     20               9.0    11.0       17
DAYS MIN <= 0       0               0.0     0.0        0

PRECIPITATION (INCHES)
RECORD
 MAXIMUM        16.69   1939
 MINIMUM         0.64   1999
TOTALS           3.32              4.06   -0.74     3.74
DAILY AVG.       0.12              0.14   -0.02     0.13
DAYS >= .01         8               9.4    -1.4        9
DAYS >= .10         7                                  4
DAYS >= .50         3                                  2
DAYS >= 1.00        0               1.5    -1.5        2
GREATEST
 24 HR. TOTAL    0.83   02/20 TO 02/21

SNOWFALL (INCHES)
RECORDS
 TOTAL            9.2   1960
 24 HR TOTAL      7.2   02/24/1960 TO 02/24/1960
 SNOW DEPTH         5   02/10/1980
TOTALS            7.1               0.6     6.5      3.2
 LIQUID EQUIV    0.71              0.00    0.71     0.32
SINCE 7/1         7.2               3.1     4.1      3.7
 LIQUID 7/1      0.72              0.30    0.42     0.37
SNOWDEPTH AVG.      0
DAYS >= TRACE       5               0.5     4.5        6
DAYS >= 1.0         2                                  1
GREATEST
 SNOW DEPTH         5   02/26
 24 HR TOTAL      6.0   02/25 TO 02/25

DEGREE_DAYS
HEATING TOTAL     770               530     240      668
 SINCE 7/1       2734              2388     346     2769
COOLING TOTAL       0                 2      -2        0
 SINCE 1/1          0                 3      -3        0

FREEZE DATES
RECORD
 EARLIEST     10/10/2000
 LATEST       04/25/1910
EARLIEST                        11/12
LATEST                          03/16
...................................................

WIND (MPH)
AVERAGE WIND SPEED              9.8
HIGHEST WIND SPEED/DIRECTION    33/340    DATE  02/21
HIGHEST GUST SPEED/DIRECTION    45/340    DATE  02/21

SKY COVER
POSSIBLE SUNSHINE (PERCENT)   MM
AVERAGE SKY COVER           0.40
NUMBER OF DAYS FAIR           14
NUMBER OF DAYS PC              7
NUMBER OF DAYS CLOUDY          7

AVERAGE RH (PERCENT)     68

WEATHER CONDITIONS. NUMBER OF DAYS WITH
THUNDERSTORM              0     MIXED PRECIP               0
HEAVY RAIN                4     RAIN                       4
LIGHT RAIN                7     FREEZING RAIN              3
LT FREEZING RAIN          3     HAIL                       0
HEAVY SNOW                1     SNOW                       1
LIGHT SNOW                3     SLEET                      1
FOG                       9     FOG W/VIS <= 1/4 MILE      1
HAZE                      0

-  INDICATES NEGATIVE NUMBERS.
R  INDICATES RECORD WAS SET OR TIED.
MM INDICATES DATA IS MISSING.
T  INDICATES TRACE AMOUNT.

&&

...DATA FOR PINE BLUFF FOR FEBRUARY 2015...

.SUMMARY...
HIGH TEMPERATURES THE FIRST TWO WEEKS OF FEBRUARY WERE MOSTLY ABOVE
AVERAGE. THE WARMEST PERIODS WERE THE 7TH THROUGH THE 9TH...AND
AGAIN ON THE 14TH. TEMPERATURES REACHED THE LOWER 70S ON THE 14TH
BEFORE DROPPING NEARLY 50 DEGREES IN THE WAKE OF A STRONG FRONTAL
BOUNDARY. TEMPERATURES WERE IN THE LOWER 20S THE NEXT MORNING.

COLDER THAN AVERAGE TEMPERATURES CONTINUED THROUGH THE REMAINDER OF
THE MONTH...MAKING FEBRUARY THE COLDEST IN OVER THREE DECADES.
PRECIPITATION WAS BELOW AVERAGE...AND MOSTLY FELL WITHIN THE LAST
HALF OF THE MONTH. SNOWFALL WAS WELL ABOVE AVERAGE. IN FACT...6.5
INCHES ABOVE AVERAGE.

.MONTHLY TEMPERATURES...

THE AVERAGE HIGH...LOW...AND MONTHLY TEMPERATURES WERE THE COLDEST
SINCE 1978. THE AVERAGE HIGH TEMPERATURE WAS THE 3RD COLDEST ON
RECORD. THE AVERAGE LOW TEMPERATURE WAS THE 6TH COLDEST ON RECORD.
THE AVERAGE MONTHLY TEMPERATURE WAS THE 5TH COLDEST ON RECORD.

.DAILY AVERAGE TEMPERATURES...

ABOVE NORMAL ON SEVEN DAYS...NORMAL ON ONE DAY...AND BELOW NORMAL ON
20 DAYS.

.NUMBER OF DAYS WITH TEMPERATURES...

AT OR ABOVE 70 DEGREES...1 DAYS...FEWEST SINCE 2013
AT OR BELOW FREEZING....19 DAYS...MOST SINCE 1984

.DAILY TEMPERATURE RECORDS TIED OR BROKEN DURING THE MONTH...

DATE  RECORD TYPE                   NEW RECORD       PREVIOUS RECORD
23RD  COLDEST HIGH TEMPERATURE      30 IN 2015          32 IN 1989
27TH  COLDEST HIGH TEMPERATURE      28 IN 2015          31 IN 1934

.RAINFALL...

IT WAS THE DRIEST FEBRUARY SINCE 2012.

.DAILY RAINFALL RECORDS TIED OR BROKEN DURING THE MONTH...

NONE.

.SNOWFALL...

IT WAS THE SNOWIEST FEBRUARY SINCE 1985...AND THE 5TH SNOWIEST ON
RECORD.

.DAILY SNOWFALL RECORDS TIED OR BROKEN DURING THE MONTH...

DATE       NEW RECORD            PREVIOUS RECORD
16TH      1.1 IN 2015              1.0 IN 1903
25TH      6.0 IN 2015              3.4 IN 2003

$$

57
