283
CXUS54 KLZK 012352
CLMPBF


CLIMATE REPORT
NATIONAL WEATHER SERVICE LITTLE ROCK AR
544 PM CST THU DEC 1 2016

...................................

...THE PINE BLUFF CLIMATE SUMMARY FOR THE MONTH OF NOVEMBER 2016...

CLIMATE NORMAL PERIOD 1981 TO 2010
CLIMATE RECORD PERIOD 1883 TO 2016

WEATHER         OBSERVED          NORMAL  DEPART  LAST YEAR`S
                 VALUE   DATE(S)  VALUE   FROM    VALUE  DATE(S)
                                          NORMAL
................................................................
TEMPERATURE (F)
RECORD
 HIGH              87   11/14/1955
                        11/13/1955
                        11/18/1930
 LOW               14   11/29/1976
                        11/19/1903
HIGHEST            85   11/01        63      22       81  11/05
LOWEST             29   11/20        42     -13       28  11/22
AVG. MAXIMUM     68.8              63.6     5.2     65.2
AVG. MINIMUM     43.6              42.7     0.9     46.8
MEAN             56.2              53.1     3.1     56.0
DAYS MAX >= 90      0               0.0     0.0        0
DAYS MAX <= 32      0               0.0     0.0        0
DAYS MIN <= 32      3               3.4    -0.4        2
DAYS MIN <= 0       0               0.0     0.0        0

PRECIPITATION (INCHES)
RECORD
 MAXIMUM        12.18   2004
 MINIMUM         0.02   1910
TOTALS           3.93              4.83   -0.90     7.58
DAILY AVG.       0.13              0.16   -0.03     0.25
DAYS >= .01         5               9.1    -4.1       12
DAYS >= .10         3                                  8
DAYS >= .50         3                                  6
DAYS >= 1.00        2               1.4     0.6        3
GREATEST
 24 HR. TOTAL    2.05   11/28 TO 11/28

SNOWFALL (INCHES)
RECORDS
 TOTAL            5.0   1929
 24 HR TOTAL      5.0   11/22/1929 TO 11/22/1929
 SNOW DEPTH         5   11/22/1929
TOTALS            0.0               0.0     0.0      0.0
 LIQUID EQUIV    0.00                 T    0.00     0.00
SINCE 7/1         0.0               0.0     0.0      0.0
 LIQUID 7/1      0.00              0.00    0.00     0.00
SNOWDEPTH AVG.      0
DAYS >= TRACE       0               0.0     0.0        0
DAYS >= 1.0         0                                  0
GREATEST
 SNOW DEPTH         0   MM
 24 HR TOTAL      0.0

DEGREE_DAYS
HEATING TOTAL     269               367     -98      272
 SINCE 7/1        297               504    -207      339
COOLING TOTAL      15                12       3        9
 SINCE 1/1       2328              2131     197     2287

FREEZE DATES
RECORD
 EARLIEST     10/10/2000
 LATEST       04/25/1910
EARLIEST      11/13             11/12
LATEST                          03/16
.................................................

WIND (MPH)
AVERAGE WIND SPEED              5.8
HIGHEST WIND SPEED/DIRECTION    35/180    DATE  11/28
HIGHEST GUST SPEED/DIRECTION    41/170    DATE  11/28

SKY COVER
POSSIBLE SUNSHINE (PERCENT)   MM
AVERAGE SKY COVER           0.30
NUMBER OF DAYS FAIR           18
NUMBER OF DAYS PC              9
NUMBER OF DAYS CLOUDY          3

AVERAGE RH (PERCENT)     69

WEATHER CONDITIONS. NUMBER OF DAYS WITH
THUNDERSTORM              0     MIXED PRECIP               0
HEAVY RAIN                3     RAIN                       3
LIGHT RAIN                9     FREEZING RAIN              0
LT FREEZING RAIN          0     HAIL                       0
HEAVY SNOW                0     SNOW                       0
LIGHT SNOW                1     SLEET                      0
FOG                      13     FOG W/VIS <= 1/4 MILE      5
HAZE                      2

-  INDICATES NEGATIVE NUMBERS.
R  INDICATES RECORD WAS SET OR TIED.
MM INDICATES DATA IS MISSING.
T  INDICATES TRACE AMOUNT.

&&

...DATA FOR PINE BLUFF FOR NOVEMBER 2016...

.SUMMARY...

THE TREND OF ABOVE AVERAGE TEMPERATURES CONTINUED INTO NOVEMBER. IN
THE FIRST AND THIRD WEEKS OF THE MONTH...DAILY AVERAGE TEMPERATURES
RANGED AS HIGH AS AROUND 10 DEGREES ABOVE WHERE THEY SHOULD HAVE
BEEN FOR THIS TIME OF YEAR. COOLER THAN AVERAGE TEMPERATURES
PREVAILED IN THE LAST WEEK OF THE MONTH.

RAINFALL WAS BELOW AVERAGE...AND MOST OF IT CAME DURING THE LAST
FULL WEEK OF THE MONTH...FROM THE 21ST THROUGH 28TH.

.MONTHLY TEMPERATURES...
THE AVERAGE HIGH TEMPERATURE WAS THE WARMEST SINCE 2001. THE AVERAGE
LOW TEMPERATURE WAS THE COOLEST SINCE 2014. THE AVERAGE MONTHLY
TEMPERATURE WAS THE WARMEST SINCE 2003.

.DAILY TEMPERATURES...
DAILY TEMPERATURES WERE ABOVE AVERAGE ON 17 DAYS...AVERAGE ON THREE
DAYS...AND BELOW AVERAGE ON TEN DAYS.

.TEMPERATURE RECORDS TIED OR BROKEN DURING THE MONTH...
NONE.

.MONTHLY RAINFALL...
IT WAS THE DRIEST NOVEMBER SINCE 2014...BUT WAS NOT IN THE TOP TEN
DRIEST NOVEMBERS.

.DAILY RAINFALL RECORDS TIED OR BROKEN...
NONE.

.MONTHLY SNOWFALL...
NO SNOW FELL FOR THE SECOND YEAR IN A ROW.

.DAILY SNOWFALL RECORDS TIED OR BROKEN...
NONE.

$$

57
