981
CXUS51 KBTV 011457
CLMPBG


CLIMATE REPORT
NATIONAL WEATHER SERVICE BURLINGTON VT
957 AM EST MON FEB 1 2016

...................................

...THE PLATTSBURGH NY CLIMATE SUMMARY FOR THE MONTH OF JANUARY 2016...

CLIMATE NORMAL PERIOD 1981 TO 2010
CLIMATE RECORD PERIOD 9999 TO 9999

WEATHER         OBSERVED          NORMAL  DEPART  LAST YEAR`S
                 VALUE   DATE(S)  VALUE   FROM    VALUE  DATE(S)
                                          NORMAL
................................................................
TEMPERATURE (F)
RECORD
 HIGH              MM   MM
 LOW              -19   01/04/2014
                        01/03/2014
                        01/15/1957
HIGHEST            45   01/26        MM      MM       51  01/04
LOWEST             -8   01/05        MM      MM      -13  01/08
AVG. MAXIMUM     30.9              27.4     3.5     25.4
AVG. MINIMUM     13.5               6.4     7.1      4.1
MEAN             22.2              16.9     5.3     14.7
DAYS MAX >= 90      0               0.0     0.0        0
DAYS MAX <= 32     15              20.8    -5.8       25
DAYS MIN <= 32     29              30.6    -1.6       31
DAYS MIN <= 0       2               9.3    -7.3       10

PRECIPITATION (INCHES)
RECORD
 MAXIMUM           MM   MM
 MINIMUM           MM   MM
TOTALS           0.81                MM      MM     0.76
DAILY AVG.       0.03                MM      MM     0.02
DAYS >= .01         9                MM      MM        6
DAYS >= .10         2                MM      MM        2
DAYS >= .50         1                MM      MM        0
DAYS >= 1.00        0                MM      MM        0
GREATEST
 24 HR. TOTAL    0.53   01/10 TO 01/10           01/18 TO 01/19
                        01/09 TO 01/10                    01/26 TO 01/26
                        01/10 TO 01/10                    01/26 TO 01/26
 STORM TOTAL       MM                                 MM
 (MM/DD(HH))            MM                    01/19(00) TO 01/19(00)
                                                 01/26(00) TO 01/26(00)6
                                                 01/26(00) TO 01/26(00)6

DEGREE_DAYS
HEATING TOTAL    1321              1490    -169     1547
 SINCE 7/1       3619              4376    -757     4241
.......................................................

WIND (MPH)
AVERAGE WIND SPEED              6.3
HIGHEST WIND SPEED/DIRECTION    25/160    DATE  01/12
HIGHEST GUST SPEED/DIRECTION    56/330    DATE  01/16

SKY COVER
POSSIBLE SUNSHINE (PERCENT)   MM
AVERAGE SKY COVER           0.50
NUMBER OF DAYS FAIR           10
NUMBER OF DAYS PC             11
NUMBER OF DAYS CLOUDY         10

AVERAGE RH (PERCENT)     69

WEATHER CONDITIONS. NUMBER OF DAYS WITH
THUNDERSTORM              0     MIXED PRECIP               0
HEAVY RAIN                1     RAIN                       1
LIGHT RAIN                4     FREEZING RAIN              0
LT FREEZING RAIN          1     HAIL                       0
HEAVY SNOW                0     SNOW                       3
LIGHT SNOW               11     SLEET                      0
FOG                      10     FOG W/VIS <= 1/4 MILE      0
HAZE                      3

-  INDICATES NEGATIVE NUMBERS.
R  INDICATES RECORD WAS SET OR TIED.
MM INDICATES DATA IS MISSING.
T  INDICATES TRACE AMOUNT.

$$
