000
CXUS51 KBTV 011350
CLMPBG


CLIMATE REPORT
NATIONAL WEATHER SERVICE BURLINGTON VT
947 AM EDT WED APR 1 2015

...................................

...THE PLATTSBURGH NY CLIMATE SUMMARY FOR THE MONTH OF MARCH 2015...

CLIMATE NORMAL PERIOD 1981 TO 2010
CLIMATE RECORD PERIOD 9999 TO 9999

WEATHER         OBSERVED          NORMAL  DEPART  LAST YEAR`S
                 VALUE   DATE(S)  VALUE   FROM    VALUE  DATE(S)
                                          NORMAL
................................................................
TEMPERATURE (F)
RECORD
 HIGH              MM   MM
 LOW              -15   03/06/2015
HIGHEST            50   03/11        MM      MM       47  03/15
LOWEST            -15R  03/06        MM      MM       -9  03/06
AVG. MAXIMUM     35.1              40.1    -5.0     31.7
AVG. MINIMUM     15.5              20.8    -5.3     10.9
MEAN             25.3              30.5    -5.2     21.3
DAYS MAX >= 90      0               0.0     0.0        0
DAYS MAX <= 32     12               6.7     5.3       14
DAYS MIN <= 32     29              28.3     0.7       31
DAYS MIN <= 0       4               0.3     3.7       10

PRECIPITATION (INCHES)
RECORD
 MAXIMUM           MM   MM
 MINIMUM           MM   MM
TOTALS           0.67                MM      MM     0.73
DAILY AVG.       0.02                MM      MM     0.02
DAYS >= .01         7                MM      MM        6
DAYS >= .10         3                MM      MM        2
DAYS >= .50         0                MM      MM        0
DAYS >= 1.00        0                MM      MM        0
GREATEST
 24 HR. TOTAL    0.32   03/26 TO 03/26

DEGREE_DAYS
HEATING TOTAL    1183              1071     112     1348
 SINCE 7/1       7092              6683     409     7191
COOLING TOTAL       0                 0       0        0
 SINCE 1/1          0                 0       0        0
..................................................

WIND (MPH)
AVERAGE WIND SPEED              8.2
HIGHEST WIND SPEED/DIRECTION    31/350    DATE  03/15
HIGHEST GUST SPEED/DIRECTION    41/320    DATE  03/17

SKY COVER
POSSIBLE SUNSHINE (PERCENT)   MM
AVERAGE SKY COVER           0.50
NUMBER OF DAYS FAIR           12
NUMBER OF DAYS PC             10
NUMBER OF DAYS CLOUDY          8

AVERAGE RH (PERCENT)     61

WEATHER CONDITIONS. NUMBER OF DAYS WITH
THUNDERSTORM              0     MIXED PRECIP               0
HEAVY RAIN                0     RAIN                       2
LIGHT RAIN                6     FREEZING RAIN              0
LT FREEZING RAIN          0     HAIL                       0
HEAVY SNOW                0     SNOW                       2
LIGHT SNOW               16     SLEET                      0
FOG                      16     FOG W/VIS <= 1/4 MILE      0
HAZE                      0

-  INDICATES NEGATIVE NUMBERS.
R  INDICATES RECORD WAS SET OR TIED.
MM INDICATES DATA IS MISSING.
T  INDICATES TRACE AMOUNT.

$$
