000
CXUS51 KBTV 011359
CLMPBG


CLIMATE REPORT
NATIONAL WEATHER SERVICE BURLINGTON VT
955 AM EDT WED OCT 1 2014

...................................

...THE PLATTSBURGH NY CLIMATE SUMMARY FOR THE MONTH OF SEPTEMBER 2014...

CLIMATE NORMAL PERIOD 1981 TO 2010
CLIMATE RECORD PERIOD 9999 TO 9999

WEATHER         OBSERVED          NORMAL  DEPART  LAST YEAR`S
                 VALUE   DATE(S)  VALUE   FROM    VALUE  DATE(S)
                                          NORMAL
................................................................
TEMPERATURE (F)
RECORD
 HIGH              MM   MM
 LOW               30   09/19/2014
HIGHEST            89   09/02        MM      MM       93  09/11
LOWEST             30R  09/19        MM      MM       35  09/17
AVG. MAXIMUM     71.0              70.5     0.5     69.1
AVG. MINIMUM     46.6              48.1    -1.5     47.2
MEAN             58.8              59.3    -0.5     58.2
DAYS MAX >= 90      0               0.0     0.0        1
DAYS MAX <= 32      0               0.0     0.0        0
DAYS MIN <= 32      1               0.5     0.5        0
DAYS MIN <= 0       0               0.0     0.0        0

PRECIPITATION (INCHES)
RECORD
 MAXIMUM           MM   MM
 MINIMUM           MM   MM
TOTALS           0.86                MM      MM     2.91
DAILY AVG.       0.03                MM      MM     0.10
DAYS >= .01         7                MM      MM       13
DAYS >= .10         4                MM      MM        6
DAYS >= .50         0                MM      MM        2
DAYS >= 1.00        0                MM      MM        0
GREATEST
 24 HR. TOTAL    0.21   09/15 TO 09/16           09/11 TO 09/12
                        09/16 TO 09/16                    09/30 TO 09/30
                        09/16 TO 09/17                    09/30 TO 09/30
 STORM TOTAL       MM                                 MM
 (MM/DD(HH))            MM                    09/12(00) TO 09/12(00)
                                                 09/30(00) TO 09/30(00)0
                                                 09/30(00) TO 09/30(00)0

DEGREE_DAYS
HEATING TOTAL     224               194      30      236
 SINCE 7/1        268               235      33      281
COOLING TOTAL      46                23      23       40
 SINCE 1/1        306               345     -39      423
.................................................

WIND (MPH)
AVERAGE WIND SPEED              5.4
HIGHEST WIND SPEED/DIRECTION    25/160    DATE  09/11
HIGHEST GUST SPEED/DIRECTION    34/150    DATE  09/20

SKY COVER
POSSIBLE SUNSHINE (PERCENT)   MM
AVERAGE SKY COVER           0.40
NUMBER OF DAYS FAIR           13
NUMBER OF DAYS PC             14
NUMBER OF DAYS CLOUDY          3

AVERAGE RH (PERCENT)     76

WEATHER CONDITIONS. NUMBER OF DAYS WITH
THUNDERSTORM              0     MIXED PRECIP               0
HEAVY RAIN                2     RAIN                       2
LIGHT RAIN                8     FREEZING RAIN              0
LT FREEZING RAIN          0     HAIL                       0
HEAVY SNOW                0     SNOW                       0
LIGHT SNOW                0     SLEET                      0
FOG                      19     FOG W/VIS <= 1/4 MILE      1
HAZE                      2

-  INDICATES NEGATIVE NUMBERS.
R  INDICATES RECORD WAS SET OR TIED.
MM INDICATES DATA IS MISSING.
T  INDICATES TRACE AMOUNT.

$$
