000
CXUS51 KBTV 011347
CLMPBG


CLIMATE REPORT
NATIONAL WEATHER SERVICE BURLINGTON VT
943 AM EDT SAT NOV 1 2014

...................................

...THE PLATTSBURGH NY CLIMATE SUMMARY FOR THE MONTH OF OCTOBER 2014...

CLIMATE NORMAL PERIOD 1981 TO 2010
CLIMATE RECORD PERIOD 9999 TO 9999

WEATHER         OBSERVED          NORMAL  DEPART  LAST YEAR`S
                 VALUE   DATE(S)  VALUE   FROM    VALUE  DATE(S)
                                          NORMAL
................................................................
TEMPERATURE (F)
RECORD
 HIGH              MM   MM
 LOW               20   10/29/2013
HIGHEST            75   10/15        MM      MM       80  10/02
                        10/14
LOWEST             28   10/20        MM      MM       20  10/29
AVG. MAXIMUM     58.7              57.1     1.6     59.5
AVG. MINIMUM     42.4              37.6     4.8     38.3
MEAN             50.6              47.4     3.2     48.9
DAYS MAX >= 90      0               0.0     0.0        0
DAYS MAX <= 32      0               0.0     0.0        0
DAYS MIN <= 32      4               7.5    -3.5        9
DAYS MIN <= 0       0               0.0     0.0        0

PRECIPITATION (INCHES)
RECORD
 MAXIMUM           MM   MM
 MINIMUM           MM   MM
TOTALS           2.81                MM      MM     1.87
DAILY AVG.       0.09                MM      MM     0.06
DAYS >= .01        13                MM      MM       12
DAYS >= .10         7                MM      MM        7
DAYS >= .50         2                MM      MM        1
DAYS >= 1.00        0                MM      MM        0
GREATEST
 24 HR. TOTAL    0.74   10/04 TO 10/05           10/07 TO 10/07
                                                          10/29 TO 10/29
                                                          10/29 TO 10/29
 STORM TOTAL       MM                                 MM
 (MM/DD(HH))            MM                    10/07(00) TO 10/07(00)
                                                 10/29(00) TO 10/29(00)9
                                                 10/29(00) TO 10/29(00)9

DEGREE_DAYS
HEATING TOTAL     441               548    -107      495
 SINCE 7/1        709               783     -74      776
COOLING TOTAL       4                 1       3        2
 SINCE 1/1        310               346     -36      425
..........................................................

WIND (MPH)
AVERAGE WIND SPEED              6.7
HIGHEST WIND SPEED/DIRECTION    29/160    DATE  10/04
HIGHEST GUST SPEED/DIRECTION    38/210    DATE  10/08

SKY COVER
POSSIBLE SUNSHINE (PERCENT)   MM
AVERAGE SKY COVER           0.60
NUMBER OF DAYS FAIR            6
NUMBER OF DAYS PC             10
NUMBER OF DAYS CLOUDY         15

AVERAGE RH (PERCENT)     77

WEATHER CONDITIONS. NUMBER OF DAYS WITH
THUNDERSTORM              0     MIXED PRECIP               0
HEAVY RAIN                3     RAIN                       7
LIGHT RAIN               19     FREEZING RAIN              0
LT FREEZING RAIN          0     HAIL                       0
HEAVY SNOW                0     SNOW                       0
LIGHT SNOW                0     SLEET                      0
FOG                      15     FOG W/VIS <= 1/4 MILE      0
HAZE                      0

-  INDICATES NEGATIVE NUMBERS.
R  INDICATES RECORD WAS SET OR TIED.
MM INDICATES DATA IS MISSING.
T  INDICATES TRACE AMOUNT.

$$
