000
CXUS51 KBTV 011355
CLMPBG


CLIMATE REPORT
NATIONAL WEATHER SERVICE BURLINGTON VT
948 AM EDT MON SEP 1 2014

...................................

...THE PLATTSBURGH NY CLIMATE SUMMARY FOR THE MONTH OF AUGUST 2014...

CLIMATE NORMAL PERIOD 1981 TO 2010
CLIMATE RECORD PERIOD 9999 TO 9999

WEATHER         OBSERVED          NORMAL  DEPART  LAST YEAR`S
                 VALUE   DATE(S)  VALUE   FROM    VALUE  DATE(S)
                                          NORMAL
................................................................
TEMPERATURE (F)
RECORD
 HIGH              MM   MM
 LOW               46   08/19/2012
HIGHEST            83   08/27        MM      MM       89  08/21
                        08/26
                        08/11
LOWEST             47   08/19        MM      MM       47  08/24
AVG. MAXIMUM     76.0              78.5    -2.5     77.3
AVG. MINIMUM     55.9              56.6    -0.7     56.4
MEAN             66.0              67.6    -1.6     66.9
DAYS MAX >= 90      0               0.8    -0.8        0
DAYS MAX <= 32      0               0.0     0.0        0
DAYS MIN <= 32      0               0.0     0.0        0
DAYS MIN <= 0       0               0.0     0.0        0

PRECIPITATION (INCHES)
RECORD
 MAXIMUM           MM   MM
 MINIMUM           MM   MM
TOTALS           3.22                MM      MM     3.36
DAILY AVG.       0.10                MM      MM     0.11
DAYS >= .01        11                MM      MM       12
DAYS >= .10         5                MM      MM        8
DAYS >= .50         2                MM      MM        1
DAYS >= 1.00        1                MM      MM        1
GREATEST
 24 HR. TOTAL    2.04   08/12 TO 08/13           08/22 TO 08/22

DEGREE_DAYS
COOLING TOTAL      67               109     -42       96
 SINCE 1/1        260               322     -62      383
..................................................

WIND (MPH)
AVERAGE WIND SPEED              4.6
HIGHEST WIND SPEED/DIRECTION    24/150    DATE  08/30
HIGHEST GUST SPEED/DIRECTION    30/210    DATE  08/31

SKY COVER
POSSIBLE SUNSHINE (PERCENT)   MM
AVERAGE SKY COVER           0.40
NUMBER OF DAYS FAIR           17
NUMBER OF DAYS PC              6
NUMBER OF DAYS CLOUDY          8

AVERAGE RH (PERCENT)     76

WEATHER CONDITIONS. NUMBER OF DAYS WITH
THUNDERSTORM              0     MIXED PRECIP               0
HEAVY RAIN                2     RAIN                       3
LIGHT RAIN               16     FREEZING RAIN              0
LT FREEZING RAIN          0     HAIL                       0
HEAVY SNOW                0     SNOW                       0
LIGHT SNOW                0     SLEET                      0
FOG                      16     FOG W/VIS <= 1/4 MILE      0
HAZE                      0

-  INDICATES NEGATIVE NUMBERS.
R  INDICATES RECORD WAS SET OR TIED.
MM INDICATES DATA IS MISSING.
T  INDICATES TRACE AMOUNT.

$$
