249
CXUS52 KMFL 011629
CLMPBI


CLIMATE REPORT
NATIONAL WEATHER SERVICE MIAMI, FL
1110 AM EST THU DEC 1 2016

...................................

...THE WEST PALM BEACH CLIMATE SUMMARY FOR THE MONTH OF NOVEMBER 2016...

CLIMATE NORMAL PERIOD 1981 TO 2010
CLIMATE RECORD PERIOD 1888 TO 2016

WEATHER         OBSERVED          NORMAL  DEPART  LAST YEAR`S
                 VALUE   DATE(S)  VALUE   FROM    VALUE
                                          NORMAL
.............................................................
TEMPERATURE (F)
RECORD
 HIGH              92   11/03/1919
                        11/02/1919
 LOW               36   11/26/1950
                        11/25/1917
                        11/28/1903
HIGHEST            85   11/02                         90
LOWEST             51   11/21                         60
AVG. MAXIMUM     80.3              80.1     0.2     83.8
AVG. MINIMUM     66.1              65.5     0.6     72.5
MEAN             73.2              72.8     0.4     78.1
DAYS MAX >= 90      0                                  1
DAYS MAX <= 32      0                                  0
DAYS MIN <= 32      0                                  0
DAYS MIN <= 0       0                                  0

PRECIPITATION (INCHES)
RECORD
 MAXIMUM        14.63   1982
 MINIMUM         0.10   1892
TOTALS           1.00              4.75   -3.75     3.06
DAILY AVG.       0.03              0.16   -0.13     0.10
DAYS >= .01         4                                 11
DAYS >= .10         2                                  6
DAYS >= .50         1                                  3
DAYS >= 1.00        0                                  0
GREATEST
 24 HR. TOTAL    0.72   11/05 TO 11/05              0.96

DEGREE_DAYS
HEATING TOTAL       1                11     -10        0
 SINCE 7/1          1                12     -11        0
COOLING TOTAL     255               245      10      404
 SINCE 1/1       4406              3866     540     4589
..............................................................

WIND (MPH)
AVERAGE WIND SPEED              9.5
HIGHEST WIND SPEED/DIRECTION    26/100    DATE  11/28
HIGHEST GUST SPEED/DIRECTION    31/100    DATE  11/28

SKY COVER
POSSIBLE SUNSHINE (PERCENT)   MM
AVERAGE SKY COVER           0.50
NUMBER OF DAYS FAIR            7
NUMBER OF DAYS PC             22
NUMBER OF DAYS CLOUDY          1

AVERAGE RH (PERCENT)     65

WEATHER CONDITIONS. NUMBER OF DAYS WITH
THUNDERSTORM              0     MIXED PRECIP               0
HEAVY RAIN                0     RAIN                       1
LIGHT RAIN                7     FREEZING RAIN              0
LT FREEZING RAIN          0     HAIL                       0
HEAVY SNOW                0     SNOW                       0
LIGHT SNOW                0     SLEET                      0
FOG                       2     FOG W/VIS <= 1/4 MILE      0
HAZE                      1

-  INDICATES NEGATIVE NUMBERS.
R  INDICATES RECORD WAS SET OR TIED.
MM INDICATES DATA IS MISSING.
T  INDICATES TRACE AMOUNT.

$$
