000
CXUS52 KMFL 011412
CLMPBI


CLIMATE REPORT
NATIONAL WEATHER SERVICE MIAMI, FL
1005 AM EDT SUN MAY 1 2016

...................................

...THE WEST PALM BEACH CLIMATE SUMMARY FOR THE MONTH OF APRIL 2016...

CLIMATE NORMAL PERIOD 1981 TO 2010
CLIMATE RECORD PERIOD 1888 TO 2016

WEATHER         OBSERVED          NORMAL  DEPART  LAST YEAR`S
                 VALUE   DATE(S)  VALUE   FROM    VALUE
                                          NORMAL
.............................................................
TEMPERATURE (F)
RECORD
 HIGH              99   04/30/1971
 LOW               38   04/06/1920
HIGHEST            90   04/02                         96
LOWEST             58   04/10                         64
AVG. MAXIMUM     82.8              81.7     1.1     86.3
AVG. MINIMUM     68.8              65.8     3.0     72.1
MEAN             75.8              73.8     2.0     79.2
DAYS MAX >= 90      1                                  5
DAYS MAX <= 32      0                                  0
DAYS MIN <= 32      0                                  0
DAYS MIN <= 0       0                                  0

PRECIPITATION (INCHES)
RECORD
 MAXIMUM        18.26   1942
 MINIMUM         0.04   1967
TOTALS           1.46              3.66   -2.20     8.05
DAILY AVG.       0.05              0.12   -0.07     0.27
DAYS >= .01         4                                 12
DAYS >= .10         2                                  9
DAYS >= .50         2                                  4
DAYS >= 1.00        0                                  4
GREATEST
 24 HR. TOTAL    0.89   04/26 TO 04/26              3.81

DEGREE_DAYS
HEATING TOTAL       0                 4      -4        0
 SINCE 7/1        135               233     -98      126
COOLING TOTAL     333               267      66      434
 SINCE 1/1        850               695     155     1065
..............................................................

WIND (MPH)
AVERAGE WIND SPEED              10.3
HIGHEST WIND SPEED/DIRECTION    26/100    DATE  04/15
HIGHEST GUST SPEED/DIRECTION    33/130    DATE  04/22

SKY COVER
POSSIBLE SUNSHINE (PERCENT)   MM
AVERAGE SKY COVER           0.50
NUMBER OF DAYS FAIR            7
NUMBER OF DAYS PC             22
NUMBER OF DAYS CLOUDY          1

AVERAGE RH (PERCENT)     62

WEATHER CONDITIONS. NUMBER OF DAYS WITH
THUNDERSTORM              0     MIXED PRECIP               0
HEAVY RAIN                1     RAIN                       2
LIGHT RAIN                5     FREEZING RAIN              0
LT FREEZING RAIN          0     HAIL                       0
HEAVY SNOW                0     SNOW                       0
LIGHT SNOW                0     SLEET                      0
FOG                       2     FOG W/VIS <= 1/4 MILE      0
HAZE                      0

-  INDICATES NEGATIVE NUMBERS.
R  INDICATES RECORD WAS SET OR TIED.
MM INDICATES DATA IS MISSING.
T  INDICATES TRACE AMOUNT.

$$
