000
CXUS52 KMFL 020941
CLMPBI


CLIMATE REPORT
NATIONAL WEATHER SERVICE MIAMI, FL
439 AM EST THU MAR 2 2017

...................................

...THE WEST PALM BEACH CLIMATE SUMMARY FOR THE MONTH OF FEBRUARY 2017...

CLIMATE NORMAL PERIOD 1981 TO 2010
CLIMATE RECORD PERIOD 1888 TO 2017

WEATHER         OBSERVED          NORMAL  DEPART  LAST YEAR`S
                 VALUE   DATE(S)  VALUE   FROM    VALUE
                                          NORMAL
.............................................................
TEMPERATURE (F)
RECORD
 HIGH              91   02/04/2016
 LOW               27   02/09/1895
HIGHEST            88   02/19                         84
LOWEST             51   02/17                         42
AVG. MAXIMUM     80.7              76.5     4.2     74.2
AVG. MINIMUM     60.8              59.1     1.7     58.4
MEAN             70.8              67.8     3.0     66.3
DAYS MAX >= 90      0                                  0
DAYS MAX <= 32      0                                  0
DAYS MIN <= 32      0                                  0
DAYS MIN <= 0       0                                  0

PRECIPITATION (INCHES)
RECORD
 MAXIMUM         8.71   1983
 MINIMUM         0.00   1911
TOTALS           2.54              2.82   -0.28     2.66
DAILY AVG.       0.09              0.10   -0.01     0.09
DAYS >= .01         5                                  7
DAYS >= .10         3                                  5
DAYS >= .50         2                                  4
DAYS >= 1.00        1                                  0
GREATEST
 24 HR. TOTAL    1.70   02/22 TO 02/22              0.67

DEGREE_DAYS
HEATING TOTAL       2                48     -46       67
 SINCE 7/1         52               205    -153      133
COOLING TOTAL     169               127      42      111
 SINCE 1/1        340               235     105      202
..............................................................

WIND (MPH)
AVERAGE WIND SPEED              8.6
HIGHEST WIND SPEED/DIRECTION    25/140    DATE  02/28
HIGHEST GUST SPEED/DIRECTION    37/250    DATE  02/15

SKY COVER
POSSIBLE SUNSHINE (PERCENT)   MM
AVERAGE SKY COVER           0.40
NUMBER OF DAYS FAIR            7
NUMBER OF DAYS PC             20
NUMBER OF DAYS CLOUDY          1

AVERAGE RH (PERCENT)     71

WEATHER CONDITIONS. NUMBER OF DAYS WITH
THUNDERSTORM              0     MIXED PRECIP               0
HEAVY RAIN                3     RAIN                       2
LIGHT RAIN                5     FREEZING RAIN              0
LT FREEZING RAIN          0     HAIL                       0
HEAVY SNOW                0     SNOW                       0
LIGHT SNOW                0     SLEET                      0
FOG                      11     FOG W/VIS <= 1/4 MILE      1
HAZE                      1

-  INDICATES NEGATIVE NUMBERS.
R  INDICATES RECORD WAS SET OR TIED.
MM INDICATES DATA IS MISSING.
T  INDICATES TRACE AMOUNT.

$$
