553
CXUS52 KMFL 011415
CLMPBI

CLIMATE REPORT
NATIONAL WEATHER SERVICE MIAMI, FL
909 AM EST SUN JAN 1 2017

...................................

...THE WEST PALM BEACH CLIMATE SUMMARY FOR THE MONTH OF DECEMBER 2016...

CLIMATE NORMAL PERIOD 1981 TO 2010
CLIMATE RECORD PERIOD 1888 TO 2016

WEATHER         OBSERVED          NORMAL  DEPART  LAST YEAR`S
                 VALUE   DATE(S)  VALUE   FROM    VALUE
                                          NORMAL
.............................................................
TEMPERATURE (F)
RECORD
 HIGH              90   12/09/2009
                        12/05/1941
 LOW               24   12/29/1894
HIGHEST            87   12/06                         84
LOWEST             49   12/31                         60
AVG. MAXIMUM     80.3              76.2     4.1     81.3
AVG. MINIMUM     67.8              60.0     7.8     71.2
MEAN             74.0              68.1     5.9     76.3
DAYS MAX >= 90      0                                  0
DAYS MAX <= 32      0                                  0
DAYS MIN <= 32      0                                  0
DAYS MIN <= 0       0                                  0

PRECIPITATION (INCHES)
RECORD
 MAXIMUM        15.22   1940
 MINIMUM         0.06   1968
TOTALS           3.47              3.38    0.09     7.34
DAILY AVG.       0.11              0.11    0.00     0.24
DAYS >= .01        12                                 19
DAYS >= .10         7                                 10
DAYS >= .50         3                                  4
DAYS >= 1.00        0                                  3
GREATEST
 24 HR. TOTAL    0.78   12/09 TO 12/09              2.84

DEGREE_DAYS
HEATING TOTAL       6                59     -53        0
 SINCE 7/1          7                71     -64        0
COOLING TOTAL     293               155     138      356
 SINCE 1/1       4699              4021     678     4945
..............................................................

WIND (MPH)
AVERAGE WIND SPEED              10.2
HIGHEST WIND SPEED/DIRECTION    25/090    DATE  12/11
HIGHEST GUST SPEED/DIRECTION    32/150    DATE  12/18

SKY COVER
POSSIBLE SUNSHINE (PERCENT)   MM
AVERAGE SKY COVER           0.60
NUMBER OF DAYS FAIR            3
NUMBER OF DAYS PC             24
NUMBER OF DAYS CLOUDY          4

AVERAGE RH (PERCENT)     77

WEATHER CONDITIONS. NUMBER OF DAYS WITH
THUNDERSTORM              1     MIXED PRECIP               0
HEAVY RAIN                8     RAIN                       7
LIGHT RAIN               14     FREEZING RAIN              0
LT FREEZING RAIN          0     HAIL                       0
HEAVY SNOW                0     SNOW                       0
LIGHT SNOW                0     SLEET                      0
FOG                      13     FOG W/VIS <= 1/4 MILE      0
HAZE                      3

-  INDICATES NEGATIVE NUMBERS.
R  INDICATES RECORD WAS SET OR TIED.
MM INDICATES DATA IS MISSING.
T  INDICATES TRACE AMOUNT.

$$
