000
CXUS52 KMFL 011128
CLMPBI


CLIMATE REPORT
NATIONAL WEATHER SERVICE MIAMI, FL
725 AM EDT SAT APR 1 2017

...................................

...THE WEST PALM BEACH CLIMATE SUMMARY FOR THE MONTH OF MARCH 2017...

CLIMATE NORMAL PERIOD 1981 TO 2010
CLIMATE RECORD PERIOD 1888 TO 2017

WEATHER         OBSERVED          NORMAL  DEPART  LAST YEAR`S
                 VALUE   DATE(S)  VALUE   FROM    VALUE
                                          NORMAL
.............................................................
TEMPERATURE (F)
RECORD
 HIGH              95   03/31/2011
                        03/26/1928
 LOW               26   03/02/1920
HIGHEST            87   03/02                         89
LOWEST             46   03/16                         55
AVG. MAXIMUM     78.8              78.7     0.1     81.8
AVG. MINIMUM     62.2              62.2     0.0     67.8
MEAN             70.5              70.5     0.0     74.8
DAYS MAX >= 90      0                                  0
DAYS MAX <= 32      0                                  0
DAYS MIN <= 32      0                                  0
DAYS MIN <= 0       0                                  0

PRECIPITATION (INCHES)
RECORD
 MAXIMUM        16.78   1982
 MINIMUM         0.00   1922
TOTALS           1.52              4.59   -3.07     2.42
DAILY AVG.       0.05              0.15   -0.10     0.08
DAYS >= .01         7                                  9
DAYS >= .10         3                                  5
DAYS >= .50         2                                  1
DAYS >= 1.00        0                                  1
GREATEST
 24 HR. TOTAL    0.60   03/14 TO 03/14              1.83

DEGREE_DAYS
HEATING TOTAL      16                24      -8        2
 SINCE 7/1         68               229    -161      135
COOLING TOTAL     194               193       1      311
 SINCE 1/1        534               428     106      513
..............................................................

WIND (MPH)
AVERAGE WIND SPEED              10.9
HIGHEST WIND SPEED/DIRECTION    36/040    DATE  03/23
HIGHEST GUST SPEED/DIRECTION    45/040    DATE  03/23

SKY COVER
POSSIBLE SUNSHINE (PERCENT)   MM
AVERAGE SKY COVER           0.50
NUMBER OF DAYS FAIR            7
NUMBER OF DAYS PC             24
NUMBER OF DAYS CLOUDY          0

AVERAGE RH (PERCENT)     64

WEATHER CONDITIONS. NUMBER OF DAYS WITH
THUNDERSTORM              4     MIXED PRECIP               0
HEAVY RAIN                3     RAIN                       1
LIGHT RAIN                8     FREEZING RAIN              0
LT FREEZING RAIN          0     HAIL                       0
HEAVY SNOW                0     SNOW                       0
LIGHT SNOW                0     SLEET                      0
FOG                       7     FOG W/VIS <= 1/4 MILE      2
HAZE                      0

-  INDICATES NEGATIVE NUMBERS.
R  INDICATES RECORD WAS SET OR TIED.
MM INDICATES DATA IS MISSING.
T  INDICATES TRACE AMOUNT.

$$
