000
CXUS52 KMFL 011408
CLMPBI


CLIMATE REPORT
NATIONAL WEATHER SERVICE MIAMI, FL
1008 AM EDT MON SEP 1 2014

...................................

...THE WEST PALM BEACH CLIMATE SUMMARY FOR THE MONTH OF AUGUST 2014...

CLIMATE NORMAL PERIOD 1981 TO 2010
CLIMATE RECORD PERIOD 1894 TO 2014

WEATHER         OBSERVED          NORMAL  DEPART  LAST YEAR`S
                 VALUE   DATE(S)  VALUE   FROM    VALUE
                                          NORMAL
.............................................................
TEMPERATURE (F)
RECORD
 HIGH              99   08/13/2006
                        08/25/1924
 LOW               65   08/24/1957
                        08/03/1920
HIGHEST            94   08/24                         93
LOWEST             73   08/16                         74
AVG. MAXIMUM     91.5              90.1     1.4     90.7
AVG. MINIMUM     77.0              75.9     1.1     78.9
MEAN             84.2              83.0     1.2     84.8
DAYS MAX >= 90     28                                 24
DAYS MAX <= 32      0                                  0
DAYS MIN <= 32      0                                  0
DAYS MIN <= 0       0                                  0

PRECIPITATION (INCHES)
RECORD
 MAXIMUM        22.66   2012
 MINIMUM         0.91   1938
TOTALS           9.71              7.95    1.76     4.10
DAILY AVG.       0.31              0.26    0.05     0.13
DAYS >= .01        17                                 11
DAYS >= .10        13                                  7
DAYS >= .50         7                                  1
DAYS >= 1.00        4                                  1
GREATEST
 24 HR. TOTAL    2.39   08/15 TO 08/16              2.43

DEGREE_DAYS
HEATING TOTAL       0                 0       0        0
 SINCE 7/1          0                 0       0        0
COOLING TOTAL     604               558      46      621
 SINCE 1/1       3008              2706     302     2871
..............................................................

WIND (MPH)
AVERAGE WIND SPEED              6.9
HIGHEST WIND SPEED/DIRECTION    37/300    DATE  08/16
HIGHEST GUST SPEED/DIRECTION    50/310    DATE  08/16

SKY COVER
AVERAGE SKY COVER           0.60

AVERAGE RH (PERCENT)     74

WEATHER CONDITIONS. NUMBER OF DAYS WITH
THUNDERSTORM             19     MIXED PRECIP               0
HEAVY RAIN               11     RAIN                       5
LIGHT RAIN               14     FREEZING RAIN              0
LT FREEZING RAIN          0     HAIL                       0
HEAVY SNOW                0     SNOW                       0
LIGHT SNOW                0     SLEET                      0
FOG                      10     FOG W/VIS <= 1/4 MILE      0
HAZE                      1

-  INDICATES NEGATIVE NUMBERS.
R  INDICATES RECORD WAS SET OR TIED.
MM INDICATES DATA IS MISSING.
T  INDICATES TRACE AMOUNT.

$$
