000
CXUS52 KMFL 011346
CLMPBI


CLIMATE REPORT
NATIONAL WEATHER SERVICE MIAMI, FL
946 AM EDT WED JUL 1 2015

...................................

...THE WEST PALM BEACH CLIMATE SUMMARY FOR THE MONTH OF JUNE 2015...

CLIMATE NORMAL PERIOD 1981 TO 2010
CLIMATE RECORD PERIOD 1888 TO 2015

WEATHER         OBSERVED          NORMAL  DEPART  LAST YEAR`S
                 VALUE   DATE(S)  VALUE   FROM    VALUE
                                          NORMAL
.............................................................
TEMPERATURE (F)
RECORD
 HIGH             100   06/20/1921
 LOW               60   06/14/1920
                        06/13/1920
HIGHEST            94   06/29                         93
LOWEST             70   06/03                         69
AVG. MAXIMUM     89.4              88.4     1.0     88.7
AVG. MINIMUM     75.9              74.3     1.6     73.4
MEAN             82.7              81.4     1.3     81.1
DAYS MAX >= 90     16                                 12
DAYS MAX <= 32      0                                  0
DAYS MIN <= 32      0                                  0
DAYS MIN <= 0       0                                  0

PRECIPITATION (INCHES)
RECORD
 MAXIMUM        25.19   1912
 MINIMUM         0.12   1898
TOTALS           4.02              8.30   -4.28     7.98
DAILY AVG.       0.13              0.28   -0.15     0.27
DAYS >= .01        12                                 12
DAYS >= .10         8                                  8
DAYS >= .50         2                                  5
DAYS >= 1.00        2                                  3
GREATEST
 24 HR. TOTAL    1.65   06/02 TO 06/03              3.16

DEGREE_DAYS
HEATING TOTAL       0                 0       0        0
 SINCE 7/1        126               233    -107      122
COOLING TOTAL     535               490      45      488
 SINCE 1/1       2069              1599     470     1840
..............................................................

WIND (MPH)
AVERAGE WIND SPEED              8.3
HIGHEST WIND SPEED/DIRECTION    32/330    DATE  06/30
HIGHEST GUST SPEED/DIRECTION    42/330    DATE  06/30

SKY COVER
POSSIBLE SUNSHINE (PERCENT)   MM
AVERAGE SKY COVER           0.60
NUMBER OF DAYS FAIR            3
NUMBER OF DAYS PC             25
NUMBER OF DAYS CLOUDY          2

AVERAGE RH (PERCENT)     72

WEATHER CONDITIONS. NUMBER OF DAYS WITH
THUNDERSTORM              8     MIXED PRECIP               0
HEAVY RAIN                7     RAIN                       4
LIGHT RAIN               11     FREEZING RAIN              0
LT FREEZING RAIN          0     HAIL                       0
HEAVY SNOW                0     SNOW                       0
LIGHT SNOW                0     SLEET                      0
FOG                       7     FOG W/VIS <= 1/4 MILE      0
HAZE                      1

-  INDICATES NEGATIVE NUMBERS.
R  INDICATES RECORD WAS SET OR TIED.
MM INDICATES DATA IS MISSING.
T  INDICATES TRACE AMOUNT.

$$
