000
CXUS56 KPDT 011623
CLMPDT

CLIMATE REPORT
NATIONAL WEATHER SERVICE PENDLETON OREGON
921 AM PDT SAT JUL 01 2017

....................................

...THE PENDLETON OR CLIMATE SUMMARY FOR THE MONTH OF JUNE 2017...

CLIMATE NORMAL PERIOD 1981 TO 2010
CLIMATE RECORD PERIOD 1934 TO 2017

WEATHER         OBSERVED          NORMAL  DEPART  LAST YEAR`S
                 VALUE   DATE(S)  VALUE   FROM    VALUE  DATE(S)
                                          NORMAL

................................................................

TEMPERATURE (F)
RECORD
 HIGH             109   6/28/2015
 LOW               35   6/ 4/1991
HIGHEST           100   6/25       94         6           100   6/ 6
LOWEST             39   6/11       41        -2            41   6/15
AVG. MAXIMUM     79.4            78.2       1.2          82.1
AVG. MINUMUM     51.7            51.5       0.2          52.0
MEAN             65.5            64.8       0.7          67.1
DAYS MAX >= 90      5               4         1             9
DAYS MAX <= 32      0               0         0             0
DAYS MIN <= 32      0               0         0             0
DAYS MIN <= 0       0               0         0             0


PRECIPITATION (INCHES)
RECORD
 MAXIMUM          2.70   1947
 MINIMUM             T   2003
TOTALS            2.15            0.98      1.17          0.93
DAILY AVG.        0.07            0.03      0.04          0.03
DAYS >=  0.01        7               6         1             8
DAYS >=  0.10        3               3         0             2
DAYS >=  0.50        2               0         2             0
DAYS >=  1.00        1               0         1             0
GREATEST
 24 HR. TOTAL     1.10   6/26



SNOWFALL (INCHES)
RECORD
 MAXIMUM           0.0   2012
 MINIMUM           0.0   2016
TOTALS             0.0             0.0       0.0           0.0
SINCE 7/1         44.4            15.2      29.2           4.1
DAYS >=  TRACE                       0         0
DAYS >=  1.0         0               0         0             0
GREATEST
 24 HR. TOTAL      0.0   6/30


DEGREE DAYS
HEATING TOTAL       75              83        -8            69
 SINCE 7/1        5670            5271       399          4636
COOLING TOTAL       99              79        20           137
 SINCE 1/1         127             101        26           155

.............................................................

WIND (MPH)
AVERAGE WIND SPEED                     8.4
RESULTANT WIND SPEED/DIRECTION         5/197
HIGHEST WIND SPEED/DIRECTION          53/230      DATE          06/26
HIGHEST GUST SPEED/DIRECTION          64/240      DATE          06/26


WEATHER CONDITIONS. NUMBER OF DAYS WITH
THUNDERSTORM               4    MIXED PRECIP                        0
HEAVY RAIN                 4    RAIN                                3
LIGHT RAIN                 9    FREEZING RAIN                       0
LT FREEZING RAIN           0    HAIL                                0
HEAVY SNOW                 0    SNOW                                0
LIGHT SNOW                 0    SLEET                               0
FOG                        5    FOG W/VIS <=1/4 MILE                0
HAZE                       2

-  INDICATES NEGATIVE NUMBERS.
R  INDICATES RECORD WAS SET OR TIED.
MM INDICATES DATA IS MISSING.
T  INDICATES TRACE AMOUNT.

$$
