000
CXUS56 KPDT 011751
CLMPDT

CLIMATE REPORT
NATIONAL WEATHER SERVICE PENDLETON OREGON
1030 AM PDT MON AUG 01 2016

....................................

...THE PENDLETON OR CLIMATE SUMMARY FOR THE MONTH OF JULY 2016...

CLIMATE NORMAL PERIOD 1981 TO 2010
CLIMATE RECORD PERIOD 1934 TO 2016

WEATHER         OBSERVED          NORMAL  DEPART  LAST YEAR`S
                 VALUE   DATE(S)  VALUE   FROM    VALUE  DATE(S)
                                          NORMAL

................................................................

TEMPERATURE (F)
RECORD
 HIGH             110   7/27/1939
 LOW               41   7/ 4/2012
HIGHEST           103   7/29      102         1           104   7/31
LOWEST             52   7/16       47         5            49   7/28
AVG. MAXIMUM     86.0            87.9      -1.9          91.6
AVG. MINUMUM     56.8            57.2      -0.4          60.6
MEAN             71.4            72.6      -1.2          76.1
DAYS MAX >= 90     10              15        -5            16
DAYS MAX <= 32      0               0         0             0
DAYS MIN <= 32      0               0         0             0
DAYS MIN <= 0       0               0         0             0


PRECIPITATION (INCHES)
RECORD
 MAXIMUM          1.45   1993
 MINIMUM             T   2015
TOTALS            0.80            0.32      0.48             T
DAILY AVG.        0.03            0.01      0.02          0.00
DAYS >=  0.01        3               3         0             0
DAYS >=  0.10        2               1         1             0
DAYS >=  0.50        0               0         0             0
DAYS >=  1.00        0               0         0             0
GREATEST
 24 HR. TOTAL     0.45   7/ 8



SNOWFALL (INCHES)
RECORD
 MAXIMUM           0.0   2002
 MINIMUM           0.0   2015
TOTALS             0.0             0.0       0.0           0.0
SINCE 7/1          0.0             0.0       0.0           0.0
DAYS >=  TRACE                       0         0
DAYS >=  1.0         0               0         0             0
GREATEST
 24 HR. TOTAL      0.0   7/31


DEGREE DAYS
HEATING TOTAL        0               7        -7             0
 SINCE 7/1           0               7        -7             0
COOLING TOTAL      206             245       -39           354
 SINCE 1/1         361             346        15           634

.............................................................

WIND (MPH)
AVERAGE WIND SPEED                     9.0
RESULTANT WIND SPEED/DIRECTION         5/240
HIGHEST WIND SPEED/DIRECTION          35/260      DATE          07/30
HIGHEST GUST SPEED/DIRECTION          41/260      DATE          07/30


WEATHER CONDITIONS. NUMBER OF DAYS WITH
THUNDERSTORM               2    MIXED PRECIP                        0
HEAVY RAIN                 1    RAIN                                2
LIGHT RAIN                 8    FREEZING RAIN                       0
LT FREEZING RAIN           0    HAIL                                0
HEAVY SNOW                 0    SNOW                                0
LIGHT SNOW                 0    SLEET                               0
FOG                        3    FOG W/VIS <=1/4 MILE                0
HAZE                       3

-  INDICATES NEGATIVE NUMBERS.
R  INDICATES RECORD WAS SET OR TIED.
MM INDICATES DATA IS MISSING.
T  INDICATES TRACE AMOUNT.

$$
