000
CXUS56 KPDT 011602
CLMPDT

CLIMATE REPORT
NATIONAL WEATHER SERVICE PENDLETON OREGON
900 AM PDT FRI AUG 01 2014

....................................

...THE PENDLETON OR CLIMATE SUMMARY FOR THE MONTH OF JULY 2014...

CLIMATE NORMAL PERIOD 1981 TO 2010
CLIMATE RECORD PERIOD 1934 TO 2014

WEATHER         OBSERVED          NORMAL  DEPART  LAST YEAR`S
                 VALUE   DATE(S)  VALUE   FROM    VALUE  DATE(S)
                                          NORMAL

................................................................

TEMPERATURE (F)
RECORD
 HIGH             110   7/27/1939
 LOW               41   7/ 4/2012
HIGHEST           105   7/16      102         3           106   7/ 2
LOWEST             48   7/25       47         1            49   7/29
AVG. MAXIMUM     94.5            87.9       6.6          93.3
AVG. MINUMUM     60.8            57.2       3.6          57.4
MEAN             77.6            72.6       5.0          75.3
DAYS MAX >= 90     24              15         9            21
DAYS MAX <= 32      0               0         0             0
DAYS MIN <= 32      0               0         0             0
DAYS MIN <= 0       0               0         0             0


PRECIPITATION (INCHES)
RECORD
 MAXIMUM          1.45   1993
 MINIMUM             T   2009
TOTALS            0.22            0.32     -0.10          0.06
DAILY AVG.        0.01            0.01      0.00          0.00
DAYS >=  0.01        3               3         0             2
DAYS >=  0.10        1               1         0             0
DAYS >=  0.50        0               0         0             0
DAYS >=  1.00        0               0         0             0
GREATEST
 24 HR. TOTAL     0.13   7/22



SNOWFALL (INCHES)
RECORD
 MAXIMUM           0.0   2002
 MINIMUM           0.0   2013
TOTALS             0.0             0.0       0.0           0.0
SINCE 7/1          0.0             0.0       0.0           0.0
DAYS >=  TRACE                       0         0
DAYS >=  1.0         0               0         0             0
GREATEST
 24 HR. TOTAL      0.0   7/31


DEGREE DAYS
HEATING TOTAL        2               7        -5             0
 SINCE 7/1           2               7        -5             0
COOLING TOTAL      401             245       156           328
 SINCE 1/1         483             346       137           454

.............................................................

WIND (MPH)
AVERAGE WIND SPEED                     8.7
RESULTANT WIND SPEED/DIRECTION         5/189
HIGHEST WIND SPEED/DIRECTION          44/260      DATE          07/23
HIGHEST GUST SPEED/DIRECTION          52/270      DATE          07/23


WEATHER CONDITIONS. NUMBER OF DAYS WITH
THUNDERSTORM               4    MIXED PRECIP                           0
HEAVY RAIN                 1    RAIN                                   1
LIGHT RAIN                 7    FREEZING RAIN                          0
LT FREEZING RAIN           0    HAIL                                   0
HEAVY SNOW                 0    SNOW                                   0
LIGHT SNOW                 0    SLEET                                  0
FOG                        0    FOG W/VIS <=1/4 MILE                   0
HAZE                       8

-  INDICATES NEGATIVE NUMBERS.
R  INDICATES RECORD WAS SET OR TIED.
MM INDICATES DATA IS MISSING.
T  INDICATES TRACE AMOUNT.

$$
