000
CXUS56 KPQR 011507
CLMPDX


CLIMATE REPORT
NATIONAL WEATHER SERVICE PORTLAND OREGON
807 AM PDT SAT AUG 1 2015

...................................

...THE PORTLAND OR CLIMATE SUMMARY FOR THE MONTH OF JULY 2015...

CLIMATE NORMAL PERIOD 1981 TO 2010
CLIMATE RECORD PERIOD 1940 TO 2015

WEATHER         OBSERVED          NORMAL  DEPART  LAST YEAR`S
                 VALUE   DATE(S)  VALUE   FROM    VALUE  DATE(S)
                                          NORMAL
................................................................
TEMPERATURE (F)
HIGHEST           103                                 99  07/01
LOWEST             54                                 54  07/25
AVG. MAXIMUM     86.7              80.6     6.1     83.8
AVG. MINIMUM     61.1              57.8     3.3     59.8
MEAN             73.9              69.2     4.7     71.8
DAYS MAX >= 90     12               4.4     7.6        7
DAYS MAX <= 32      0               0.0     0.0        0
DAYS MIN <= 32      0               0.0     0.0        0
DAYS MIN <= 0       0               0.0     0.0        0

PRECIPITATION (INCHES)
RECORD
 MAXIMUM         2.68   1983
 MINIMUM         0.00   1967
TOTALS           0.57              0.65   -0.08     1.05
DAYS >= .01         3               4.1    -1.1        4
DAYS >= .10         2               1.9     0.1        2
DAYS >= .50         0               0.3    -0.3        1
DAYS >= 1.00        0               0.0     0.0        0
GREATEST
 24 HR. TOTAL    0.34   07/26 TO 07/26
                        07/25 TO 07/26
                        07/26 TO 07/26

DEGREE_DAYS
HEATING TOTAL       0                17     -17        1
 SINCE 7/1          0                17     -17        1
COOLING TOTAL     287               147     140      220
 SINCE 1/1        494               211     283      277
.................................................................

WIND (MPH)
AVERAGE WIND SPEED              6.7
RESULTANT WIND SPEED/DIRECTION   5/310
HIGHEST WIND SPEED/DIRECTION    22/310    DATE  07/21
HIGHEST GUST SPEED/DIRECTION    27/300    DATE  07/15

SKY COVER
POSSIBLE SUNSHINE (PERCENT)   MM
AVERAGE SKY COVER           0.40
NUMBER OF DAYS FAIR           16
NUMBER OF DAYS PC             10
NUMBER OF DAYS CLOUDY          5

AVERAGE RH (PERCENT)     55

WEATHER CONDITIONS. NUMBER OF DAYS WITH
THUNDERSTORM              0     MIXED PRECIP               0
HEAVY RAIN                1     RAIN                       1
LIGHT RAIN                4     FREEZING RAIN              0
LT FREEZING RAIN          0     HAIL                       0
HEAVY SNOW                0     SNOW                       0
LIGHT SNOW                0     SLEET                      0
FOG                       4     FOG W/VIS <= 1/4 MILE      0
HAZE                      3

-  INDICATES NEGATIVE NUMBERS.
R  INDICATES RECORD WAS SET OR TIED.
MM INDICATES DATA IS MISSING.
T  INDICATES TRACE AMOUNT.

$$
