000
CXUS56 KPQR 011710
CLMPDX


CLIMATE REPORT
NATIONAL WEATHER SERVICE PORTLAND OREGON
910 AM PST MON DEC 1 2014

...................................

...THE PORTLAND OR CLIMATE SUMMARY FOR THE MONTH OF NOVEMBER 2014...

CLIMATE NORMAL PERIOD 1981 TO 2010
CLIMATE RECORD PERIOD 1940 TO 2014

WEATHER         OBSERVED          NORMAL  DEPART  LAST YEAR`S
                 VALUE   DATE(S)  VALUE   FROM    VALUE  DATE(S)
                                          NORMAL
................................................................
TEMPERATURE (F)
HIGHEST            63                                 60  11/11
LOWEST             26                                 24  11/22
AVG. MAXIMUM     51.9              52.8    -0.9     52.5
AVG. MINIMUM     40.7              40.5     0.2     38.8
MEAN             46.3              46.6    -0.3     45.7
DAYS MAX >= 90      0               0.0     0.0        0
DAYS MAX <= 32      0               0.2    -0.2        0
DAYS MIN <= 32      9               3.4     5.6        9
DAYS MIN <= 0       0               0.0     0.0        0

PRECIPITATION (INCHES)
RECORD
 MAXIMUM        11.92   2006
 MINIMUM         0.77   1976
TOTALS           2.99              5.63   -2.64     3.05
DAYS >= .01        17              19.0    -2.0       16
DAYS >= .10         9              12.6    -3.6       12
DAYS >= .50         2               3.3    -1.3        0
DAYS >= 1.00        0               0.8    -0.8        0
GREATEST
 24 HR. TOTAL    0.78   11/21 TO 11/22

DEGREE_DAYS
HEATING TOTAL     552               551       1      572
 SINCE 7/1        733               969    -236     1011
COOLING TOTAL       0                 0       0        0
 SINCE 1/1        653               424     229      539
.................................................................

WIND (MPH)
AVERAGE WIND SPEED              10.0
RESULTANT WIND SPEED/DIRECTION   6/118
HIGHEST WIND SPEED/DIRECTION    41/090    DATE  11/11
HIGHEST GUST SPEED/DIRECTION    54/100    DATE  11/11

SKY COVER
POSSIBLE SUNSHINE (PERCENT)   MM
AVERAGE SKY COVER           0.70
NUMBER OF DAYS FAIR            6
NUMBER OF DAYS PC              7
NUMBER OF DAYS CLOUDY         17

AVERAGE RH (PERCENT)     75

WEATHER CONDITIONS. NUMBER OF DAYS WITH
THUNDERSTORM              0     MIXED PRECIP               0
HEAVY RAIN                1     RAIN                       7
LIGHT RAIN               17     FREEZING RAIN              0
LT FREEZING RAIN          1     HAIL                       0
HEAVY SNOW                0     SNOW                       0
LIGHT SNOW                1     SLEET                      1
FOG                      19     FOG W/VIS <= 1/4 MILE      1
HAZE                      0

-  INDICATES NEGATIVE NUMBERS.
R  INDICATES RECORD WAS SET OR TIED.
MM INDICATES DATA IS MISSING.
T  INDICATES TRACE AMOUNT.

$$
