000
CXUS56 KPQR 011825
CLMPDX


CLIMATE REPORT
NATIONAL WEATHER SERVICE PORTLAND OREGON
1025 AM PST WED MAR 1 2017

...................................

...THE PORTLAND OR CLIMATE SUMMARY FOR THE MONTH OF FEBRUARY 2017...

CLIMATE NORMAL PERIOD 1981 TO 2010
CLIMATE RECORD PERIOD 1940 TO 2017

WEATHER         OBSERVED          NORMAL  DEPART  LAST YEAR`S
                 VALUE   DATE(S)  VALUE   FROM    VALUE  DATE(S)
                                          NORMAL
................................................................
TEMPERATURE (F)
HIGHEST            59                                 64  02/25
LOWEST             29                                 32  02/02
AVG. MAXIMUM     46.8              51.3    -4.5     56.4
AVG. MINIMUM     34.8              36.3    -1.5     42.2
MEAN             40.8              43.8    -3.0     49.3
DAYS MAX >= 90      0               0.0     0.0        0
DAYS MAX <= 32      0               0.2    -0.2        0
DAYS MIN <= 32      9               6.8     2.2        1
DAYS MIN <= 0       0               0.0     0.0        0

PRECIPITATION (INCHES)
RECORD
 MAXIMUM        10.03   1996
 MINIMUM         0.72   1993
TOTALS          10.36R             3.66    6.70     4.10
DAYS >= .01        20              14.9     5.1       18
DAYS >= .10        12               9.2     2.8       15
DAYS >= .50         9               2.0     7.0        0
DAYS >= 1.00        3               0.4     2.6        0
GREATEST
 24 HR. TOTAL    2.19   02/05 TO 02/05

SNOWFALL (INCHES)
TOTALS              T
SINCE 7/1        11.2

DEGREE_DAYS
HEATING TOTAL     672               594      78      448
 SINCE 7/1       3205              3058     147     2603
COOLING TOTAL       0                 0       0        0
 SINCE 1/1          0                 0       0        0
.................................................................

WIND (MPH)
AVERAGE WIND SPEED              9.4
RESULTANT WIND SPEED/DIRECTION   6/117
HIGHEST WIND SPEED/DIRECTION    40/090    DATE  02/02
HIGHEST GUST SPEED/DIRECTION    51/090    DATE  02/02

SKY COVER
POSSIBLE SUNSHINE (PERCENT)   MM
AVERAGE SKY COVER           0.80
NUMBER OF DAYS FAIR            1
NUMBER OF DAYS PC              9
NUMBER OF DAYS CLOUDY         18

AVERAGE RH (PERCENT)     80

WEATHER CONDITIONS. NUMBER OF DAYS WITH
THUNDERSTORM              0     MIXED PRECIP               0
HEAVY RAIN                4     RAIN                       7
LIGHT RAIN               23     FREEZING RAIN              0
LT FREEZING RAIN          1     HAIL                       0
HEAVY SNOW                0     SNOW                       3
LIGHT SNOW                0     SLEET                      1
FOG                      21     FOG W/VIS <= 1/4 MILE      4
HAZE                      1

-  INDICATES NEGATIVE NUMBERS.
R  INDICATES RECORD WAS SET OR TIED.
MM INDICATES DATA IS MISSING.
T  INDICATES TRACE AMOUNT.

$$
