000
CXUS56 KPQR 011537
CLMPDX


CLIMATE REPORT
NATIONAL WEATHER SERVICE PORTLAND OREGON
837 AM PDT SUN MAY 1 2016

...................................

...THE PORTLAND OR CLIMATE SUMMARY FOR THE MONTH OF APRIL 2016...

CLIMATE NORMAL PERIOD 1981 TO 2010
CLIMATE RECORD PERIOD 1940 TO 2016

WEATHER         OBSERVED          NORMAL  DEPART  LAST YEAR`S
                 VALUE   DATE(S)  VALUE   FROM    VALUE  DATE(S)
                                          NORMAL
................................................................
TEMPERATURE (F)
HIGHEST            89                                 82  04/27
LOWEST             39                                 35  04/15
AVG. MAXIMUM     68.5              61.4     7.1     62.9
AVG. MINIMUM     47.0              43.1     3.9     42.6
MEAN             57.8              52.3     5.5     52.8
DAYS MAX >= 90      0               0.0     0.0        0
DAYS MAX <= 32      0               0.0     0.0        0
DAYS MIN <= 32      0               0.2    -0.2        0
DAYS MIN <= 0       0               0.0     0.0        0

PRECIPITATION (INCHES)
RECORD
 MAXIMUM         5.26   1993
 MINIMUM         0.53   1956
TOTALS           1.96              2.73   -0.77     1.75
DAYS >= .01        12              16.4    -4.4       14
DAYS >= .10         5               8.3    -3.3        7
DAYS >= .50         1               1.0     0.0        0
DAYS >= 1.00        0               0.1    -0.1        0
GREATEST
 24 HR. TOTAL    0.81   04/13 TO 04/14

SNOWFALL (INCHES)
TOTALS            0.0
SINCE 7/1         1.3

DEGREE_DAYS
HEATING TOTAL     227               383    -156      361
 SINCE 7/1       3279              3963    -684     3215
COOLING TOTAL      18                 1      17        2
 SINCE 1/1         18                 1      17        2
.................................................................

WIND (MPH)
AVERAGE WIND SPEED              5.6
RESULTANT WIND SPEED/DIRECTION   1/285
HIGHEST WIND SPEED/DIRECTION    28/250    DATE  04/21
HIGHEST GUST SPEED/DIRECTION    34/250    DATE  04/21

SKY COVER
POSSIBLE SUNSHINE (PERCENT)   MM
AVERAGE SKY COVER           0.60
NUMBER OF DAYS FAIR            6
NUMBER OF DAYS PC             12
NUMBER OF DAYS CLOUDY         12

AVERAGE RH (PERCENT)     63

WEATHER CONDITIONS. NUMBER OF DAYS WITH
THUNDERSTORM              0     MIXED PRECIP               0
HEAVY RAIN                1     RAIN                       4
LIGHT RAIN               13     FREEZING RAIN              0
LT FREEZING RAIN          0     HAIL                       0
HEAVY SNOW                0     SNOW                       0
LIGHT SNOW                0     SLEET                      0
FOG                       9     FOG W/VIS <= 1/4 MILE      0
HAZE                      2

-  INDICATES NEGATIVE NUMBERS.
R  INDICATES RECORD WAS SET OR TIED.
MM INDICATES DATA IS MISSING.
T  INDICATES TRACE AMOUNT.

$$
