795
CXUS56 KPQR 011743
CLMPDX


CLIMATE REPORT
NATIONAL WEATHER SERVICE PORTLAND OREGON
943 AM PST MON FEB 1 2016

...................................

...THE PORTLAND OR CLIMATE SUMMARY FOR THE MONTH OF JANUARY 2016...

CLIMATE NORMAL PERIOD 1981 TO 2010
CLIMATE RECORD PERIOD 1940 TO 2016

WEATHER         OBSERVED          NORMAL  DEPART  LAST YEAR`S
                 VALUE   DATE(S)  VALUE   FROM    VALUE  DATE(S)
                                          NORMAL
................................................................
TEMPERATURE (F)
HIGHEST            59                                 60  01/24
                                                          01/18
LOWEST             28                                 24  01/01
AVG. MAXIMUM     47.2              47.0     0.2     49.9
AVG. MINIMUM     38.0              35.8     2.2     37.0
MEAN             42.6              41.4     1.2     43.4
DAYS MAX >= 90      0               0.0     0.0        0
DAYS MAX <= 32      1               0.5     0.5        0
DAYS MIN <= 32      8               8.3    -0.3        6
DAYS MIN <= 0       0               0.0     0.0        0

PRECIPITATION (INCHES)
RECORD
 MAXIMUM        12.83   1953
 MINIMUM         0.06   1985
TOTALS           7.23              4.88    2.35     3.33
DAYS >= .01        23              18.0     5.0       13
DAYS >= .10        19              11.8     7.2        6
DAYS >= .50         6               3.0     3.0        2
DAYS >= 1.00        0               0.5    -0.5        1
GREATEST
 24 HR. TOTAL    1.42   01/12 TO 01/13

SNOWFALL (INCHES)
TOTALS            1.3
SINCE 7/1         1.3

DEGREE_DAYS
HEATING TOTAL     688               732     -44      662
 SINCE 7/1       2155              2464    -309     2035
COOLING TOTAL       0                 0       0        0
 SINCE 1/1          0                 0       0        0
.................................................................

WIND (MPH)
AVERAGE WIND SPEED              10.2
RESULTANT WIND SPEED/DIRECTION   8/113
HIGHEST WIND SPEED/DIRECTION    36/100    DATE  01/01
HIGHEST GUST SPEED/DIRECTION    44/100    DATE  01/01

SKY COVER
POSSIBLE SUNSHINE (PERCENT)   MM
AVERAGE SKY COVER           0.80
NUMBER OF DAYS FAIR            3
NUMBER OF DAYS PC              5
NUMBER OF DAYS CLOUDY         23

AVERAGE RH (PERCENT)     80

WEATHER CONDITIONS. NUMBER OF DAYS WITH
THUNDERSTORM              0     MIXED PRECIP               0
HEAVY RAIN                1     RAIN                       8
LIGHT RAIN               24     FREEZING RAIN              0
LT FREEZING RAIN          2     HAIL                       0
HEAVY SNOW                0     SNOW                       1
LIGHT SNOW                1     SLEET                      1
FOG                      23     FOG W/VIS <= 1/4 MILE      0
HAZE                      1

-  INDICATES NEGATIVE NUMBERS.
R  INDICATES RECORD WAS SET OR TIED.
MM INDICATES DATA IS MISSING.
T  INDICATES TRACE AMOUNT.

$$
