000
CXUS51 KPHI 010828
CLMPHL


CLIMATE REPORT
NATIONAL WEATHER SERVICE MOUNT HOLLY NJ
427 AM EDT WED OCT 1 2014

...................................

...THE PHILADELPHIA CLIMATE SUMMARY FOR THE MONTH OF SEPTEMBER 2014...

CLIMATE NORMAL PERIOD 1981 TO 2010
CLIMATE RECORD PERIOD 1872 TO 2014

WEATHER         OBSERVED          NORMAL  DEPART  LAST YEAR`S
                 VALUE   DATE(S)  VALUE   FROM    VALUE  DATE(S)
                                          NORMAL
................................................................
TEMPERATURE (F)
RECORD
 HIGH             102   09/07/1881
 LOW               35   09/25/1963
HIGHEST            93                90       3       94
LOWEST             50                45       5       47
AVG. MAXIMUM     78.8              78.0     0.8     77.4
AVG. MINIMUM     62.2              60.3     1.9     58.5
MEAN             70.5              69.1     1.4     67.9
DAYS MAX >= 90      2               1.1     0.9        1
DAYS MAX <= 32      0               0.0     0.0        0
DAYS MIN <= 32      0               0.0     0.0        0
DAYS MIN <= 0       0               0.0     0.0        0

PRECIPITATION (INCHES)
RECORD
 MAXIMUM        13.07   1999
 MINIMUM         0.20   1884
TOTALS           1.69              3.78   -2.09     3.26
DAILY AVG.       0.06              0.13   -0.07     0.11
DAYS >= .01         7               8.7    -1.7        7
DAYS >= .10         4               5.4    -1.4        3
DAYS >= .50         1               2.3    -1.3        2
DAYS >= 1.00        0               1.1    -1.1        2
GREATEST
 24 HR. TOTAL    1.12   08/31 TO 09/01              1.89

SNOWFALL (INCHES)
RECORDS
 TOTAL             MM   5
 24 HR TOTAL       MM
TOTALS            0.0               0.0     0.0      0.0
SINCE 7/1         0.0               0.0     0.0      0.0
SNOWDEPTH AVG.      0                MM      MM        0
DAYS >= 1.0         0               0.0     0.0        0
GREATEST
 SNOW DEPTH         0   MM                             0  MM
 24 HR TOTAL      0.0   09/30 TO 09/30               0.0

DEGREE_DAYS
HEATING TOTAL      14                37     -23       36
 SINCE 7/1         14                38     -24       36
COOLING TOTAL     188               161      27      130
 SINCE 1/1       1286              1278       8     1346
.................................................................

WIND (MPH)
AVERAGE WIND SPEED              7.6
HIGHEST WIND SPEED/DIRECTION    35/270    DATE  09/02
HIGHEST GUST SPEED/DIRECTION    46/270    DATE  09/02

SKY COVER
POSSIBLE SUNSHINE (PERCENT)   MM
AVERAGE SKY COVER           0.60
NUMBER OF DAYS FAIR            5
NUMBER OF DAYS PC             16
NUMBER OF DAYS CLOUDY          9

AVERAGE RH (PERCENT)     67

WEATHER CONDITIONS. NUMBER OF DAYS WITH
THUNDERSTORM              0     MIXED PRECIP               0
HEAVY RAIN                5     RAIN                       4
LIGHT RAIN               10     FREEZING RAIN              0
LT FREEZING RAIN          0     HEAVY SNOW                 0
SNOW                      0     LIGHT SNOW                 0
SLEET                     0     FOG                        9
FOG W/VIS <= 1/4 MILE     1     HAZE                       5

-  INDICATES NEGATIVE NUMBERS.
R  INDICATES RECORD WAS SET OR TIED.
MM INDICATES DATA IS MISSING.
T  INDICATES TRACE AMOUNT.

$$
