000
CXUS51 KPHI 040920
CLMPHL

CLIMATE REPORT
NATIONAL WEATHER SERVICE MOUNT HOLLY NJ
505 AM EDT TUE JUL 4 2017

...................................

...THE PHILADELPHIA CLIMATE SUMMARY FOR THE MONTH OF JUNE 2017...

CLIMATE NORMAL PERIOD 1981 TO 2010
CLIMATE RECORD PERIOD 1872 TO 2017

WEATHER         OBSERVED          NORMAL  DEPART  LAST YEAR`S
                 VALUE   DATE(S)  VALUE   FROM    VALUE  DATE(S)
                                          NORMAL
................................................................
TEMPERATURE (F)
RECORD
 HIGH             102   06/29/1934
 LOW               44   06/01/1984
                        06/08/1977
                        06/11/1972
HIGHEST            96                94       2       92
LOWEST             53                51       2       53
AVG. MAXIMUM     84.1              82.7     1.4     83.7
AVG. MINIMUM     65.2              63.8     1.4     64.7
MEAN             74.6              73.3     1.3     74.2
DAYS MAX >= 90      6               4.8     1.2        5
DAYS MAX <= 32      0               0.0     0.0        0
DAYS MIN <= 32      0               0.0     0.0        0
DAYS MIN <= 0       0               0.0     0.0        0

PRECIPITATION (INCHES)
RECORD
 MAXIMUM        10.56   2013
 MINIMUM         0.11   1949
TOTALS           1.86              3.43   -1.57     1.87
DAILY AVG.       0.06              0.11   -0.05     0.06
DAYS >= .01         9               9.8    -0.8        8
DAYS >= .10         4               6.2    -2.2        6
DAYS >= .50         2               2.3    -0.3        1
DAYS >= 1.00        0               0.8    -0.8        0
GREATEST
 24 HR. TOTAL    0.67   06/24 TO 06/24              0.63

SNOWFALL (INCHES)
RECORDS
 TOTAL             MM   5
 24 HR TOTAL       MM
TOTALS            0.0               0.0     0.0      0.0
SINCE 7/1        15.0              22.4    -7.4     27.5
SNOWDEPTH AVG.      0                MM      MM        0
DAYS >= 1.0         0               0.0     0.0        0
GREATEST
 SNOW DEPTH         0   MM                             0  MM
 24 HR TOTAL      0.0   06/30 TO 06/30               0.0

DEGREE_DAYS
HEATING TOTAL       8                11      -3        0
 SINCE 7/1       3858              4613    -755     3587
COOLING TOTAL     304               258      46      282
 SINCE 1/1        415               349      66      396
.................................................................

WIND (MPH)
AVERAGE WIND SPEED              9.0
HIGHEST WIND SPEED/DIRECTION    31/300    DATE  06/24
HIGHEST GUST SPEED/DIRECTION    44/270    DATE  06/19

SKY COVER
POSSIBLE SUNSHINE (PERCENT)   MM
AVERAGE SKY COVER           0.60
NUMBER OF DAYS FAIR            4
NUMBER OF DAYS PC             21
NUMBER OF DAYS CLOUDY          5

AVERAGE RH (PERCENT)     62

WEATHER CONDITIONS. NUMBER OF DAYS WITH
THUNDERSTORM              5     MIXED PRECIP               0
HEAVY RAIN                2     RAIN                       4
LIGHT RAIN               11     FREEZING RAIN              0
LT FREEZING RAIN          0     HEAVY SNOW                 0
SNOW                      0     LIGHT SNOW                 0
SLEET                     0     FOG                        7
FOG W/VIS <= 1/4 MILE     0     HAZE                       0

-  INDICATES NEGATIVE NUMBERS.
R  INDICATES RECORD WAS SET OR TIED.
MM INDICATES DATA IS MISSING.
T  INDICATES TRACE AMOUNT.

$$
