000
CXUS51 KPHI 011248
CLMPHL


CLIMATE REPORT
NATIONAL WEATHER SERVICE MOUNT HOLLY NJ
847 AM EDT FRI JUL 1 2016

...................................

...THE PHILADELPHIA CLIMATE SUMMARY FOR THE MONTH OF JUNE 2016...

CLIMATE NORMAL PERIOD 1981 TO 2010
CLIMATE RECORD PERIOD 1872 TO 2016

WEATHER         OBSERVED          NORMAL  DEPART  LAST YEAR`S
                 VALUE   DATE(S)  VALUE   FROM    VALUE  DATE(S)
                                          NORMAL
................................................................
TEMPERATURE (F)
RECORD
 HIGH             102   06/29/1934
 LOW               44   06/01/1984
                        06/08/1977
                        06/11/1972
HIGHEST            92                94      -2       95
LOWEST             53                51       2       53
AVG. MAXIMUM     83.7              82.7     1.0     83.0
AVG. MINIMUM     64.7              63.8     0.9     66.5
MEAN             74.2              73.3     0.9     74.8
DAYS MAX >= 90      5               4.8     0.2        7
DAYS MAX <= 32      0               0.0     0.0        0
DAYS MIN <= 32      0               0.0     0.0        0
DAYS MIN <= 0       0               0.0     0.0        0

PRECIPITATION (INCHES)
RECORD
 MAXIMUM        10.56   2013
 MINIMUM         0.11   1949
TOTALS           1.87              3.43   -1.56     8.88
DAILY AVG.       0.06              0.11   -0.05     0.30
DAYS >= .01         8               9.8    -1.8       17
DAYS >= .10         6               6.2    -0.2       13
DAYS >= .50         1               2.3    -1.3        6
DAYS >= 1.00        0               0.8    -0.8        3
GREATEST
 24 HR. TOTAL    0.63   06/27 TO 06/28              1.97

SNOWFALL (INCHES)
RECORDS
 TOTAL             MM   5
 24 HR TOTAL       MM
TOTALS            0.0               0.0     0.0      0.0
SINCE 7/1        27.5              22.4     5.1     27.0
SNOWDEPTH AVG.      0                MM      MM        0
DAYS >= 1.0         0               0.0     0.0        0
GREATEST
 SNOW DEPTH         0   MM                             0  MM
 24 HR TOTAL      0.0   06/30 TO 06/30               0.0

DEGREE_DAYS
HEATING TOTAL       0                11     -11       12
 SINCE 7/1       3587              4613   -1026     4776
COOLING TOTAL     282               258      24      314
 SINCE 1/1        396               349      47      513
.................................................................

WIND (MPH)
AVERAGE WIND SPEED              8.8
HIGHEST WIND SPEED/DIRECTION    44/270    DATE  06/08
HIGHEST GUST SPEED/DIRECTION    59/270    DATE  06/08

SKY COVER
POSSIBLE SUNSHINE (PERCENT)   MM
AVERAGE SKY COVER           0.60
NUMBER OF DAYS FAIR            4
NUMBER OF DAYS PC             17
NUMBER OF DAYS CLOUDY          9

AVERAGE RH (PERCENT)     60

WEATHER CONDITIONS. NUMBER OF DAYS WITH
THUNDERSTORM              0     MIXED PRECIP               0
HEAVY RAIN                4     RAIN                       7
LIGHT RAIN               11     FREEZING RAIN              0
LT FREEZING RAIN          0     HEAVY SNOW                 0
SNOW                      0     LIGHT SNOW                 0
SLEET                     0     FOG                       11
FOG W/VIS <= 1/4 MILE     0     HAZE                       5

-  INDICATES NEGATIVE NUMBERS.
R  INDICATES RECORD WAS SET OR TIED.
MM INDICATES DATA IS MISSING.
T  INDICATES TRACE AMOUNT.

$$
