000
CXUS51 KPHI 021246
CLMPHL


CLIMATE REPORT
NATIONAL WEATHER SERVICE MOUNT HOLLY NJ
746 AM EST MON FEB 2 2015

...................................

...THE PHILADELPHIA CLIMATE SUMMARY FOR THE MONTH OF JANUARY 2015...

CLIMATE NORMAL PERIOD 1981 TO 2010
CLIMATE RECORD PERIOD 1872 TO 2015

WEATHER         OBSERVED          NORMAL  DEPART  LAST YEAR`S
                 VALUE   DATE(S)  VALUE   FROM    VALUE  DATE(S)
                                          NORMAL
................................................................
TEMPERATURE (F)
RECORD
 HIGH              74   01/26/1950
 LOW               -7   01/22/1984
                        01/17/1982
HIGHEST            58                60      -2       61
LOWEST              9                 9       0        4
AVG. MAXIMUM     37.8              40.3    -2.5     37.1
AVG. MINIMUM     23.9              25.6    -1.7     19.4
MEAN             30.9              33.0    -2.1     28.3
DAYS MAX >= 90      0               0.0     0.0        0
DAYS MAX <= 32      6               6.7    -0.7       12
DAYS MIN <= 32     27              22.6     4.4       26
DAYS MIN <= 0       0               0.2    -0.2        0

PRECIPITATION (INCHES)
RECORD
 MAXIMUM         8.86   1978
 MINIMUM         0.45   1955
TOTALS           4.52              3.03    1.49     3.55
DAILY AVG.       0.15              0.10    0.05     0.11
DAYS >= .01        11              10.6     0.4       13
DAYS >= .10         7               5.8     1.2        9
DAYS >= .50         4               2.3     1.7        2
DAYS >= 1.00        1               0.7     0.3        0
GREATEST
 24 HR. TOTAL    1.84   01/18 TO 01/18              0.85
                        01/17 TO 01/18
                        01/18 TO 01/18

SNOWFALL (INCHES)
RECORDS
 TOTAL             MM   5
 24 HR TOTAL       MM
TOTALS            4.3               6.5    -2.2     25.9
SINCE 7/1         4.4              10.2    -5.8     37.1
SNOWDEPTH AVG.      0                MM      MM        3
DAYS >= 1.0         1               1.6    -0.6        5
GREATEST
 SNOW DEPTH         1   01/27                         13  01/22
                        01/24
                        01/22
 24 HR TOTAL      1.5   01/06 TO 01/06              13.5

DEGREE_DAYS
HEATING TOTAL    1048               993      55     1131
 SINCE 7/1       2560              2663    -103     2744
COOLING TOTAL       0                 0       0        0
 SINCE 1/1          0                 0       0        0
.................................................................

WIND (MPH)
AVERAGE WIND SPEED              10.8
HIGHEST WIND SPEED/DIRECTION    33/310    DATE  01/30
HIGHEST GUST SPEED/DIRECTION    42/280    DATE  01/30

SKY COVER
POSSIBLE SUNSHINE (PERCENT)   MM
AVERAGE SKY COVER           0.60
NUMBER OF DAYS FAIR            7
NUMBER OF DAYS PC             12
NUMBER OF DAYS CLOUDY         12

AVERAGE RH (PERCENT)     60

WEATHER CONDITIONS. NUMBER OF DAYS WITH
THUNDERSTORM              0     MIXED PRECIP               0
HEAVY RAIN                2     RAIN                       5
LIGHT RAIN                6     FREEZING RAIN              1
LT FREEZING RAIN          1     HEAVY SNOW                 2
SNOW                      3     LIGHT SNOW                12
SLEET                     4     FOG                       13
FOG W/VIS <= 1/4 MILE     1     HAZE                       3

-  INDICATES NEGATIVE NUMBERS.
R  INDICATES RECORD WAS SET OR TIED.
MM INDICATES DATA IS MISSING.
T  INDICATES TRACE AMOUNT.

$$
