000
CXUS51 KPHI 031108
CLMPHL


CLIMATE REPORT
NATIONAL WEATHER SERVICE MOUNT HOLLY NJ
708 AM EDT TUE MAY 3 2016

...................................

...THE PHILADELPHIA CLIMATE SUMMARY FOR THE MONTH OF APRIL 2016...

CLIMATE NORMAL PERIOD 1981 TO 2010
CLIMATE RECORD PERIOD 1872 TO 2016

WEATHER         OBSERVED          NORMAL  DEPART  LAST YEAR`S
                 VALUE   DATE(S)  VALUE   FROM    VALUE  DATE(S)
                                          NORMAL
................................................................
TEMPERATURE (F)
RECORD
 HIGH              95   04/17/2002
 LOW               14   04/01/1923
HIGHEST            86                83       3       81
LOWEST             29                30      -1       34
AVG. MAXIMUM     64.4              63.9     0.5     65.3
AVG. MINIMUM     44.5              44.1     0.4     45.4
MEAN             54.5              54.0     0.5     55.4
DAYS MAX >= 90      0               0.2    -0.2        0
DAYS MAX <= 32      0               0.0     0.0        0
DAYS MIN <= 32      3               1.3     1.7        0
DAYS MIN <= 0       0               0.0     0.0        0

PRECIPITATION (INCHES)
RECORD
 MAXIMUM         9.76   1874
 MINIMUM         0.52   1985
TOTALS           1.75              3.56   -1.81     3.58
DAILY AVG.       0.06              0.12   -0.06     0.12
DAYS >= .01         9              11.3    -2.3        9
DAYS >= .10         7               6.7     0.3        6
DAYS >= .50         0               2.3    -2.3        2
DAYS >= 1.00        0               0.9    -0.9        1
GREATEST
 24 HR. TOTAL    0.39   04/09 TO 04/09              2.75
                        04/08 TO 04/09
                        04/09 TO 04/09

SNOWFALL (INCHES)
RECORDS
 TOTAL             MM   5
 24 HR TOTAL       MM
TOTALS            0.3               0.5    -0.2      0.0
SINCE 7/1        27.5              22.4     5.1     27.0
SNOWDEPTH AVG.      0                MM      MM        0
DAYS >= 1.0         0               0.2    -0.2        0
GREATEST
 SNOW DEPTH         0   MM                             0  MM
 24 HR TOTAL      0.3   MM                           0.0

DEGREE_DAYS
HEATING TOTAL     324               343     -19      286
 SINCE 7/1       3442              4490   -1048     4732
COOLING TOTAL      18                12       6        3
 SINCE 1/1         23                13      10        3
.................................................................

WIND (MPH)
AVERAGE WIND SPEED              10.3
HIGHEST WIND SPEED/DIRECTION    39/310    DATE  04/03
HIGHEST GUST SPEED/DIRECTION    52/290    DATE  04/03

SKY COVER
POSSIBLE SUNSHINE (PERCENT)   MM
AVERAGE SKY COVER           0.60
NUMBER OF DAYS FAIR            8
NUMBER OF DAYS PC             11
NUMBER OF DAYS CLOUDY         11

AVERAGE RH (PERCENT)     52

WEATHER CONDITIONS. NUMBER OF DAYS WITH
THUNDERSTORM              0     MIXED PRECIP               0
HEAVY RAIN                3     RAIN                       8
LIGHT RAIN               15     FREEZING RAIN              0
LT FREEZING RAIN          0     HEAVY SNOW                 0
SNOW                      1     LIGHT SNOW                 3
SLEET                     0     FOG                        7
FOG W/VIS <= 1/4 MILE     0     HAZE                       3

-  INDICATES NEGATIVE NUMBERS.
R  INDICATES RECORD WAS SET OR TIED.
MM INDICATES DATA IS MISSING.
T  INDICATES TRACE AMOUNT.

$$
