000
CXUS53 KUNR 011602
CLMPHP


CLIMATE REPORT
NATIONAL WEATHER SERVICE RAPID CITY SD
1001 AM MDT SAT APR 1 2017

...................................

...THE PHILIP SD CLIMATE SUMMARY FOR THE MONTH OF MARCH 2017...

CLIMATE NORMAL PERIOD 1981 TO 2010
CLIMATE RECORD PERIOD 9999 TO 9999

WEATHER         OBSERVED          NORMAL  DEPART  LAST YEAR`S
                 VALUE   DATE(S)  VALUE   FROM    VALUE  DATE(S)
                                          NORMAL
................................................................
TEMPERATURE (F)
HIGHEST            76   03/19                         77  03/06
                        03/16                             03/05
LOWEST              3   03/13                          8  03/20
AVG. MAXIMUM     52.7              47.7     5.0     57.9
AVG. MINIMUM     24.3              21.8     2.5     24.5
MEAN             38.5              34.7     3.8     41.2
DAYS MAX >= 90      0                                  0
DAYS MAX <= 32      5                                  0
DAYS MIN <= 32     25                                 25
DAYS MIN <= 0       0                                  0

PRECIPITATION (INCHES)
TOTALS           0.80              1.27   -0.47     0.71
DAILY AVG.       0.03              0.04   -0.01     0.02
DAYS >= .01         8                                  8
DAYS >= .10         2                                  3
DAYS >= .50         0                                  0
DAYS >= 1.00        0                                  0
GREATEST
 24 HR. TOTAL    0.46   03/28 TO 03/28              0.31

DEGREE_DAYS
HEATING TOTAL     813               938    -125      731
 SINCE 7/1       5873              6303    -430     5543
COOLING TOTAL       0                 0       0        0
 SINCE 1/1          0                 0       0        0
.................................................................

WIND (MPH)
AVERAGE WIND SPEED              10.5
HIGHEST WIND SPEED/DIRECTION    44/290    DATE  03/07
HIGHEST GUST SPEED/DIRECTION    56/300    DATE  03/07

AVERAGE RH (PERCENT)     66

WEATHER CONDITIONS. NUMBER OF DAYS WITH
THUNDERSTORM              0     MIXED PRECIP               0
HEAVY RAIN                0     RAIN                       2
LIGHT RAIN                7     FREEZING RAIN              0
LT FREEZING RAIN          0     HAIL                       0
HEAVY SNOW                0     SNOW                       1
LIGHT SNOW                8     SLEET                      0
FOG                      11     FOG W/VIS <= 1/4 MILE      1
HAZE                      1

-  INDICATES NEGATIVE NUMBERS.
R  INDICATES RECORD WAS SET OR TIED.
MM INDICATES DATA IS MISSING.
T  INDICATES TRACE AMOUNT.

$$
