000
CXUS53 KUNR 011612
CLMPHP


CLIMATE REPORT
NATIONAL WEATHER SERVICE RAPID CITY SD
1011 AM MDT THU JUN 1 2017

...................................

...THE PHILIP SD CLIMATE SUMMARY FOR THE MONTH OF MAY 2017...

CLIMATE NORMAL PERIOD 1981 TO 2010
CLIMATE RECORD PERIOD 9999 TO 9999

WEATHER         OBSERVED          NORMAL  DEPART  LAST YEAR`S
                 VALUE   DATE(S)  VALUE   FROM    VALUE  DATE(S)
                                          NORMAL
................................................................
TEMPERATURE (F)
HIGHEST            92   05/07                         89  05/05
LOWEST             29   05/24                         26  05/14
                        05/21
                        05/01
AVG. MAXIMUM     72.4              70.4     2.0     71.4
AVG. MINIMUM     41.2              43.9    -2.7     41.9
MEAN             56.8              57.2    -0.4     56.7
DAYS MAX >= 90      1                                  0
DAYS MAX <= 32      0                                  0
DAYS MIN <= 32      5                                  5
DAYS MIN <= 0       0                                  0

PRECIPITATION (INCHES)
TOTALS           1.21              3.03   -1.82     1.37
DAILY AVG.       0.04              0.10   -0.06     0.04
DAYS >= .01        13                                  8
DAYS >= .10         3                                  4
DAYS >= .50         0                                  0
DAYS >= 1.00        0                                  0
GREATEST
 24 HR. TOTAL    0.39   05/15 TO 05/15              0.57

DEGREE_DAYS
HEATING TOTAL     260               267      -7      265
 SINCE 7/1       6652              7134    -482     6316
COOLING TOTAL      13                24     -11       13
 SINCE 1/1         13                27     -14       14
.................................................................

WIND (MPH)
AVERAGE WIND SPEED              11.2
HIGHEST WIND SPEED/DIRECTION    43/010    DATE  05/28
HIGHEST GUST SPEED/DIRECTION    54/010    DATE  05/28

AVERAGE RH (PERCENT)     61

WEATHER CONDITIONS. NUMBER OF DAYS WITH
THUNDERSTORM              0     MIXED PRECIP               0
HEAVY RAIN                1     RAIN                       5
LIGHT RAIN               17     FREEZING RAIN              0
LT FREEZING RAIN          0     HAIL                       0
HEAVY SNOW                0     SNOW                       0
LIGHT SNOW                0     SLEET                      0
FOG                       8     FOG W/VIS <= 1/4 MILE      0
HAZE                      0

-  INDICATES NEGATIVE NUMBERS.
R  INDICATES RECORD WAS SET OR TIED.
MM INDICATES DATA IS MISSING.
T  INDICATES TRACE AMOUNT.

$$
