000
CXUS53 KUNR 011602
CLMPHP


CLIMATE REPORT
NATIONAL WEATHER SERVICE RAPID CITY SD
1002 AM MDT WED JUL 1 2015

...................................

...THE PHILIP SD CLIMATE SUMMARY FOR THE MONTH OF JUNE 2015...

CLIMATE NORMAL PERIOD 1981 TO 2010
CLIMATE RECORD PERIOD 9999 TO 9999

WEATHER         OBSERVED          NORMAL  DEPART  LAST YEAR`S
                 VALUE   DATE(S)  VALUE   FROM    VALUE  DATE(S)
                                          NORMAL
................................................................
TEMPERATURE (F)
HIGHEST            93   06/29                         93  06/21
                        06/09
LOWEST             47   06/01                         43  06/12
                                                          06/08
AVG. MAXIMUM     81.1              80.5     0.6     76.4
AVG. MINIMUM     56.4              53.5     2.9     51.7
MEAN             68.7              67.0     1.7     64.1
DAYS MAX >= 90      2                                  1
DAYS MAX <= 32      0                                  0
DAYS MIN <= 32      0                                  0
DAYS MIN <= 0       0                                  0

PRECIPITATION (INCHES)
TOTALS           5.83              2.93    2.90     4.00
DAILY AVG.       0.22              0.10    0.12     0.13
DAYS >= .01        15                                 15
DAYS >= .10        11                                  9
DAYS >= .50         6                                  2
DAYS >= 1.00        0                                  1
GREATEST
 24 HR. TOTAL    0.95   06/15 TO 06/16              1.38

DEGREE_DAYS
HEATING TOTAL      12                63     -51       78
 SINCE 7/1       6686              7197    -511     7545
COOLING TOTAL     110               123     -13       56
 SINCE 1/1        116               150     -34       96
.................................................................

WIND (MPH)
AVERAGE WIND SPEED              7.5
HIGHEST WIND SPEED/DIRECTION    52/290    DATE  06/02
HIGHEST GUST SPEED/DIRECTION    61/280    DATE  06/02

AVERAGE RH (PERCENT)     74

WEATHER CONDITIONS. NUMBER OF DAYS WITH
THUNDERSTORM              0     MIXED PRECIP               0
HEAVY RAIN                9     RAIN                      11
LIGHT RAIN               16     FREEZING RAIN              0
LT FREEZING RAIN          0     HAIL                       0
HEAVY SNOW                0     SNOW                       0
LIGHT SNOW                0     SLEET                      0
FOG                      12     FOG W/VIS <= 1/4 MILE      1
HAZE                      0

-  INDICATES NEGATIVE NUMBERS.
R  INDICATES RECORD WAS SET OR TIED.
MM INDICATES DATA IS MISSING.
T  INDICATES TRACE AMOUNT.

$$
