000
CXUS53 KUNR 011614
CLMPHP


CLIMATE REPORT
NATIONAL WEATHER SERVICE RAPID CITY SD
1014 AM MDT TUE AUG 1 2017

...................................

...THE PHILIP SD CLIMATE SUMMARY FOR THE MONTH OF JULY 2017...

CLIMATE NORMAL PERIOD 1981 TO 2010
CLIMATE RECORD PERIOD 9999 TO 9999

WEATHER         OBSERVED          NORMAL  DEPART  LAST YEAR`S
                 VALUE   DATE(S)  VALUE   FROM    VALUE  DATE(S)
                                          NORMAL
................................................................
TEMPERATURE (F)
HIGHEST           108   07/09                        109  07/20
LOWEST             44   07/01                         51  07/08
AVG. MAXIMUM     97.1              89.3     7.8     90.9
AVG. MINIMUM     62.2              59.9     2.3     59.5
MEAN             79.6              74.6     5.0     75.2
DAYS MAX >= 90     30                                 17
DAYS MAX <= 32      0                                  0
DAYS MIN <= 32      0                                  0
DAYS MIN <= 0       0                                  0

PRECIPITATION (INCHES)
TOTALS           0.59              2.03   -1.44     1.72
DAILY AVG.       0.02              0.07   -0.05     0.06
DAYS >= .01         8                                 11
DAYS >= .10         1                                  5
DAYS >= .50         0                                  0
DAYS >= 1.00        0                                  0
GREATEST
 24 HR. TOTAL    0.42   07/29 TO 07/29              0.42

DEGREE_DAYS
HEATING TOTAL       0                 8      -8        4
 SINCE 7/1          0                 8      -8        4
COOLING TOTAL     460               305     155      326
 SINCE 1/1        623               455     168      567
.................................................................

WIND (MPH)
AVERAGE WIND SPEED              9.2
HIGHEST WIND SPEED/DIRECTION    40/060    DATE  07/29
HIGHEST GUST SPEED/DIRECTION    50/060    DATE  07/29

AVERAGE RH (PERCENT)     55

WEATHER CONDITIONS. NUMBER OF DAYS WITH
THUNDERSTORM              0     MIXED PRECIP               0
HEAVY RAIN                1     RAIN                       5
LIGHT RAIN                9     FREEZING RAIN              0
LT FREEZING RAIN          0     HAIL                       0
HEAVY SNOW                0     SNOW                       0
LIGHT SNOW                0     SLEET                      0
FOG                       1     FOG W/VIS <= 1/4 MILE      0
HAZE                      0

-  INDICATES NEGATIVE NUMBERS.
R  INDICATES RECORD WAS SET OR TIED.
MM INDICATES DATA IS MISSING.
T  INDICATES TRACE AMOUNT.

$$
