000
CXUS53 KUNR 011619
CLMPHP


CLIMATE REPORT
NATIONAL WEATHER SERVICE RAPID CITY SD
918 AM MST SUN FEB 1 2015

...................................

...THE PHILIP SD CLIMATE SUMMARY FOR THE MONTH OF JANUARY 2015...

CLIMATE NORMAL PERIOD 1981 TO 2010
CLIMATE RECORD PERIOD 9999 TO 9999

WEATHER         OBSERVED          NORMAL  DEPART  LAST YEAR`S
                 VALUE   DATE(S)  VALUE   FROM    VALUE  DATE(S)
                                          NORMAL
................................................................
TEMPERATURE (F)
HIGHEST            75   01/27                         56  01/25
LOWEST            -13   01/12                        -10  01/05
AVG. MAXIMUM     39.1              34.7     4.4     36.9
AVG. MINIMUM     12.9               9.5     3.4     12.2
MEAN             26.0              22.1     3.9     24.5
DAYS MAX >= 90      0                                  0
DAYS MAX <= 32     10                                 12
DAYS MIN <= 32     29                                 30
DAYS MIN <= 0       7                                  6

PRECIPITATION (INCHES)
TOTALS           0.02              0.30   -0.28     0.11
DAILY AVG.       0.00              0.01   -0.01     0.00
DAYS >= .01         2                                  4
DAYS >= .10         0                                  0
DAYS >= .50         0                                  0
DAYS >= 1.00        0                                  0
GREATEST
 24 HR. TOTAL    0.01   01/31 TO 01/31              0.09
                        01/03 TO 01/04
                        01/04 TO 01/04

DEGREE_DAYS
HEATING TOTAL    1200              1330    -130     1245
 SINCE 7/1       4046              4265    -219     4268
COOLING TOTAL       0                 0       0        0
 SINCE 1/1          0                 0       0        0
.................................................................

WIND (MPH)
AVERAGE WIND SPEED              10.7
HIGHEST WIND SPEED/DIRECTION    44/310    DATE  01/24
HIGHEST GUST SPEED/DIRECTION    55/320    DATE  01/24

AVERAGE RH (PERCENT)     65

WEATHER CONDITIONS. NUMBER OF DAYS WITH
THUNDERSTORM              0     MIXED PRECIP               0
HEAVY RAIN                0     RAIN                       0
LIGHT RAIN                4     FREEZING RAIN              0
LT FREEZING RAIN          1     HAIL                       0
HEAVY SNOW                0     SNOW                       0
LIGHT SNOW                7     SLEET                      0
FOG                       2     FOG W/VIS <= 1/4 MILE      1
HAZE                      1

-  INDICATES NEGATIVE NUMBERS.
R  INDICATES RECORD WAS SET OR TIED.
MM INDICATES DATA IS MISSING.
T  INDICATES TRACE AMOUNT.

$$
