000
CXUS53 KUNR 011504
CLMPHP


CLIMATE REPORT
NATIONAL WEATHER SERVICE RAPID CITY SD
903 AM MDT SAT AUG 1 2015

...................................

...THE PHILIP SD CLIMATE SUMMARY FOR THE MONTH OF JULY 2015...

CLIMATE NORMAL PERIOD 1981 TO 2010
CLIMATE RECORD PERIOD 9999 TO 9999

WEATHER         OBSERVED          NORMAL  DEPART  LAST YEAR`S
                 VALUE   DATE(S)  VALUE   FROM    VALUE  DATE(S)
                                          NORMAL
................................................................
TEMPERATURE (F)
HIGHEST           100   07/23                        106  07/24
LOWEST             51   07/30                         42  07/15
                        07/29
AVG. MAXIMUM     87.9              89.3    -1.4     87.8
AVG. MINIMUM     59.6              59.9    -0.3     56.8
MEAN             73.8              74.6    -0.8     72.3
DAYS MAX >= 90     15                                 12
DAYS MAX <= 32      0                                  0
DAYS MIN <= 32      0                                  0
DAYS MIN <= 0       0                                  0

PRECIPITATION (INCHES)
TOTALS           0.62              2.03   -1.41     0.11
DAILY AVG.       0.02              0.07   -0.05     0.00
DAYS >= .01         2                                  4
DAYS >= .10         2                                  0
DAYS >= .50         0                                  0
DAYS >= 1.00        0                                  0
GREATEST
 24 HR. TOTAL    1.05   07/24 TO 07/25              0.07
                        07/25 TO 07/25

DEGREE_DAYS
HEATING TOTAL       0                 8      -8       16
 SINCE 7/1          0                 8      -8       16
COOLING TOTAL     281               305     -24      250
 SINCE 1/1        397               455     -58      346
.................................................................

WIND (MPH)
AVERAGE WIND SPEED              8.3
HIGHEST WIND SPEED/DIRECTION    51/310    DATE  07/25
HIGHEST GUST SPEED/DIRECTION    61/300    DATE  07/25

AVERAGE RH (PERCENT)     65

WEATHER CONDITIONS. NUMBER OF DAYS WITH
THUNDERSTORM              0     MIXED PRECIP               0
HEAVY RAIN                3     RAIN                       5
LIGHT RAIN                9     FREEZING RAIN              0
LT FREEZING RAIN          0     HAIL                       0
HEAVY SNOW                0     SNOW                       0
LIGHT SNOW                0     SLEET                      0
FOG                      10     FOG W/VIS <= 1/4 MILE      1
HAZE                      4

-  INDICATES NEGATIVE NUMBERS.
R  INDICATES RECORD WAS SET OR TIED.
MM INDICATES DATA IS MISSING.
T  INDICATES TRACE AMOUNT.

$$
