000
CXUS53 KUNR 011615
CLMPHP


CLIMATE REPORT
NATIONAL WEATHER SERVICE RAPID CITY SD
915 AM MST MON JAN 1 2018

...................................

...THE PHILIP SD CLIMATE SUMMARY FOR THE MONTH OF DECEMBER 2017...

CLIMATE NORMAL PERIOD 1981 TO 2010
CLIMATE RECORD PERIOD 9999 TO 9999

WEATHER         OBSERVED          NORMAL  DEPART  LAST YEAR`S
                 VALUE   DATE(S)  VALUE   FROM    VALUE  DATE(S)
                                          NORMAL
................................................................
TEMPERATURE (F)
HIGHEST            62   12/12                         47  12/04
                        12/10
LOWEST            -30R  12/31                        -25  12/18
AVG. MAXIMUM     35.4              35.6    -0.2     26.3
AVG. MINIMUM     11.9              10.5     1.4      3.8
MEAN             23.6              23.0     0.6     15.1
DAYS MAX >= 90      0                                  0
DAYS MAX <= 32     11                                 17
DAYS MIN <= 32     29                                 30
DAYS MIN <= 0       7                                 10

PRECIPITATION (INCHES)
TOTALS           0.39              0.43   -0.04       MM
DAILY AVG.       0.01              0.01    0.00     0.01
DAYS >= .01         7                                  4
DAYS >= .10         1                                  1
DAYS >= .50         0                                  0
DAYS >= 1.00        0                                  0
GREATEST
 24 HR. TOTAL    0.15   12/30 TO 12/30                MM

DEGREE_DAYS
HEATING TOTAL    1274              1300     -26     1492
 SINCE 7/1       2723              2935    -212     2630
COOLING TOTAL       0                 0       0        0
 SINCE 1/1        911               818      93      908
.................................................................

WIND (MPH)
AVERAGE WIND SPEED              11.5
HIGHEST WIND SPEED/DIRECTION    45/310    DATE  12/04
HIGHEST GUST SPEED/DIRECTION    60/320    DATE  12/04

AVERAGE RH (PERCENT)     66

WEATHER CONDITIONS. NUMBER OF DAYS WITH
THUNDERSTORM              0     MIXED PRECIP               0
HEAVY RAIN                0     RAIN                       0
LIGHT RAIN                2     FREEZING RAIN              0
LT FREEZING RAIN          0     HAIL                       0
HEAVY SNOW                1     SNOW                       2
LIGHT SNOW                9     SLEET                      0
FOG                       9     FOG W/VIS <= 1/4 MILE      1
HAZE                      2

-  INDICATES NEGATIVE NUMBERS.
R  INDICATES RECORD WAS SET OR TIED.
MM INDICATES DATA IS MISSING.
T  INDICATES TRACE AMOUNT.

$$
