000
CXUS53 KUNR 011604
CLMPHP


CLIMATE REPORT
NATIONAL WEATHER SERVICE RAPID CITY SD
902 AM MST THU DEC 1 2016

...................................

...THE PHILIP SD CLIMATE SUMMARY FOR THE MONTH OF NOVEMBER 2016...

CLIMATE NORMAL PERIOD 1981 TO 2010
CLIMATE RECORD PERIOD 9999 TO 9999

WEATHER         OBSERVED          NORMAL  DEPART  LAST YEAR`S
                 VALUE   DATE(S)  VALUE   FROM    VALUE  DATE(S)
                                          NORMAL
................................................................
TEMPERATURE (F)
HIGHEST            80   11/05                         74  11/01
LOWEST              9   11/19                          3  11/27
AVG. MAXIMUM     57.7              47.1    10.6     50.4
AVG. MINIMUM     26.7              20.8     5.9     21.4
MEAN             42.2              33.9     8.3     35.9
DAYS MAX >= 90      0                                  0
DAYS MAX <= 32      2                                  4
DAYS MIN <= 32     25                                 26
DAYS MIN <= 0       0                                  0

PRECIPITATION (INCHES)
TOTALS           0.16              0.62   -0.46     0.90
DAILY AVG.       0.01              0.02   -0.01     0.03
DAYS >= .01         4                                  7
DAYS >= .10         0                                  3
DAYS >= .50         0                                  0
DAYS >= 1.00        0                                  0
GREATEST
 24 HR. TOTAL    0.08   11/29 TO 11/30              0.37

DEGREE_DAYS
HEATING TOTAL     677               932    -255      866
 SINCE 7/1       1138              1635    -497     1340
COOLING TOTAL       0                 0       0        0
 SINCE 1/1        908               818      90      750
.................................................................

WIND (MPH)
AVERAGE WIND SPEED              9.8
HIGHEST WIND SPEED/DIRECTION    40/320    DATE  11/29
HIGHEST GUST SPEED/DIRECTION    52/320    DATE  11/29

AVERAGE RH (PERCENT)     63

WEATHER CONDITIONS. NUMBER OF DAYS WITH
THUNDERSTORM              0     MIXED PRECIP               0
HEAVY RAIN                0     RAIN                       0
LIGHT RAIN                2     FREEZING RAIN              0
LT FREEZING RAIN          0     HAIL                       0
HEAVY SNOW                0     SNOW                       0
LIGHT SNOW                5     SLEET                      0
FOG                       7     FOG W/VIS <= 1/4 MILE      0
HAZE                      0

-  INDICATES NEGATIVE NUMBERS.
R  INDICATES RECORD WAS SET OR TIED.
MM INDICATES DATA IS MISSING.
T  INDICATES TRACE AMOUNT.

$$
