000
CXUS55 KPSR 012158 CCA
CLMPHX

CLIMATE REPORT
NATIONAL WEATHER SERVICE PHOENIX AZ
222 AM MST SAT NOV 1 2014

...................................

...THE PHOENIX AZ CLIMATE SUMMARY FOR THE MONTH OF OCTOBER 2014...

CLIMATE NORMAL PERIOD 1981 TO 2010
CLIMATE RECORD PERIOD 1895 TO 2014

WEATHER         OBSERVED          NORMAL  DEPART
                 VALUE   DATE(S)  VALUE   FROM
                                          NORMAL
................................................
TEMPERATURE (F)
RECORD
 HIGH             107   10/02/1980
                        10/01/1980
 LOW               34   10/30/1971
HIGHEST            99   10/04       100      -1
                        10/03
LOWEST             64   10/30        54      10
                        10/29
AVG. MAXIMUM     91.8              88.5     3.3
AVG. MINIMUM     68.2              64.8     3.4
MEAN             80.0              76.7     3.3
DAYS MAX >= 90     24              14.4     9.6
DAYS MAX <= 32      0               0.0     0.0
DAYS MIN <= 32      0               0.0     0.0
DAYS MIN <= 0       0               0.0     0.0

PRECIPITATION (INCHES)
RECORD
 MAXIMUM         4.40   1972
 MINIMUM         0.00   1973
                        1995
                        1999
TOTALS           0.13              0.58   -0.45
DAYS >= .01         2               2.5    -0.5
DAYS >= .10         0               1.3    -1.3
DAYS >= .50         0               0.3    -0.3
DAYS >= 1.00        0               0.1    -0.1
GREATEST
 24 HR. TOTAL    0.08   10/19 TO 10/19
                        10/18 TO 10/19
                        10/19 TO 10/19

DEGREE_DAYS
HEATING TOTAL       0                 6      -6
 SINCE 7/1          0                 6      -6
COOLING TOTAL     471               367     104
 SINCE 1/1       4944              4536     408
.................................................

WIND (MPH)
AVERAGE WIND SPEED              4.9
HIGHEST GUST SPEED/DIRECTION    33/120    DATE  10/19

AVERAGE RH (PERCENT)     37

WEATHER CONDITIONS. NUMBER OF DAYS WITH
THUNDERSTORM              1     HEAVY RAIN                 0
RAIN                      1     LIGHT RAIN                 4
FOG W/VIS <= 1/4 MILE     0

-  INDICATES NEGATIVE NUMBERS.
R  INDICATES RECORD WAS SET OR TIED.
MM INDICATES DATA IS MISSING.
T  INDICATES TRACE AMOUNT.

$$
