000
CXUS55 KPSR 010938
CLMPHX

CLIMATE REPORT
NATIONAL WEATHER SERVICE PHOENIX AZ
238 AM MST SUN MAR 1 2015

...................................

...THE PHOENIX AZ CLIMATE SUMMARY FOR THE MONTH OF FEBRUARY 2015...

CLIMATE NORMAL PERIOD 1981 TO 2010
CLIMATE RECORD PERIOD 1895 TO 2015

WEATHER         OBSERVED          NORMAL  DEPART
                 VALUE   DATE(S)  VALUE   FROM
                                          NORMAL
................................................
TEMPERATURE (F)
RECORD
 HIGH              92   02/27/1986
                        02/25/1921
 LOW               24   02/08/1933
                        02/07/1899
HIGHEST            84   02/06        83       1
LOWEST             47   02/25        39       8
AVG. MAXIMUM     77.5              70.7     6.8
AVG. MINIMUM     53.8              48.7     5.1
MEAN             65.6              59.7     5.9
DAYS MAX >= 90      0               0.1    -0.1
DAYS MAX <= 32      0               0.0     0.0
DAYS MIN <= 32      0               0.1    -0.1
DAYS MIN <= 0       0               0.0     0.0

PRECIPITATION (INCHES)
RECORD
 MAXIMUM         4.64   1905
 MINIMUM         0.00   2014
                        2006
                        1967
TOTALS           0.01              0.92   -0.91
DAYS >= .01         1               4.4    -3.4
DAYS >= .10         0               2.2    -2.2
DAYS >= .50         0               0.4    -0.4
DAYS >= 1.00        0               0.1    -0.1
GREATEST
 24 HR. TOTAL    0.01   02/23 TO 02/23

DEGREE_DAYS
HEATING TOTAL      25               163    -138
 SINCE 7/1        495               833    -338
COOLING TOTAL      48                15      33
 SINCE 1/1         48                17      31
.................................................

WIND (MPH)
AVERAGE WIND SPEED              5.4
HIGHEST GUST SPEED/DIRECTION    34/290    DATE  02/24

AVERAGE RH (PERCENT)     43

WEATHER CONDITIONS. NUMBER OF DAYS WITH
THUNDERSTORM              0     HEAVY RAIN                 0
RAIN                      0     LIGHT RAIN                 3
FOG W/VIS <= 1/4 MILE     1

-  INDICATES NEGATIVE NUMBERS.
R  INDICATES RECORD WAS SET OR TIED.
MM INDICATES DATA IS MISSING.
T  INDICATES TRACE AMOUNT.

$$
