000
CXUS55 KPSR 011003
CLMPHX

CLIMATE REPORT
NATIONAL WEATHER SERVICE PHOENIX AZ
301 AM MST MON AUG 1 2016

...................................

...THE PHOENIX AZ CLIMATE SUMMARY FOR THE MONTH OF JULY 2016...

CLIMATE NORMAL PERIOD 1981 TO 2010
CLIMATE RECORD PERIOD 1895 TO 2016

WEATHER         OBSERVED          NORMAL  DEPART
                 VALUE   DATE(S)  VALUE   FROM
                                          NORMAL
................................................
TEMPERATURE (F)
RECORD
 HIGH             121   07/28/1995
 LOW               63   07/05/1912
                        07/04/1912
HIGHEST           112   07/29       114      -2
                        07/27
                        07/22
LOWEST             77   07/29        74       3
AVG. MAXIMUM    108.3             106.1     2.2
AVG. MINIMUM     86.0              83.5     2.5
MEAN             97.1              94.8     2.3
DAYS MAX >= 90     31              30.8     0.2
DAYS MAX <= 32      0               0.0     0.0
DAYS MIN <= 32      0               0.0     0.0
DAYS MIN <= 0       0               0.0     0.0

PRECIPITATION (INCHES)
RECORD
 MAXIMUM         6.47   1911
 MINIMUM         0.00   1993
                        1995
TOTALS           0.89              1.05   -0.16
DAYS >= .01         2               4.2    -2.2
DAYS >= .10         2               2.2    -0.2
DAYS >= .50         1               0.6     0.4
DAYS >= 1.00        0               0.3    -0.3
GREATEST
 24 HR. TOTAL    0.53   07/29 TO 07/29
                        07/29 TO 07/30

DEGREE_DAYS
HEATING TOTAL       0                 0       0
 SINCE 7/1          0                 0       0
COOLING TOTAL    1006               924      82
 SINCE 1/1       2913              2584     329
.................................................

WIND (MPH)
AVERAGE WIND SPEED              8.0
HIGHEST GUST SPEED/DIRECTION    70/070    DATE  07/29

AVERAGE RH (PERCENT)     27

WEATHER CONDITIONS. NUMBER OF DAYS WITH
THUNDERSTORM              0     HEAVY RAIN                 2
RAIN                      2     LIGHT RAIN                 6
FOG W/VIS <= 1/4 MILE     0

-  INDICATES NEGATIVE NUMBERS.
R  INDICATES RECORD WAS SET OR TIED.
MM INDICATES DATA IS MISSING.
T  INDICATES TRACE AMOUNT.

$$
