000
CXUS55 KPSR 010826
CLMPHX

CLIMATE REPORT
NATIONAL WEATHER SERVICE PHOENIX AZ
125 AM MST SAT JUL 1 2017

...................................

...THE PHOENIX AZ CLIMATE SUMMARY FOR THE MONTH OF JUNE 2017...

CLIMATE NORMAL PERIOD 1981 TO 2010
CLIMATE RECORD PERIOD 1895 TO 2017

WEATHER         OBSERVED          NORMAL  DEPART
                 VALUE   DATE(S)  VALUE   FROM
                                          NORMAL
................................................
TEMPERATURE (F)
RECORD
 HIGH             122   06/26/1990
 LOW               49   06/04/1908
HIGHEST           119   06/20       113       6
LOWEST             69   06/13        68       1
AVG. MAXIMUM    107.9             103.9     4.0
AVG. MINIMUM     81.4              77.7     3.7
MEAN             94.7              90.8     3.9
DAYS MAX >= 90     30              29.4     0.6
DAYS MAX <= 32      0               0.0     0.0
DAYS MIN <= 32      0               0.0     0.0
DAYS MIN <= 0       0               0.0     0.0

PRECIPITATION (INCHES)
RECORD
 MAXIMUM         1.70   1972
 MINIMUM         0.00   2014
                        2013
                        2012
TOTALS           0.00R             0.02   -0.02
DAYS >= .01         0               0.5    -0.5
DAYS >= .10         0               0.1    -0.1
DAYS >= .50         0               0.0     0.0
DAYS >= 1.00        0               0.0     0.0
GREATEST
 24 HR. TOTAL    0.00   06/30 TO 06/30
                        06/29 TO 06/29
                        06/28 TO 06/28

DEGREE_DAYS
HEATING TOTAL       0                 0       0
 SINCE 7/1        693               935    -242
COOLING TOTAL     899               774     125
 SINCE 1/1       1973              1660     313
.................................................

WIND (MPH)
AVERAGE WIND SPEED              7.2
HIGHEST GUST SPEED/DIRECTION    39/170    DATE  06/11

AVERAGE RH (PERCENT)     16

WEATHER CONDITIONS. NUMBER OF DAYS WITH
THUNDERSTORM              0     HEAVY RAIN                 0
RAIN                      0     LIGHT RAIN                 0
FOG W/VIS <= 1/4 MILE     0

-  INDICATES NEGATIVE NUMBERS.
R  INDICATES RECORD WAS SET OR TIED.
MM INDICATES DATA IS MISSING.
T  INDICATES TRACE AMOUNT.

$$
