921
CXUS53 KILX 011421 RRB
CLMPIA

CLIMATE REPORT
NATIONAL WEATHER SERVICE LINCOLN IL
832 AM CDT THU JUN 1 2017

...................................

...THE PEORIA IL CLIMATE SUMMARY FOR THE MONTH OF MAY 2017...

CLIMATE NORMAL PERIOD 1981 TO 2010
CLIMATE RECORD PERIOD 1883 TO 2017

WEATHER         OBSERVED          NORMAL  DEPART  LAST YEAR`S
                 VALUE   DATE(S)  VALUE   FROM    VALUE
                                          NORMAL
.............................................................
TEMPERATURE (F)
RECORD
 HIGH             104   05/31/1934
 LOW               25   05/10/1966
HIGHEST            87   05/15        73      14       90
LOWEST             36   05/03        51     -15       41
AVG. MAXIMUM     72.8              73.2    -0.4     73.4
AVG. MINIMUM     51.2              51.6    -0.4     52.4
MEAN             62.0              62.4    -0.4     62.9
DAYS MAX >= 90      0               0.5    -0.5        1
DAYS MAX <= 32      0               0.0     0.0        0
DAYS MIN <= 32      0               0.2    -0.2        0
DAYS MIN <= 0       0               0.0     0.0        0

PRECIPITATION (INCHES)
RECORD
 MAXIMUM        11.49   1915
 MINIMUM         0.47   1934
TOTALS           3.62              4.33   -0.71     2.86
DAILY AVG.       0.12              0.14   -0.02     0.09
DAYS >= .01         9              11.8    -2.8       12
DAYS >= .10         7               7.8    -0.8        7
DAYS >= .50         3               2.5     0.5        2
DAYS >= 1.00        0               1.2    -1.2        0
GREATEST
 24 HR. TOTAL    0.98   04/30 TO 05/01              0.88
                        05/01 TO 05/02
                        05/02 TO 05/03

SNOWFALL (INCHES)
RECORDS
 TOTAL            0.1   1966
                        1923
TOTALS            0.0               0.0     0.0      0.0
SINCE 7/1        13.9              24.6   -10.7     15.3
DAYS >= 1.0         0               0.0     0.0        0
GREATEST
 SNOW DEPTH         0   MM                             0
 24 HR TOTAL      0.0   05/31 TO 05/31               0.0

DEGREE_DAYS
HEATING TOTAL     150               148       2      147
 SINCE 7/1       4701              5813   -1112     4641
COOLING TOTAL      63                67      -4       88
 SINCE 1/1         81                81       0      106
..............................................................

WIND (MPH)
AVERAGE WIND SPEED              8.4
HIGHEST WIND SPEED/DIRECTION    35/190    DATE  05/17
HIGHEST GUST SPEED/DIRECTION    45/200    DATE  05/17

SKY COVER
POSSIBLE SUNSHINE (PERCENT)   MM
AVERAGE SKY COVER           0.40
NUMBER OF DAYS FAIR           15
NUMBER OF DAYS PC             11
NUMBER OF DAYS CLOUDY          5

AVERAGE RH (PERCENT)     69

WEATHER CONDITIONS. NUMBER OF DAYS WITH
THUNDERSTORM              5     MIXED PRECIP               0
HEAVY RAIN                4     RAIN                       4
LIGHT RAIN               11     FREEZING RAIN              0
LT FREEZING RAIN          0     HAIL                       0
HEAVY SNOW                0     SNOW                       0
LIGHT SNOW                0     SLEET                      0
FOG                      13     FOG W/VIS <= 1/4 MILE      1
HAZE                      3

-  INDICATES NEGATIVE NUMBERS.
R  INDICATES RECORD WAS SET OR TIED.
MM INDICATES DATA IS MISSING.
T  INDICATES TRACE AMOUNT.

&&

RECORDS ESTABLISHED THIS MAY:

* NONE

$$
