000
CXUS53 KILX 011613
CLMPIA


CLIMATE REPORT
NATIONAL WEATHER SERVICE LINCOLN IL
1005 AM CST THU JAN 1 2015

...................................

...THE PEORIA IL CLIMATE SUMMARY FOR THE MONTH OF DECEMBER 2014...

CLIMATE NORMAL PERIOD 1981 TO 2010
CLIMATE RECORD PERIOD 1883 TO 2014

WEATHER         OBSERVED          NORMAL  DEPART  LAST YEAR`S
                 VALUE   DATE(S)  VALUE   FROM    VALUE
                                          NORMAL
.............................................................
TEMPERATURE (F)
RECORD
 HIGH              71   12/02/1982
                        12/03/1970
 LOW              -24   12/28/1924
HIGHEST            54   12/26        36      18       55
LOWEST              5   12/31        21     -16       -2
AVG. MAXIMUM     39.6              36.1     3.5     33.1
AVG. MINIMUM     27.4              21.0     6.4     16.2
MEAN             33.5              28.6     4.9     24.6
DAYS MAX >= 90      0               0.0     0.0        0
DAYS MAX <= 32      6              10.3    -4.3       15
DAYS MIN <= 32     20              25.7    -5.7       28
DAYS MIN <= 0       0               1.9    -1.9        2

PRECIPITATION (INCHES)
RECORD
 MAXIMUM         6.34   1949
 MINIMUM         0.29   1930
TOTALS           1.23              2.42   -1.19     1.49
DAILY AVG.       0.04              0.08   -0.04     0.05
DAYS >= .01         7              10.1    -3.1       11
DAYS >= .10         3               5.3    -2.3        5
DAYS >= .50         1               1.5    -0.5        0
DAYS >= 1.00        0               0.5    -0.5        0
GREATEST
 24 HR. TOTAL    0.67   12/22 TO 12/23              0.65

SNOWFALL (INCHES)
RECORDS
 TOTAL           21.7   1977
TOTALS              T               7.1    -7.1      8.5
SINCE 7/1         1.3               8.2    -6.9      9.1
DAYS >= 1.0         0               2.0    -2.0        2
GREATEST
 SNOW DEPTH         0   MM                             7
 24 HR TOTAL        T   12/27 TO 12/27               3.5

DEGREE_DAYS
HEATING TOTAL     968              1130    -162     1244
 SINCE 7/1       2209              2278     -69     2426
COOLING TOTAL       0                 0       0        0
 SINCE 1/1       1156              1039     117     1174
..............................................................

WIND (MPH)
AVERAGE WIND SPEED              7.3
HIGHEST WIND SPEED/DIRECTION    23/240    DATE  12/23
HIGHEST GUST SPEED/DIRECTION    34/310    DATE  12/08

SKY COVER
POSSIBLE SUNSHINE (PERCENT)   MM
AVERAGE SKY COVER           0.60
NUMBER OF DAYS FAIR            9
NUMBER OF DAYS PC              8
NUMBER OF DAYS CLOUDY         14

AVERAGE RH (PERCENT)     73

WEATHER CONDITIONS. NUMBER OF DAYS WITH
THUNDERSTORM              0     MIXED PRECIP               0
HEAVY RAIN                1     RAIN                       3
LIGHT RAIN                9     FREEZING RAIN              0
LT FREEZING RAIN          0     HAIL                       0
HEAVY SNOW                0     SNOW                       0
LIGHT SNOW                4     SLEET                      0
FOG                      16     FOG W/VIS <= 1/4 MILE      1
HAZE                     18

-  INDICATES NEGATIVE NUMBERS.
R  INDICATES RECORD WAS SET OR TIED.
MM INDICATES DATA IS MISSING.
T  INDICATES TRACE AMOUNT.
&&

TIED LEAST SNOWIEST DECEMBER ON RECORD
RECORD WARM LOW OF 47 DEGREES ON DEC 15TH

$$

JRP
