599
CXUS55 KPIH 041627
CLMPIH

CLIMATE REPORT
NATIONAL WEATHER SERVICE POCATELLO ID
901 AM MST WED JAN 4 2017

...................................

...THE POCATELLO CLIMATE SUMMARY FOR THE MONTH OF DECEMBER 2016...

CLIMATE NORMAL PERIOD 1981 TO 2010
CLIMATE RECORD PERIOD 1939 TO 2017

WEATHER         OBSERVED          NORMAL  DEPART  LAST YEAR`S
                 VALUE   DATE(S)  VALUE   FROM    VALUE  DATE(S)
                                          NORMAL
................................................................
TEMPERATURE (F)
RECORD
 HIGH              64   12/01/1995
 LOW              -29   12/23/1990
HIGHEST            45   12/15        64     -19       60  12/09
LOWEST            -11   12/19       -29      18      -14  12/31
AVG. MAXIMUM     29.0              32.8    -3.8     33.0
AVG. MINIMUM     10.3              16.1    -5.8     16.7
MEAN             19.7              24.5    -4.8     24.9
DAYS MAX >= 90      0               0.0     0.0        0
DAYS MAX <= 32     18              13.4     4.6       15
DAYS MIN <= 32     29              28.6     0.4       28
DAYS MIN <= 0      11               3.1     7.9        6

PRECIPITATION (INCHES)
RECORD
 MAXIMUM         3.39   1983
 MINIMUM         0.07   1989
TOTALS           2.86              1.24    1.62     0.94
DAILY AVG.       0.09              0.04    0.05     0.03
DAYS >= .01        16              11.3     4.7       11
DAYS >= .10         7               3.8     3.2        4
DAYS >= .50         1               0.4     0.6        0
DAYS >= 1.00        1               0.0     1.0        0
GREATEST
 24 HR. TOTAL    4.13   12/17 TO 12/18              0.36

SNOWFALL (INCHES)
RECORDS
 TOTAL           33.7   1983
TOTALS           28.5              10.7    17.8     12.0
SINCE 7/1        31.1              18.1    13.0     18.3
SNOWDEPTH AVG.      5                 2       3        2
DAYS >= 1.0        10               3.2     6.8        3
GREATEST
 SNOW DEPTH        13   12/26                          5  12/15
 24 HR TOTAL      9.5   12/16 TO 12/16               5.6

DEGREE_DAYS
HEATING TOTAL    1397              1257     140     1235
 SINCE 7/1       2832              2985    -153     2679
COOLING TOTAL       0                 0       0        0
 SINCE 1/1        416               392      24      502
.................................................................

WIND (MPH)
AVERAGE WIND SPEED              9.5
HIGHEST WIND SPEED/DIRECTION    38/240    DATE  12/05
HIGHEST GUST SPEED/DIRECTION    46/240    DATE  12/05

SKY COVER
POSSIBLE SUNSHINE (PERCENT)   MM
AVERAGE SKY COVER           0.70
NUMBER OF DAYS FAIR            3
NUMBER OF DAYS PC             14
NUMBER OF DAYS CLOUDY         14

AVERAGE RH (PERCENT)     81

WEATHER CONDITIONS. NUMBER OF DAYS WITH
THUNDERSTORM              0     MIXED PRECIP               0
HEAVY RAIN                0     RAIN                       1
LIGHT RAIN                5     FREEZING RAIN              0
LT FREEZING RAIN          2     HAIL                       0
HEAVY SNOW                1     SNOW                       5
LIGHT SNOW               20     SLEET                      0
FOG                      26     FOG W/VIS <= 1/4 MILE      6
HAZE                      7

-  INDICATES NEGATIVE NUMBERS.
R  INDICATES RECORD WAS SET OR TIED.
MM INDICATES DATA IS MISSING.
T  INDICATES TRACE AMOUNT.

$$

&&
