000
CXUS55 KPIH 011657
CLMPIH

CLIMATE REPORT
NATIONAL WEATHER SERVICE POCATELLO ID
947 AM MST SUN MAR 1 2015

...................................

...THE POCATELLO CLIMATE SUMMARY FOR THE MONTH OF FEBRUARY 2015...

CLIMATE NORMAL PERIOD 1981 TO 2010
CLIMATE RECORD PERIOD 1939 TO 2015

WEATHER         OBSERVED          NORMAL  DEPART  LAST YEAR`S
                 VALUE   DATE(S)  VALUE   FROM    VALUE  DATE(S)
                                          NORMAL
................................................................
TEMPERATURE (F)
RECORD
 HIGH              64   02/28/1992
 LOW              -31   02/04/1985
HIGHEST            62   02/06        65      -3       57  02/15
LOWEST             11   02/23       -33      44       -3  02/05
AVG. MAXIMUM     50.1              37.5    12.6     42.1
AVG. MINIMUM     27.0              19.2     7.8     25.5
MEAN             38.6              28.4    10.2     33.8
DAYS MAX >= 90      0               0.0     0.0        0
DAYS MAX <= 32      0               7.9    -7.9        5
DAYS MIN <= 32     20              25.1    -5.1       21
DAYS MIN <= 0       0               1.9    -1.9        3

PRECIPITATION (INCHES)
RECORD
 MAXIMUM         2.63   1986
 MINIMUM         0.12   1970
TOTALS           0.67              0.97   -0.30     1.08
DAILY AVG.       0.02              0.03   -0.01     0.04
DAYS >= .01         6               9.8    -3.8       13
DAYS >= .10         3               3.1    -0.1        6
DAYS >= .50         0               0.2    -0.2        0
DAYS >= 1.00        0               0.0     0.0        0
GREATEST
 24 HR. TOTAL    0.31   02/03 TO 02/04              0.27

SNOWFALL (INCHES)
RECORDS
 TOTAL           30.5   2004
TOTALS            2.1               7.1    -5.0      6.7
SINCE 7/1        14.8              34.0   -19.2     18.9
SNOWDEPTH AVG.      0                 3      -3        0
DAYS >= 1.0         1               2.2    -1.2        1
GREATEST
 SNOW DEPTH         1   02/21                          4  02/08
 24 HR TOTAL      2.1   MM                           4.1

DEGREE_DAYS
HEATING TOTAL     734              1026    -292      868
 SINCE 7/1       4341              5273    -932     4980
COOLING TOTAL       0                 0       0        0
 SINCE 1/1          0                 0       0        0
.................................................................

WIND (MPH)
AVERAGE WIND SPEED              10.1
HIGHEST WIND SPEED/DIRECTION    36/190    DATE  02/07
HIGHEST GUST SPEED/DIRECTION    47/200    DATE  02/07

SKY COVER
POSSIBLE SUNSHINE (PERCENT)   MM
AVERAGE SKY COVER           0.30
NUMBER OF DAYS FAIR           15
NUMBER OF DAYS PC             11
NUMBER OF DAYS CLOUDY          2

AVERAGE RH (PERCENT)     64

WEATHER CONDITIONS. NUMBER OF DAYS WITH
THUNDERSTORM              0     MIXED PRECIP               0
HEAVY RAIN                0     RAIN                       0
LIGHT RAIN                7     FREEZING RAIN              0
LT FREEZING RAIN          0     HAIL                       0
HEAVY SNOW                0     SNOW                       0
LIGHT SNOW                4     SLEET                      0
FOG                       7     FOG W/VIS <= 1/4 MILE      0
HAZE                      1

-  INDICATES NEGATIVE NUMBERS.
R  INDICATES RECORD WAS SET OR TIED.
MM INDICATES DATA IS MISSING.
T  INDICATES TRACE AMOUNT.

#FINAL-02-15#                             (FOR THE ARCHIVED F6)

POCATELLO:

5TH: HIGH OF 61 TIES THE RECORD SET IN 1963.
6TH: HIGH OF 62 BREAKS PREVIOUS RECORD OF 60 SET IN 1963.
7TH: HIGH OF 61 BREAKS PREVIOUS RECORD OF 57 SET IN 1963.
8TH: HIGH OF 61 BREAKS PREVIOUS RECORD OF 57 SET IN 1963.
12TH: HIGH OF 57 BREAKS PREVIOUS RECORD OF 55 SET IN 1987.
13TH: HIGH OF 60 BREAKS PREVIOUS RECORD OF 55 SET IN 1967.
14TH: HIGH OF 56 BREAKS PREVIOUS RECORD OF 55 SET IN 1947.
21ST: SNOWFALL OF 2.1" TIES PREVIOUS RECORD SET IN 1993.

&&

$$
