634
CXUS55 KPIH 021547
CLMPIH

CLIMATE REPORT
NATIONAL WEATHER SERVICE POCATELLO ID
847 AM MST TUE FEB 2 2016

...................................

...THE POCATELLO CLIMATE SUMMARY FOR THE MONTH OF JANUARY 2016...

CLIMATE NORMAL PERIOD 1981 TO 2010
CLIMATE RECORD PERIOD 1939 TO 2016

WEATHER         OBSERVED          NORMAL  DEPART  LAST YEAR`S
                 VALUE   DATE(S)  VALUE   FROM    VALUE  DATE(S)
                                          NORMAL
................................................................
TEMPERATURE (F)
RECORD
 HIGH              60   01/31/2003
 LOW              -31   01/25/1949
HIGHEST            43   01/05        57     -14       54  01/18
LOWEST            -14   01/01       -28      14       -6  01/02
AVG. MAXIMUM     33.2              32.6     0.6     37.0
AVG. MINIMUM     18.2              16.0     2.2     23.2
MEAN             25.7              24.3     1.4     30.1
DAYS MAX >= 90      0               0.0     0.0        0
DAYS MAX <= 32     12              14.3    -2.3        9
DAYS MIN <= 32     30              29.2     0.8       28
DAYS MIN <= 0       2               3.6    -1.6        2

PRECIPITATION (INCHES)
RECORD
 MAXIMUM         3.24   1980
 MINIMUM         0.20   1945
TOTALS           1.41              0.99    0.42     0.43
DAILY AVG.       0.05              0.03    0.02     0.01
DAYS >= .01        10              11.4    -1.4        7
DAYS >= .10         6               3.6     2.4        2
DAYS >= .50         0               0.1    -0.1        0
DAYS >= 1.00        0               0.0     0.0        0
GREATEST
 24 HR. TOTAL    0.39   01/29 TO 01/29              0.15

SNOWFALL (INCHES)
RECORDS
 TOTAL           29.6   1993
TOTALS            8.7               8.8    -0.1      0.9
SINCE 7/1        27.0              26.9     0.1     12.7
SNOWDEPTH AVG.      1                 4      -3        0
DAYS >= 1.0         5               3.0     2.0        0
GREATEST
 SNOW DEPTH         3   01/29                          2  01/04
                        01/26                             01/03
                        01/25                             01/02
 24 HR TOTAL      2.3   MM                           0.6

DEGREE_DAYS
HEATING TOTAL    1213              1262     -49     1074
 SINCE 7/1       3892              4247    -355     3607
COOLING TOTAL       0                 0       0        0
 SINCE 1/1          0                 0       0        0
.................................................................

WIND (MPH)
AVERAGE WIND SPEED              7.6
HIGHEST WIND SPEED/DIRECTION    36/250    DATE  01/14
HIGHEST GUST SPEED/DIRECTION    42/230    DATE  01/20

SKY COVER
POSSIBLE SUNSHINE (PERCENT)   MM
AVERAGE SKY COVER           0.70
NUMBER OF DAYS FAIR            8
NUMBER OF DAYS PC              9
NUMBER OF DAYS CLOUDY         14

AVERAGE RH (PERCENT)     83

WEATHER CONDITIONS. NUMBER OF DAYS WITH
THUNDERSTORM              0     MIXED PRECIP               0
HEAVY RAIN                0     RAIN                       1
LIGHT RAIN                6     FREEZING RAIN              0
LT FREEZING RAIN          3     HAIL                       0
HEAVY SNOW                1     SNOW                       2
LIGHT SNOW               17     SLEET                      0
FOG                      19     FOG W/VIS <= 1/4 MILE      3
HAZE                      3

-  INDICATES NEGATIVE NUMBERS.
R  INDICATES RECORD WAS SET OR TIED.
MM INDICATES DATA IS MISSING.
T  INDICATES TRACE AMOUNT.
&&

29TH: 0.39 BREAKS OLD RECORD OF 0.28 SET IN 1967.
30TH: POWER OUTAGE 0000-0300 MST. LIQUID CORE SAMPLE FROM 8 INCH SRG
AT THE WFO USED TO AUGMENT MISSING ASOS DATA. PIH ASOS(10-7211) BACKUP
EQUIP IS LOCATED AT THE WFO 1.4 MILES SW OF THE ASOS SENSOR.

$$
