000
CXUS55 KPIH 022232
CLMPIH

CLIMATE REPORT
NATIONAL WEATHER SERVICE POCATELLO ID
432 PM MDT WED SEP 2 2015

...................................

...THE POCATELLO CLIMATE SUMMARY FOR THE MONTH OF AUGUST 2015...

CLIMATE NORMAL PERIOD 1981 TO 2010
CLIMATE RECORD PERIOD 1939 TO 2015

WEATHER         OBSERVED          NORMAL  DEPART  LAST YEAR`S
                 VALUE   DATE(S)  VALUE   FROM    VALUE  DATE(S)
                                          NORMAL
................................................................
TEMPERATURE (F)
RECORD
 HIGH             104   08/08/1990
                        08/02/1969
 LOW               30   08/25/1992
HIGHEST            98   08/02       104      -6       97  08/03
LOWEST             36   08/23        30       6       46  08/26
AVG. MAXIMUM     87.6              87.1     0.5     82.5
AVG. MINIMUM     51.3              50.7     0.6     52.4
MEAN             69.5              68.9     0.6     67.5
DAYS MAX >= 90     13              11.9     1.1        8
DAYS MAX <= 32      0               0.0     0.0        0
DAYS MIN <= 32      0               0.1    -0.1        0
DAYS MIN <= 0       0               0.0     0.0        0

PRECIPITATION (INCHES)
RECORD
 MAXIMUM         3.98   1968
 MINIMUM         0.00   2002
                        1998
                        1958
TOTALS           0.63              0.61    0.02     2.18
DAILY AVG.       0.02              0.02    0.00     0.07
DAYS >= .01         6               4.5     1.5       14
DAYS >= .10         3               1.9     1.1        8
DAYS >= .50         0               0.4    -0.4        0
DAYS >= 1.00        0               0.0     0.0        0
GREATEST
 24 HR. TOTAL    0.37   08/07 TO 08/08              0.41

SNOWFALL (INCHES)
RECORDS
 TOTAL            0.0   2010
                        2009
                        2008
TOTALS            0.0               0.0     0.0      0.0
SINCE 7/1         0.0               0.0     0.0      0.0
SNOWDEPTH AVG.      0                MM      MM        0
DAYS >= 1.0         0               0.0     0.0        0
GREATEST
 SNOW DEPTH         0   MM                             0  MM
 24 HR TOTAL      0.0   08/31 TO 08/31               0.0

DEGREE_DAYS
HEATING TOTAL      16                26     -10       33
 SINCE 7/1         39                46      -7       35
COOLING TOTAL     161               147      14      119
 SINCE 1/1        461               370      91      386
.................................................................

WIND (MPH)
AVERAGE WIND SPEED              7.8
HIGHEST WIND SPEED/DIRECTION    44/230    DATE  08/04
HIGHEST GUST SPEED/DIRECTION    56/210    DATE  08/14

SKY COVER
POSSIBLE SUNSHINE (PERCENT)   MM
AVERAGE SKY COVER           0.20
NUMBER OF DAYS FAIR           26
NUMBER OF DAYS PC              5
NUMBER OF DAYS CLOUDY          0

AVERAGE RH (PERCENT)     48

WEATHER CONDITIONS. NUMBER OF DAYS WITH
THUNDERSTORM              7     MIXED PRECIP               0
HEAVY RAIN                0     RAIN                       1
LIGHT RAIN                9     FREEZING RAIN              0
LT FREEZING RAIN          0     HAIL                       0
HEAVY SNOW                0     SNOW                       0
LIGHT SNOW                0     SLEET                      0
FOG                       0     FOG W/VIS <= 1/4 MILE      0
HAZE                      9

-  INDICATES NEGATIVE NUMBERS.
R  INDICATES RECORD WAS SET OR TIED.
MM INDICATES DATA IS MISSING.
T  INDICATES TRACE AMOUNT.

23RD: LOW TEMPERATURE OF 36 TIES THE OLD RECORD OF 36 SET
IN 1988.
29TH: HIGH TEMPERATURE OF 97 TIES PREVIOUS SET IN 1990.

&&

$$
