000
CXUS55 KPIH 012155
CLMPIH

CLIMATE REPORT
NATIONAL WEATHER SERVICE POCATELLO ID
351 PM MDT SUN MAY 1 2016

...................................

...THE POCATELLO CLIMATE SUMMARY FOR THE MONTH OF APRIL 2016...

CLIMATE NORMAL PERIOD 1981 TO 2010
CLIMATE RECORD PERIOD 1939 TO 2016

WEATHER         OBSERVED          NORMAL  DEPART  LAST YEAR`S
                 VALUE   DATE(S)  VALUE   FROM    VALUE  DATE(S)
                                          NORMAL
................................................................
TEMPERATURE (F)
RECORD
 HIGH              86   04/23/2012
                        04/21/1994
                        04/29/1992
 LOW               12   04/03/1945
HIGHEST            79   04/21        86      -7       78  04/29
LOWEST             27   04/16        13      14       17  04/03
                        04/01
AVG. MAXIMUM     63.2              58.3     4.9     61.0
AVG. MINIMUM     35.4              32.9     2.5     31.7
MEAN             49.3              45.6     3.7     46.3
DAYS MAX >= 90      0               0.0     0.0        0
DAYS MAX <= 32      0               0.0     0.0        0
DAYS MIN <= 32     11              12.9    -1.9       19
DAYS MIN <= 0       0               0.0     0.0        0

PRECIPITATION (INCHES)
RECORD
 MAXIMUM         3.30   1963
 MINIMUM         0.06   1977
TOTALS           1.25              1.15    0.10     0.41
DAILY AVG.       0.04              0.04    0.00     0.01
DAYS >= .01        10               9.0     1.0        7
DAYS >= .10         5               4.1     0.9        2
DAYS >= .50         0               0.2    -0.2        0
DAYS >= 1.00        0               0.0     0.0        0
GREATEST
 24 HR. TOTAL    0.36   04/14 TO 04/14              0.20

SNOWFALL (INCHES)
RECORDS
 TOTAL           15.5   1976
TOTALS              T               3.2    -3.2      2.9
SINCE 7/1        33.5              42.6    -9.1     20.3
SNOWDEPTH AVG.      0                MM      MM        0
DAYS >= 1.0         0               1.0    -1.0        2
GREATEST
 SNOW DEPTH         0   MM                             2  04/15
 24 HR TOTAL        T   04/15 TO 04/15               1.9

DEGREE_DAYS
HEATING TOTAL     461               582    -121      553
 SINCE 7/1       6015              6694    -679     5531
COOLING TOTAL       0                 0       0        0
 SINCE 1/1          0                 0       0        0
.................................................................

WIND (MPH)
AVERAGE WIND SPEED              10.2
HIGHEST WIND SPEED/DIRECTION    33/230    DATE  04/14
HIGHEST GUST SPEED/DIRECTION    46/220    DATE  04/14

SKY COVER
POSSIBLE SUNSHINE (PERCENT)   MM
AVERAGE SKY COVER           0.40
NUMBER OF DAYS FAIR           17
NUMBER OF DAYS PC              9
NUMBER OF DAYS CLOUDY          4

AVERAGE RH (PERCENT)     59

WEATHER CONDITIONS. NUMBER OF DAYS WITH
THUNDERSTORM              6     MIXED PRECIP               0
HEAVY RAIN                0     RAIN                       1
LIGHT RAIN               10     FREEZING RAIN              0
LT FREEZING RAIN          0     HAIL                       0
HEAVY SNOW                0     SNOW                       0
LIGHT SNOW                1     SLEET                      0
FOG                       5     FOG W/VIS <= 1/4 MILE      0
HAZE                      0

-  INDICATES NEGATIVE NUMBERS.
R  INDICATES RECORD WAS SET OR TIED.
MM INDICATES DATA IS MISSING.
T  INDICATES TRACE AMOUNT.
&&
14TH: RAINFALL OF 0.36 BREAKS PREVIOUS RECORD OF 0.24 SET IN 1952.

$$
