000
CXUS55 KPIH 011626
CLMPIH

CLIMATE REPORT
NATIONAL WEATHER SERVICE POCATELLO ID
915 AM MST WED MAR 1 2017

...................................

...THE POCATELLO CLIMATE SUMMARY FOR THE MONTH OF FEBRUARY 2017...

CLIMATE NORMAL PERIOD 1981 TO 2010
CLIMATE RECORD PERIOD 1939 TO 2017

WEATHER         OBSERVED          NORMAL  DEPART  LAST YEAR`S
                 VALUE   DATE(S)  VALUE   FROM    VALUE  DATE(S)
                                          NORMAL
................................................................
TEMPERATURE (F)
RECORD
 HIGH              64   02/28/1992
 LOW              -31   02/04/1985
HIGHEST            56   02/16        65      -9       59  02/26
LOWEST              2   02/25       -33      35        4  02/03
AVG. MAXIMUM     39.9              37.5     2.4     41.8
AVG. MINIMUM     24.2              19.2     5.0     22.1
MEAN             32.0              28.4     3.6     31.9
DAYS MAX >= 90      0               0.0     0.0        0
DAYS MAX <= 32      7               7.9    -0.9        6
DAYS MIN <= 32     20              25.1    -5.1       26
DAYS MIN <= 0       0               1.9    -1.9        0

PRECIPITATION (INCHES)
RECORD
 MAXIMUM         2.63   1986
 MINIMUM         0.12   1970
TOTALS           3.10R             0.97    2.13     0.20
DAILY AVG.       0.11              0.03    0.08     0.01
DAYS >= .01        15               9.8     5.2        3
DAYS >= .10        10               3.1     6.9        1
DAYS >= .50         2               0.2     1.8        0
DAYS >= 1.00        0               0.0     0.0        0
GREATEST
 24 HR. TOTAL    0.73   02/07 TO 02/07              0.15

SNOWFALL (INCHES)
RECORDS
 TOTAL           30.5   2004
TOTALS           20.2               7.1    13.1      1.2
SINCE 7/1        83.5              34.0    49.5     28.2
SNOWDEPTH AVG.      3                 3       0        0
DAYS >= 1.0         4               2.2     1.8        0
GREATEST
 SNOW DEPTH        11   02/01                          1  02/08
                                                          02/07
                                                          02/06
 24 HR TOTAL      7.6   02/23 TO 02/23               0.6

DEGREE_DAYS
HEATING TOTAL     916              1026    -110      950
 SINCE 7/1       5249              5273     -24     4842
COOLING TOTAL       0                 0       0        0
 SINCE 1/1          0                 0       0        0
.................................................................

WIND (MPH)
AVERAGE WIND SPEED              11.6
HIGHEST WIND SPEED/DIRECTION    59/240    DATE  02/06
HIGHEST GUST SPEED/DIRECTION    71/240    DATE  02/06

SKY COVER
POSSIBLE SUNSHINE (PERCENT)   MM
AVERAGE SKY COVER           0.60
NUMBER OF DAYS FAIR            7
NUMBER OF DAYS PC              8
NUMBER OF DAYS CLOUDY         13

AVERAGE RH (PERCENT)     76

WEATHER CONDITIONS. NUMBER OF DAYS WITH
THUNDERSTORM              4     MIXED PRECIP               0
HEAVY RAIN                1     RAIN                       1
LIGHT RAIN               14     FREEZING RAIN              0
LT FREEZING RAIN          0     HAIL                       1
HEAVY SNOW                1     SNOW                       4
LIGHT SNOW               11     SLEET                      0
FOG                      20     FOG W/VIS <= 1/4 MILE      4
HAZE                      4

-  INDICATES NEGATIVE NUMBERS.
R  INDICATES RECORD WAS SET OR TIED.
MM INDICATES DATA IS MISSING.
T  INDICATES TRACE AMOUNT.

&&

7TH: RAINFALL OF 0.73" BROKE PREVIOUS RECORD OF 0.57 SET IN 2004.
16TH: HIGH OF 56 TIES THE PREVIOUS RECORD SET IN 2016.
23RD: RAINFALL OF 0.50" BROKE PREVIOUS RECORD OF 0.27 SET IN 1941.
23RD: SNOWFALL OF 7.6" BROKE PREVIOUS RECORD OF 2.9 SET IN 1972.
MONTHLY PRECIPITATION OF 3.10" BROKE PREVIOUS RECORD OF 2.63"
INCHES SET IN 1986.

$$
