000
CXUS53 KABR 011617
CLMPIR


CLIMATE REPORT
NATIONAL WEATHER SERVICE ABERDEEN SD
1003 AM CST THU DEC 1 2016

...................................

...THE PIERRE SD CLIMATE SUMMARY FOR THE MONTH OF NOVEMBER 2016...

CLIMATE NORMAL PERIOD 1981 TO 2010
CLIMATE RECORD PERIOD 1892 TO 2016

WEATHER         OBSERVED          NORMAL  DEPART  LAST YEAR`S
                 VALUE   DATE(S)  VALUE   FROM    VALUE  DATE(S)
                                          NORMAL
................................................................
TEMPERATURE (F)
RECORD
 HIGH              87   11/08/1999
 LOW              -18   11/14/1959
HIGHEST            80   11/05        MM      MM       69  11/15
LOWEST             15   11/19        MM      MM        4  11/27
AVG. MAXIMUM     54.4              44.1    10.3     48.9
AVG. MINIMUM     30.6              23.3     7.3     25.1
MEAN             42.5              33.7     8.8     37.0
DAYS MAX >= 90      0               0.0     0.0        0
DAYS MAX <= 32      3               6.2    -3.2        3
DAYS MIN <= 32     19              24.5    -5.5       24
DAYS MIN <= 0       0               0.7    -0.7        0

PRECIPITATION (INCHES)
RECORD
 MAXIMUM         2.68   1922
 MINIMUM            T   1967
                        1945
                        1939
TOTALS           1.54              0.76    0.78     0.97
DAYS >= .01         5               5.9    -0.9        5
DAYS >= .10         4               2.3     1.7        2
DAYS >= .50         1               0.3     0.7        0
DAYS >= 1.00        0               0.0     0.0        0

SNOWFALL (INCHES)
RECORDS
 TOTAL           28.9   1985

 SNOW DEPTH        17   11/30/1985
TOTALS           10.1               5.3     4.8      5.1
SINCE 7/1        10.1               6.3     3.8      5.1
SNOWDEPTH AVG.      0                MM      MM        0
DAYS >= TRACE       6               4.4     1.6        5
DAYS >= 1.0         2               1.9     0.1        1
GREATEST
 SNOW DEPTH         9   11/30

DEGREE_DAYS
HEATING TOTAL     666               939    -273      834
 SINCE 7/1       1137              1620    -483     1297
COOLING TOTAL       0                 0       0        0
 SINCE 1/1        961               868      93      839

FREEZE DATES
RECORD
 EARLIEST     MM
 LATEST       MM
EARLIEST                        MM
LATEST                          MM
.................................................................

WIND (MPH)
AVERAGE WIND SPEED              11.7
RESULTANT WIND SPEED/DIRECTION   3/315
HIGHEST WIND SPEED/DIRECTION    43/320    DATE  11/29
HIGHEST GUST SPEED/DIRECTION    52/320    DATE  11/29

SKY COVER
POSSIBLE SUNSHINE (PERCENT)   MM
AVERAGE SKY COVER           0.30
NUMBER OF DAYS FAIR           20
NUMBER OF DAYS PC              4
NUMBER OF DAYS CLOUDY          6

AVERAGE RH (PERCENT)     68

WEATHER CONDITIONS. NUMBER OF DAYS WITH
THUNDERSTORM              0     MIXED PRECIP               0
HEAVY RAIN                0     RAIN                       1
LIGHT RAIN                3     FREEZING RAIN              0
LT FREEZING RAIN          0     HAIL                       0
HEAVY SNOW                0     SNOW                       1
LIGHT SNOW                6     SLEET                      0
FOG                      10     FOG W/VIS <= 1/4 MILE      3
HAZE                      1

-  INDICATES NEGATIVE NUMBERS.
R  INDICATES RECORD WAS SET OR TIED.
MM INDICATES DATA IS MISSING.
T  INDICATES TRACE AMOUNT.

$$
