000
CXUS53 KABR 011258
CLMPIR


CLIMATE REPORT
NATIONAL WEATHER SERVICE ABERDEEN SD
740 AM CDT SAT AUG 1 2015

...................................

...THE PIERRE SD CLIMATE SUMMARY FOR THE MONTH OF JULY 2015...

CLIMATE NORMAL PERIOD 1981 TO 2010
CLIMATE RECORD PERIOD 1892 TO 2015

WEATHER         OBSERVED          NORMAL  DEPART  LAST YEAR`S
                 VALUE   DATE(S)  VALUE   FROM    VALUE  DATE(S)
                                          NORMAL
................................................................
TEMPERATURE (F)
RECORD
 HIGH             117   07/15/2006
                        07/15/2006
                        07/06/1936
 LOW               42   07/30/1971
                        07/01/1959
HIGHEST            98   07/23        MM      MM      104  07/21
LOWEST             51   07/07        MM      MM       46  07/15
AVG. MAXIMUM     87.6              88.8    -1.2     85.0
AVG. MINIMUM     60.6              61.9    -1.3     58.2
MEAN             74.1              75.4    -1.3     71.6
DAYS MAX >= 90     14              13.8     0.2        7
DAYS MAX <= 32      0               0.0     0.0        0
DAYS MIN <= 32      0               0.0     0.0        0
DAYS MIN <= 0       0               0.0     0.0        0

PRECIPITATION (INCHES)
RECORD
 MAXIMUM         6.43   1997
 MINIMUM         0.10   1936
TOTALS           2.15              2.61   -0.46     0.87
DAYS >= .01         7               9.2    -2.2        7
DAYS >= .10         4               5.0    -1.0        2
DAYS >= .50         2               1.6     0.4        0
DAYS >= 1.00        0               0.5    -0.5        0

SNOWFALL (INCHES)
RECORDS
 TOTAL             MM   MM
 SNOW DEPTH        MM   MM
TOTALS            0.0               0.0     0.0      0.0
SINCE 7/1         0.0               0.0     0.0      0.0
SNOWDEPTH AVG.      0                MM      MM        0
DAYS >= TRACE       0               0.0     0.0        0
DAYS >= 1.0         0               0.0     0.0        0
GREATEST
 SNOW DEPTH         0   MM                             0  MM

DEGREE_DAYS
HEATING TOTAL       2                 6      -4       19
 SINCE 7/1          2                 6      -4       19
COOLING TOTAL     294               327     -33      230
 SINCE 1/1        443               493     -50      337

FREEZE DATES
RECORD
 EARLIEST     MM
 LATEST       MM
EARLIEST                        MM
LATEST                          MM
.................................................................

WIND (MPH)
AVERAGE WIND SPEED              10.0
RESULTANT WIND SPEED/DIRECTION   1/162
HIGHEST WIND SPEED/DIRECTION    39/300    DATE  07/27
HIGHEST GUST SPEED/DIRECTION    47/300    DATE  07/27

SKY COVER
POSSIBLE SUNSHINE (PERCENT)   MM
AVERAGE SKY COVER           0.10
NUMBER OF DAYS FAIR           28
NUMBER OF DAYS PC              3
NUMBER OF DAYS CLOUDY          0

AVERAGE RH (PERCENT)     65

WEATHER CONDITIONS. NUMBER OF DAYS WITH
THUNDERSTORM              0     MIXED PRECIP               0
HEAVY RAIN                4     RAIN                       2
LIGHT RAIN               12     FREEZING RAIN              0
LT FREEZING RAIN          0     HAIL                       0
HEAVY SNOW                0     SNOW                       0
LIGHT SNOW                0     SLEET                      0
FOG                      11     FOG W/VIS <= 1/4 MILE      2
HAZE                      4

-  INDICATES NEGATIVE NUMBERS.
R  INDICATES RECORD WAS SET OR TIED.
MM INDICATES DATA IS MISSING.
T  INDICATES TRACE AMOUNT.

$$
